{"text_format":"1","workbook":"xlsx","n_sheets":18,"sheets":["employees_inf","employees_formal","sales_informal","sales_formal","Table 1","Table 2","Table 3","ONLINE APPENDIX -- Tables","Value added and employment","Costs and Benefits Registering","Regression for Figure 5","ONLINE APPENDIX -- Data","Data Table 1","Data Table 3","Data Figures 1 -3","Data Figure 4","Data Figure 5","Data Figure 6"],"not_rendered":{"charts":0,"images":0,"macros":0,"external_links":0,"defined_names":34,"comments":0,"pivot_tables":0},"unopened":[],"bounds":{"document_bytes":16777216,"sheet_cells":100000,"rows_first":2000,"rows_last":500,"rows_between":2000,"halvings":0,"cell_chars":16384,"cell_head_chars":4096},"cells_cut":0,"cells_raw":0,"read":"whole","date_system":"1900"}

{"sheet":"employees_inf","index":0,"n_rows":32,"n_cols":4,"rows_kept":32,"cut":false,"hidden":true,"merged":[]}
["country","year","mgr_college","employees"]
["Afghanistan",2009,null,9.5957446808510642]
["Angola",2010,null,9.2183908045977017]
["Argentina",2010,null,1.5825242718446602]
["Bangladesh",2003,4.5685280114412308E-2,5.2385786802030454]
["Botswana",2010,null,2.6947368421052631]
["Brazil",2003,0.127976194024086,2.4215116279069768]
["Burkina Faso",2009,3.6036036908626556E-2,1.2252252252252251]
["Cambodia",2003,1.8604651093482971E-2,5.6186046511627907]
["Cameroon",2009,0.104347825050354,1.6280991735537189]
["Cape Verde",2006,8.9108914136886597E-2,2.233009708737864]
["Cape Verde",2009,3.8961037993431091E-2,0.91463414634146345]
["Congo, Dem. Rep.",2010,null,3.8611111111111112]
["Egypt, Arab Rep.",2008,3.3689839765429497E-3,4.1229946524064172]
["Guatemala",2003,7.7519379556179047E-2,3.7357512953367875]
["Guatemala",2010,null,1.46875]
["India",2002,0,4.6948775055679288]
["Indonesia",2003,0,3.7862318840579712]
["Kenya",2003,5.5248618125915527E-2,3.5081081081081082]
["Mali",2010,null,4.4597701149425291]
["Nepal",2009,0.20000000298023224,6]
["Niger",2005,4.6875E-2,4.5188679245283021]
["Pakistan",2003,6.1320755630731583E-2,4.103286384976526]
["Peru",2010,null,2.2903225806451615]
["Rwanda",2011,null,2.3608247422680413]
["Senegal",2003,0.15979380905628204,5.3195876288659791]
["Tanzania",2003,1.3029315508902073E-2,3.4448051948051948]
["Uganda",2003,0.19230769574642181,4.5789473684210522]
[]
[]
[]
["E:\\Documents\\Dropbox\\InformalEconomy\\Informality_2013\\Enterprise surveys\\DoFiles\\All05222014_jan.do"]

{"sheet":"employees_formal","index":1,"n_rows":32,"n_cols":4,"rows_kept":32,"cut":false,"hidden":true,"merged":[]}
["country","year","mgr_college","employees"]
["Afghanistan",2009,null,32.146626499229541]
["Angola",2010,1,38.238244481221258]
["Argentina",2010,null,237.63443997185146]
["Bangladesh",2003,0.71161049604415894,297.68808290155442]
["Botswana",2010,1,78.507342071785274]
["Brazil",2003,0.65146356821060181,116.94798732274563]
["Burkina Faso",2009,1,88.911764786023056]
["Cambodia",2003,0.34362933039665222,100.5616150926439]
["Cameroon",2009,1,106.09862035124965]
["Cape Verde",2006,0.32608696818351746,18.34587812936434]
["Cape Verde",2009,1,57.729927062988281]
["Congo, Dem. Rep.",2010,1,69.777316730546758]
["Egypt, Arab Rep.",2008,null,239.45357142857142]
["Guatemala",2003,0.74005305767059326,113.91445635863893]
["Guatemala",2010,null,154.34433985768624]
["India",2002,0.8928571343421936,97.583333333333329]
["Indonesia",2003,0.63849765062332153,587.16250000000002]
["Kenya",2003,0.70967739820480347,148.6258064516129]
["Mali",2010,1,34.122395836881232]
["Nepal",2009,null,41.63356809347448]
["Niger",2005,0.5116279125213623,42.018867600638913]
["Pakistan",2003,0.86792451143264771,194.45283018867926]
["Peru",2010,null,205.58481163724827]
["Rwanda",2011,1,73.086469268286095]
["Senegal",2003,0.48469388484954834,91.300848441666332]
["Tanzania",2003,0.64367818832397461,82.556026330101957]
["Uganda",2003,0.34196892380714417,71.383419689119165]
[]
[]
[]
["E:\\Documents\\Dropbox\\InformalEconomy\\Informality_2013\\Enterprise surveys\\DoFiles\\All05222014_jan.do"]

{"sheet":"sales_informal","index":2,"n_rows":32,"n_cols":4,"rows_kept":32,"cut":false,"hidden":true,"merged":[]}
["country","year","va","sl"]
["Afghanistan",2009,37417.46484375,56870.99609375]
["Angola",2010,9905.80078125,15451.330078125]
["Argentina",2010,1937.626708984375,2502.443115234375]
["Bangladesh",2003,1584.25146484375,4101.22705078125]
["Botswana",2010,4230.01416015625,5576.23974609375]
["Brazil",2003,7901.8681640625,13373.4599609375]
["Burkina Faso",2009,19031.732421875,51907.58203125]
["Cambodia",2003,2415.090576171875,4131.82421875]
["Cameroon",2009,12776.595703125,17458.287109375]
["Cape Verde",2006,6247.1796875,9266.1552734375]
["Cape Verde",2009,36097.64453125,47085.328125]
["Congo, Dem. Rep.",2010,3753.49267578125,5532.4814453125]
["Egypt, Arab Rep.",2008,2947.053466796875,4841.44482421875]
["Guatemala",2003,1924.60107421875,4143.44482421875]
["Guatemala",2010,2675.93505859375,3334.51513671875]
["India",2002,3118.3955078125,6334.87646484375]
["Indonesia",2003,2768.63330078125,5449.3876953125]
["Kenya",2003,3687.610107421875,6505.025390625]
["Mali",2010,4095.55322265625,5875.708984375]
["Nepal",2009,4769.0888671875,10344.876953125]
["Niger",2005,12624.357421875,13811.6494140625]
["Pakistan",2003,2381.677001953125,3683.391845703125]
["Peru",2010,5135.36767578125,7460.57763671875]
["Rwanda",2011,1290.1427001953125,4340.630859375]
["Senegal",2003,3604.744140625,6246.33642578125]
["Tanzania",2003,1521.7054443359375,2655.957275390625]
["Uganda",2003,3547.262939453125,6524.572265625]
[]
[]
[]
["E:\\Documents\\Dropbox\\InformalEconomy\\Informality_2013\\Enterprise surveys\\DoFiles\\All05222014_jan.do"]

{"sheet":"sales_formal","index":3,"n_rows":32,"n_cols":5,"rows_kept":32,"cut":false,"hidden":true,"merged":[]}
["country","year","va","sl","lc"]
["Afghanistan",2009,70515.7265625,100914.5859375,26419.962890625]
["Angola",2010,105458.203125,127400.90625,8185.15234375]
["Argentina",2010,43823.1015625,100241.1171875,23895.517578125]
["Bangladesh",2003,8530.8662109375,31860.330078125,4068.02001953125]
["Botswana",2010,30050.69921875,78107.9296875,14430.228515625]
["Brazil",2003,27568.14453125,71770.03125,17825.99609375]
["Burkina Faso",2009,121129.2578125,148168.578125,17276.28125]
["Cambodia",2003,8620.3740234375,19079.677734375,3654.962158203125]
["Cameroon",2009,38173.40625,114598.6171875,27958.36328125]
["Cape Verde",2006,9191.9462890625,20964.521484375,4859.1044921875]
["Cape Verde",2009,51546.1953125,71186.78125,8062.7099609375]
["Congo, Dem. Rep.",2010,344411.75,1696349.5,132329]
["Egypt, Arab Rep.",2008,25514.693359375,108042.0625]
["Guatemala",2003,13085.2470703125,34099.8671875,10717.064453125]
["Guatemala",2010,39346.76953125,90083.1328125,19157.26171875]
["India",2002,17569.01171875,55479.73046875,6914.33544921875]
["Indonesia",2003,17834.126953125,96833.1328125,24030.123046875]
["Kenya",2003,35844.55859375,149936.015625,18244.408203125]
["Mali",2010,21846.849609375,31438.279296875,3552.83837890625]
["Nepal",2009,18299.419921875,60284.98828125,13232.5751953125]
["Niger",2005,322051.125,383862.0625,32268.73828125]
["Pakistan",2003,33029.01953125,84938.6796875,12317.6845703125]
["Peru",2010,41633.05859375,115926.0546875,19550.9765625]
["Rwanda",2011,46876,78503.671875,13922.6240234375]
["Senegal",2003,26043.349609375,79389.4296875,11064.0537109375]
["Tanzania",2003,20682.337890625,52746.6015625,7950.01220703125]
["Uganda",2003,23334.47265625,65494.94140625,14590.11328125]
[]
[]
[]
["E:\\Documents\\Dropbox\\InformalEconomy\\Informality_2013\\Enterprise surveys\\DoFiles\\All05222014_jan.do"]

{"sheet":"Table 1","index":4,"n_rows":217,"n_cols":9,"rows_kept":217,"cut":false,"hidden":true,"merged":[[192,0,193,0],[188,0,188,8],[189,0,189,8],[0,2,0,6],[191,2,191,6],[192,4,193,4],[192,1,193,1],[192,5,193,5]]}
[null,null,"Measure of Informality"]
["country","gdp_pc_ppp","inf_wef","tax_evasion","self_emp_pct","non_agric_self","inf_elec","inf_schneider","register_pop"]
["Tanzania",573.72726999999998,35,38.981349999999999,8.4,".",".",59.04,1.537585]
["Malawi",599.18182000000002,36,30.741800000000001,84.6,".",".",41.64,0.41736600000000001]
["Sierra Leone",623.90908999999999,".",".",".",".",".",43.36,"."]
["Congo, Dem. Rep.",666.09091000000001,".",37.637169999999998,".",52,".",49.54,"."]
["Burundi",668.90908999999999,34,15.668519999999999,".",36,".",38.46,"."]
["Niger",721.63635999999997,".",13.09259,".",".",".",43.32,"."]
["Madagascar",840.27273000000002,40,5.9391639999999999,43.7,".",".",40.94,0.97819979999999995]
["Yemen, Rep.",851.09091000000001,".",".",58,41,".",28.08,1.0112019999999999]
["Guinea-Bissau",858.45455000000004,".",28.792079999999999,".",48,".",".","."]
["Mali",860.45455000000004,38,22.778479999999998,71.400000000000006,84,".",43.62,"."]
["Zambia",861.63635999999997,45,16.136990000000001,59.7,18,".",49.78,5.676355]
["Ethiopia",883.81817999999998,34,".",41.5,68,".",41.7,"."]
["Nigeria",914.72726999999998,36,".",".",".",76,59,"."]
["Mozambique",929.81817999999998,38,".",".",47,".",42.08,"."]
["Tajikistan",965.18182000000002,29,27.685890000000001,".",".",".",".","."]
["Benin",1005.4545000000001,42,15.87013,".",89,".",48.74,"."]
["Rwanda",1025.7273,".",18.914290000000001,".",".",".",41.58,"."]
["Chad",1033.0908999999999,41,".",65.599999999999994,72,".",47.5,"."]
["Burkina Faso",1062.9091000000001,36,22.34646,26.3,70,".",42.84,"."]
["Kenya",1094.8181999999999,33,14.525510000000001,".",61,".",35.119999999999997,3.268799]
["West Bank and Gaza",1100,".",".",30.7,".",".",".","."]
["West Bank and Gaza",1100,".",".",30.7,".",".",".","."]
["Congo, Rep.",1113.5454999999999,".",".",".",39,".",49.8,8.9646659999999994]
["Eritrea",1126.5454999999999,".",15.13461,".",".",".",".","."]
["Central African Republic",1179.8181999999999,".",".",".",58,".",45.8,"."]
["Gambia, The",1213.5083,31,67.434910000000002,".",52,".",".","."]
["Uganda",1224.7273,38,34.522019999999998,59.4,".",".",44.76,3.091942]
["Nepal",1361.5454999999999,36,".",".",59,".",39.68,"."]
["Togo",1405.7273,".",".",".",68,".",38.94,"."]
["Senegal",1505.5454999999999,".",80.33569,55.4,".",".",47.08,9.0892500000000001E-2]
["Côte d'Ivoire",1600.7273,".",".",".",".",".",44.56,"."]
["Haiti",1601.7273,".",".",".",65,".",58,3.7549199999999998E-2]
["Kyrgyz Republic",1602.1818000000001,42,21.022110000000001,36.700000000000003,".",".",40.659999999999997,"."]
["Uzbekistan",1639.4545000000001,".",5.221241,".",".",8.4,35.74,"."]
["Bangladesh",1664.8181999999999,34,".",65.099999999999994,75,".",37.22,0.39402150000000002]
["Moldova",1674.5454999999999,17,19.997129999999999,35.9,".",32.4,48.08,13.867000000000001]
["Lao PDR",1677.4545000000001,".",".",56.9,".",".",32.6,"."]
["Mongolia",1690,34,37.362499999999997,35.6,".",".",20.04,"."]
["Angola",1702.3635999999999,38,50.877110000000002,".",".",".",44.56,"."]
["Marshall Islands",1820.3690999999999,".",".",".",".",".",28.66,"."]
["Cambodia",1962.4545000000001,34,52.637639999999998,41.2,49,".",51.78,"."]
["Cameroon",1978.7273,37,12.40625,59.3,".",".",33.880000000000003,"."]
["Djibouti",1979.7273,".",".",17.7,".",".",".","."]
["Mauritania",1992,32,46.991230000000002,".",".",".",37.1,"."]
["Pakistan",2001,30,".",38,43,".",38.42,0.27445269999999999]
["Solomon Islands",2032.3635999999999,".",".",".",".",".",34.36,"."]
["Ghana",2062.3636000000001,".",".",".",67,".",43.04,4.5514869999999998]
["Guinea",2062.5455000000002,".",64.254930000000002,".",72,".",40.880000000000003,"."]
["Vietnam",2302.8182000000002,27,9.1298480000000009,41.7,".",".",16.68,"."]
["Georgia",2388.2727,32,22.793399999999998,36.799999999999997,".",53.1,67.319999999999993,11.09441]
["Zimbabwe",2409.1817999999998,41,".",50.4,".",".",62.42,"."]
["Papua New Guinea",2411.2727,".",".",".",".",".",37.46,"."]
["Bolivia",2491.2727,43,20.230910000000002,44.4,68,".",67.739999999999995,2.5053730000000001]
["Montenegro",2500,".",28.121949999999998,".",".",".",".","."]
["Timor-Leste",2500,29,".",".",".",".",".","."]
["India",2637.9090999999999,27,27.704989999999999,".",37,".",24.78,0.6098422]
["Lesotho",2856.1817999999998,33,15.873749999999999,60.3,".",".",32.42,"."]
["Honduras",3025.1817999999998,38,23.464179999999999,39.200000000000003,52,".",50.42,"."]
["Vanuatu",3107,".",".",".",".",".",31.7,"."]
["Armenia",3184.5455000000002,32,6.0916389999999998,17.2,".",".",47.84,38.411160000000002]
["Azerbaijan",3221.1817999999998,33,13.614129999999999,".",".",47.2,60.64,"."]
["Indonesia",3242.5455000000002,38,27.298349999999999,44.7,51,".",22.34,1.1068169999999999]
["Nicaragua",3267.1817999999998,35,37.481380000000001,40.700000000000003,".",".",47.44,"."]
["Syrian Arab Republic",3399.2727,".",49.604030000000002,34.299999999999997,29,".",20.84,0.1230289]
["Ecuador",3626.6363999999999,35,23.53912,34.299999999999997,49,".",35.5,"."]
["Egypt",3674.8182000000002,31,17.032050000000002,29.5,25,68,35.94,5.0454359999999996]
["Sri Lanka",3710.4544999999998,31,7.718121,32.299999999999997,17,40,46.96,2.6794009999999999]
["Cape Verde",3754.1158999999998,".",11.647729999999999,".",".",".",".","."]
["Jamaica",3816.2727,38,13.27069,36.200000000000003,".",".",38.14,"."]
["Morocco",3914.7273,33,3.9987750000000002,30.9,40,39,37.08,4.6222089999999998]
["Albania",4045.7273,22,21.957899999999999,".",".",".",34.520000000000003,4.6019079999999999]
["Bhutan",4113.7272999999996,".",".",".",".",".",31.48,"."]
["Guyana",4114.6364000000003,38,26.61157,39.5,".",".",".","."]
["Guatemala",4123.3635999999997,39,24.60153,37.9,45,61,51.44,5.3857869999999997]
["Maldives",4188.0509000000002,".",".",58.7,".",".",31.24,"."]
["Philippines",4294.9090999999999,32,23.248940000000001,37,34,50,44.58,"."]
["Paraguay",4458.9090999999999,41,19.052060000000001,44.9,".",27,30.7,"."]
["Cuba",4500,".",".",20.2,1,".",".","."]
["Jordan",4562.2727000000004,23,".",".",24,".",20.62,17.65719]
["Kiribati",4593.9090999999999,".",".",".",".",".",34.64,"."]
["Lebanon",4687.5455000000002,".",34.263739999999999,".",34,".",35.9,15.26144]
["China",4687.8181999999997,28,40.97363,".",15,".",15.16,"."]
["El Salvador",4731.5455000000002,32,20.914709999999999,32.4,47,".",47.4,6.1950960000000004]
["Ukraine",4959.3635999999997,35,11.911820000000001,17.7,".",38.65,54.14,9.2657910000000001]
["Swaziland",4983.9920000000002,".",57.905819999999999,21.1,".",".",".","."]
["Samoa",5026.8181999999997,".",".",".",".",".",32.68,"."]
["Peru",5093.2727000000004,39,17.79045,37.1,".",44,59.68,19.018899999999999]
["Fiji",5284,".",".",".",".",".",34.28,"."]
["Kazakhstan",5427.3635999999997,35,12.365170000000001,36.6,".",28.25,44.5,1.9343680000000001]
["St. Vincent and the Grenadines",5492.9090999999999,".",".",23.5,".",".",".","."]
["Belarus",5581.2727000000004,".",7.2448639999999997,".",".",16.649999999999999,49.82,"."]
["Dominica",5730.2727000000004,".",".",29.4,".",".",".","."]
["Algeria",5780.7272999999996,36,26.807449999999999,27.8,28,".",34.68,2.686401]
["Palau",5902.4321,".",".",".",".",".",29.04,"."]
["Belize",5906,".",".",26.7,".",".",".","."]
["Venezuela",5953.0909000000001,41,".",43.4,44,30,35.380000000000003,"."]
["St. Lucia",5979.9090999999999,".",".",33.200000000000003,".",".",".","."]
["Bosnia and Herzegovina",6040.9862999999996,35,20.807690000000001,".",".",".",35.54,7.931978]
["Macedonia, FYR",6108.5455000000002,31,27.190750000000001,17.7,".",".",35.840000000000003,71.671539999999993]
["Suriname",6246.5455000000002,33,".",16.3,".",".",".","."]
["Gabon",6262.0909000000001,".",".",45.4,".",".",".","."]
["Namibia",6348,29,25.419250000000002,16,".",".",32.56,"."]
["Panama",6357.6364000000003,28,37.009140000000002,31.3,30,40,64.16,"."]
["Colombia",6433,30,17.066310000000001,44.4,49,25,41.9,0.42175760000000001]
["Iran, Islamic Rep.",6434.2727000000004,".",".",39.700000000000003,37,".",19.62,"."]
["Dominican Republic",6533.5455000000002,34,".",43.8,45,".",33.76,"."]
["Micronesia, Fed. Sts.",6573.8181999999997,".",".",".",".",".",32.22,"."]
["Tunisia",6748,20,".",26.8,30,45,39.020000000000003,5.5969379999999997]
["Turkey",6850.2727000000004,35,29.211459999999999,29.8,28,".",33.340000000000003,8.521801]
["Bulgaria",6919,32,13.7021,12.5,0,31.25,37.24,"."]
["Tonga",6936.5455000000002,".",".",".",".",".",36.28,"."]
["Grenada",7013.9090999999999,".",".",22.9,".",".",".","."]
["Romania",7065.2727000000004,23,9.8373679999999997,21.4,6,17.55,35.9,33.805239999999998]
["Thailand",7085.8181999999997,23,".",34,36,71,53.6,"."]
["Brazil",7503.7272999999996,34,33.011110000000002,26.1,35,29,41.48,"."]
["Serbia and Montenegro",7607.0135,29,18.07123,".",".",".",37.659999999999997,31.419090000000001]
["Russia",8000.6364000000003,38,17.03049,7.7,5,34.299999999999997,47.56,29.792760000000001]
["Costa Rica",8553.5455000000002,27,28.41949,26.3,33,34,26.88,86.36354]
["Uruguay",9063.8181999999997,27,14.66033,27.3,22,".",50.88,"."]
["Malaysia",9064.2726999999995,15,".",18.899999999999999,17,39,31.66,"."]
["Botswana",9176.3636000000006,21,47.616120000000002,12.2,13,27,33.979999999999997,37.160330000000002]
["Mexico",9347.9091000000008,37,23.74156,28.3,39,49,31.88,41.614469999999997]
["South Africa",9459.8181999999997,29,8.8988320000000005,18.3,17,".",28.84,11.392720000000001]
["Latvia",9514.7273000000005,23,9.9466439999999992,9.3000000000000007,".",29.8,40.340000000000003,77.146100000000004]
["Chile",9838.9091000000008,14,7.923832,27.8,29,37,20.14,10.49737]
["Croatia",10309,30,10.29391,22.2,8,".",34.36,23.63692]
["Mauritius",10339.182000000001,23,12.462960000000001,17.3,17,20,".","."]
["Serbia",10400,".",23.12593,".",".",".",".","."]
["Lithuania",10443.272999999999,16,34.953589999999998,14,63,23.8,31.16,18.86542]
["Trinidad and Tobago",10668.364,30,".",19.2,".",".",".","."]
["Antigua and Barbuda",10810.182000000001,".",".",17.8,".",".",".","."]
["Estonia",11227.091,16,5.0785289999999996,7.9,".",17.850000000000001,39,48.705100000000002]
["Poland",11404.272999999999,26,9.3290349999999993,20.5,12,16.45,28.04,12.94417]
["St. Kitts and Nevis",11686.364,".",".",11.3,".",".",".","."]
["Argentina",12394.272999999999,34,17.470960000000002,24.3,29,".",27.44,10.18844]
["Slovakia",12733.091,19,8.9226050000000008,12.5,5,10,19.14,12.711270000000001]
["Oman",12996.222,".",27.649819999999998,11.4,4,".",19.18,"."]
["Saudi Arabia",13930,".",".",".",".",".",18.98,"."]
["Hungary",14206.727000000001,28,11.67047,13.2,12,29.85,25.32,21.61289]
["New Caledonia",15000,".",".",15.9,".",".",".","."]
["Seychelles",15879.091,".",".",11.1,".",".",".","."]
["Bahamas, The",15938.143,".",".",14.8,".",".",".","."]
["Netherlands Antilles",16000,".",".",9,".",".",".","."]
["Bahrain",16572.7,18,".",".",5,".",".","."]
["Czech Republic",16919.091,18,11.42811,15.7,13,12.35,19.260000000000002,24.933710000000001]
["Malta",17077,23,".",13.7,".",".",".",85.626829999999998]
["Korea",17571.182000000001,29,10.211539999999999,27,30,38,28.04,"."]
["Slovenia",17985.817999999999,16,10.834300000000001,10,9,".",28.06,17.903279999999999]
["Greece",18710.635999999999,28,11.224220000000001,30.1,31,21.2,27.82,2.883105]
["Portugal",18868.817999999999,19,8.3422820000000009,23.5,19,16.8,21.72,24.77176]
["Cyprus",19008.332999999999,19,".",20.5,".",21,".",166.19110000000001]
["Barbados",19300,23,".",15.2,".",".",".","."]
["Puerto Rico",19557.224999999999,".",".",14.1,".",".",29.26,"."]
["Kuwait",21058.3,18,".",".",6,".",20.86,"."]
["Aruba",21800,".",".",2.6,".",".",".","."]
["New Zealand",21819.364000000001,13,".",17.899999999999999,16,".",12.04,81.209209999999999]
["United Arab Emirates",22418.2,14,".",".",8,".",27,"."]
["Israel",22541.5,16,".",12.8,".",29,22.88,53.45232]
["Spain",22793.817999999999,22,3.5142310000000001,16.5,19,23.9,21.78,47.506019999999999]
["Singapore",24277.817999999999,9,".",13.3,13,13,13.06,22.401499999999999]
["Macao, China",25016.544999999998,".",".",9.3000000000000007,".",".",".","."]
["Italy",26383.091,31,".",17.2,26,".",25.56,28.30902]
["Germany",26461.273000000001,17,5.7966420000000003,11.2,10,15.2,16.100000000000001,5.636863]
["Japan",26849.091,15,".",10.199999999999999,14,13.7,10.26,20.020289999999999]
["Finland",27220.273000000001,11,".",12,9,13.3,17.14,21.619230000000002]
["Sweden",27586.909,20,".",9.6,9,".",18.02,32.692630000000001]
["Hong Kong, China",27852,13,".",11.5,10,13,16.579999999999998,77.410520000000005]
["France",27903.635999999999,14,".",9.9,11,".",14.34,19.257840000000002]
["United Kingdom",28055.091,17,".",12.7,13,13.6,11.88,31.952680000000001]
["Canada",28321.544999999998,18,".",15.4,8,".",15.18,43.574219999999997]
["Belgium",28480.909,23,".",13.5,14,22,21.04,31.226870000000002]
["Australia",28965.182000000001,14,".",12.7,9,15.3,13.56,43.87865]
["Austria",29205.726999999999,15,".",11.8,8,15,10.14,20.217949999999998]
["Denmark",29770.273000000001,16,".",7.8,7,17.8,17.2,39.046779999999998]
["Taiwan",30100,21,".",21,".",".",26.6,"."]
["Iceland",30288.091,11,".",13.9,".",".",".",73.613810000000001]
["Netherlands",30372.909,14,".",11.3,9,13.5,12.36,60.20026]
["Ireland",30675.091,15,3.9310350000000001,16.600000000000001,18,20.7,15.16,38.424469999999999]
["Switzerland",32033,11,".",14,".",10.199999999999999,8.98,18.124739999999999]
["San Marino",34100,".",".",11.1,".",".",".","."]
["Isle of Man",35000,".",".",14.6,".",".",".","."]
["Norway",35727.817999999999,13,".",7.1,9,".",18.18,62.616520000000001]
["United States",35729.455000000002,18,".",7.4,7,10.5,8.3800000000000008,17.182490000000001]
["Luxembourg",52335.091,13,".",6.8,".",".",".",43.529899999999998]
["Qatar",80900,14,".",1.1000000000000001,2,".",".","."]
[]
["Table 1.  Size of the Informal Economy by Alternative Measures"]
["Percent except where stated otherwise"]
[]
[null,null,"Measure of Informality"]
["Income quartile","GDP/Population","% GDP Informal","% Tax Evasion","% Self-employment","% Self-employment non-agriculture","% GDP Informal","% GDP Informal","Registered firms /"]
[null,null,"(World Economic Forum)","(Enterprise survey)",null,null,"(electricity consumption)","(multiple indicators)","population (000s)"]
["Bottom",428.51256999999998,35.384619999999998,28.963570000000001,46.445450000000001,57.318199999999997,38.933329999999998,42.277500000000003,3.1543939999999999]
["Second",1362.4331,33.655169999999998,23.28847,35.748280000000001,37.1111,42.737499999999997,39.789470000000001,8.233587]
["Third",4001.6082000000001,27.575759999999999,19.661480000000001,23.053850000000001,24.6296,31.278569999999998,34.147779999999997,28.66666]
["Top",20347.839,17.27027,8.1602949999999996,13.33488,12.482799999999999,17.573810000000002,18.336770000000001,41.847149999999999]
["Sample mean",{"$f":"AVERAGE(B3:B187)","v":10015.283549675674},{"$f":"AVERAGE(C3:C187)","v":27.56},{"$f":"AVERAGE(D3:D187)","v":22.498698599999997},26.548872180451141,30.791666666666668,29.044736842105259,34.488689655172422,24.6961504626506]
["Difference 1st vs. 4th quartile","-19,919a","-18.1a","-20.8a","-33.1a","-44.8a","-21.4a","-23.9a","38.7a"]
["Observations",{"$f":"COUNT(B3:B187)","v":185},125,95,133,96,57,145,83]
[]
[]
["\"C:\\Documents and Settings\\Rafael.LaPorta\\My Documents\\InformalEconomy\\Nick\\size_informal\\size03.do\""]
[]
[]
[]
[]
[]
["group","gdp_pc_usd","inf_wef","tax_evasion","self_emp_pct","non_agric_self","inf_elec","inf_schneider","register_pop"]
[1,428.51256999999998,35.384619999999998,28.963570000000001,46.445450000000001,57.318199999999997,38.933329999999998,42.277500000000003,3.1543939999999999]
[2,1362.4331,33.655169999999998,23.28847,35.748280000000001,37.1111,42.737499999999997,39.789470000000001,8.233587]
[3,4001.6082000000001,27.575759999999999,19.661480000000001,23.053850000000001,24.6296,31.278569999999998,34.147779999999997,28.66666]
[4,20347.839,17.27027,8.1602949999999996,13.33488,12.482799999999999,17.573810000000002,18.336770000000001,41.847149999999999]
[]
["Note:  a significant at the 1% level, b significant at the 5% level, and c significant at the 10% level. "]
["Source:  La Porta and Shleifer (2008)."]

{"sheet":"Table 2","index":5,"n_rows":43,"n_cols":45,"rows_kept":43,"cut":false,"hidden":true,"merged":[[0,0,0,15],[2,0,2,15],[4,11,4,12],[4,13,4,14],[3,4,4,4],[3,5,3,8],[3,9,4,10],[22,0,22,15],[23,2,23,4],[23,5,23,8],[24,9,24,10],[24,11,24,12],[24,13,24,14]]}
["Table 2.  Obstacles to Doing Business"]
[]
[]
[null,null,null,null,"Informal Survey","Enterprise Survey",null,null,null,"Enterprise vs Informal"]
[null,"STATA Label","Unregistered","Registered",null,"Small","Medium","Big","All",null,null,"Registered vs Unregistered",null,"Small vs Unregistered",null,"Big vs Small"]
["Obstacles (% of firms identifying an obstacle as the most important)"]
["Access to Financing","access_fin",0.43833732604980469,"",0.43833732604980469,0.20607545971870422,0.17771126329898834,0.13567635416984558,0.18545517325401306,-0.25288215279579163,"a","","",-0.23226186633110046,"a",-7.0399105548858643E-2]
["Political instability","instability",0.11397167295217514,"",0.11397167295217514,9.4690680503845215E-2,9.0565800666809082E-2,0.11727560311555862,9.7447171807289124E-2,-1.6524501144886017E-2,"","","",-1.9280992448329926E-2,"",2.2584922611713409E-2]
["Access to Land","access_land",0.11249182373285294,"",0.11249182373285294,5.6200888007879257E-2,4.1505690664052963E-2,4.0729086846113205E-2,4.9927707761526108E-2,-6.2564115971326828E-2,"b","","",-5.6290935724973679E-2,"c",-1.5471801161766052E-2]
["Corruption","tax_adm",7.3784254491329193E-2,"",7.3784254491329193E-2,7.3236800730228424E-2,8.1947386264801025E-2,6.02717325091362E-2,7.390160858631134E-2,1.1735409498214722E-4,"","","",-5.4745376110076904E-4,"",-1.2965068221092224E-2]
["Electricity","electricity",7.2857625782489777E-2,"",7.2857625782489777E-2,0.10021304339170456,9.7862035036087036E-2,7.4014604091644287E-2,9.8191559314727783E-2,2.5333933532238007E-2,"",null,"",2.7355417609214783E-2,null,-2.6198439300060272E-2,"c"]
["Business licensing and permits","licensing",6.2805138528347015E-2,"",6.2805138528347015E-2,2.2935163229703903E-2,2.7233736589550972E-2,1.732451468706131E-2,2.3715963587164879E-2,-3.9089174941182137E-2,"b","","",-3.9869975298643112E-2,"b",-5.6106485426425934E-3]
["Crime","crime",3.3834882080554962E-2,"",3.3834882080554962E-2,5.2241262048482895E-2,4.963967576622963E-2,7.1827888488769531E-2,5.3725317120552063E-2,1.9890435039997101E-2,"","","",1.8406379967927933E-2,"",1.9586626440286636E-2]
["Legal System","corruption",3.2898560166358948E-2,"",3.2898560166358948E-2,4.9751671031117439E-3,5.3671710193157196E-3,1.9159378483891487E-2,7.6399846002459526E-3,-2.5258575566112995E-2,"a","","",-2.7923393063247204E-2,"a",1.4184211380779743E-2]
["Customs and Trade Regulations","customs",2.079271525144577E-2,"",2.079271525144577E-2,3.2069448381662369E-2,4.4275447726249695E-2,4.9821231514215469E-2,3.8374096155166626E-2,1.7581380903720856E-2,"","","",1.1276733130216599E-2,"",1.7751783132553101E-2]
["Uneducated Workforce","workforce",1.8322205170989037E-2,"",1.8322205170989037E-2,4.6172227710485458E-2,5.9705324470996857E-2,0.10389397293329239,5.9911694377660751E-2,4.1589489206671715E-2,"c","","",2.7850022539496422E-2,"c",5.7721745222806931E-2]
["Labor Regulations","labor_reg",1.8210029229521751E-2,"",1.8210029229521751E-2,2.570175938308239E-2,3.0712444335222244E-2,4.7827914357185364E-2,3.2626934349536896E-2,1.4416905120015144E-2,"","","",7.4917301535606384E-3,"",2.2126154974102974E-2]
["Tax Administration","courts",1.0162601247429848E-3,"",1.0162601247429848E-3,4.2635351419448853E-2,6.7444592714309692E-2,6.3558764755725861E-2,5.3429007530212402E-2,5.2412747405469418E-2,"b","","",4.1619091294705868E-2,"",2.0923413336277008E-2]
["Practices of competitors in the informal economy","informals",6.7750673042610288E-4,"",6.7750673042610288E-4,0.14370718598365784,0.13446754217147827,9.855324774980545E-2,0.12931866943836212,0.12864116270793602,"a","","",0.14302967925323173,"a",-4.5153938233852386E-2]
["Tax Rates","tax_rates",0,"",0,7.7282451093196869E-2,6.2220010906457901E-2,6.331431120634079E-2,6.8282961845397949E-2,6.8282961845397949E-2,"a","","",7.7282451093196869E-2,"a",-1.3968139886856079E-2]
["Transportation","transport",0,"",0,2.1863114088773727E-2,2.9341885820031166E-2,3.6751382052898407E-2,2.8052162379026413E-2,2.8052162379026413E-2,"a","","",2.1863114088773727E-2,"a",1.488826796412468E-2]
[]
["Panel B:  Micro Survey"]
[null,null,"Micro Survey",null,null,"Enterprise Survey",null,null,null,"Differences"]
[null,"STATA Label","Unregistered","Registered","All","Small","Medium","Big","All","Enterprise vs Micro",null,"Registered vs Unregistered",null,"Small vs Unregistered",null,"Big vs Small"]
["Obstacles (% of firms identifying an obstacle as the most important)"]
["Macro Instability","macro",{"$f":"IF(S27<>\"\",S27,\"\")","v":""},"","","","","","",null,null,{"$f":"D27-C27","v":{"$error":"#VALUE!"}},null,null,null,null,null,null,null,null,null,null,null,null,null,null,null,"group","telecom","electricity","transport","access_land","tax_rates","tax_adm","customs","courts","labor_reg","workforce","licensing","access_fin","instability","macro","corruption","crime","informals"]
["Telecommunications","telecom","","","","","","","",null,null,{"$error":"#VALUE!"},null,null,null,null,null,null,null,null,null,null,null,null,null,null,null,1,2.0475299999999998E-2,0.17067289999999999,6.3072900000000001E-2,7.5581300000000004E-2,4.5286699999999999E-2,1.44659E-2,1.5136500000000001E-2,0,0,7.8963000000000002E-3,3.8314899999999999E-2,0.29158810000000002,2.7576699999999999E-2,4.03501E-2,1.8005299999999998E-2,3.4429700000000001E-2,9.7022200000000003E-2]
["Electricity","electricity","","","","","","","",{"$f":"I29-E29","v":{"$error":"#VALUE!"}},null,{"$error":"#VALUE!"},null,{"$f":"F29-C29","v":{"$error":"#VALUE!"}},"c",{"$f":"H29-F29","v":{"$error":"#VALUE!"}},null,null,null,null,null,null,null,null,null,null,null,2,1.9386199999999999E-2,0.23399039999999999,6.3895400000000005E-2,4.7151699999999998E-2,6.2706300000000006E-2,1.6167999999999998E-2,1.6594500000000002E-2,2.1367999999999999E-3,2.7715999999999999E-3,7.6616999999999996E-3,2.5825899999999999E-2,0.20010549999999999,2.23859E-2,8.0211199999999996E-2,2.27196E-2,4.7896899999999999E-2,7.9267400000000002E-2]
["Access to Financing","access_fin","","","","","","","",{"$error":"#VALUE!"},null,{"$error":"#VALUE!"},"c",{"$error":"#VALUE!"},"c",{"$error":"#VALUE!"},null,null,null,null,null,null,null,null,null,null,null,2.5,1.9975699999999999E-2,0.1997864,6.5218600000000002E-2,5.3665600000000001E-2,5.3865900000000001E-2,1.4070900000000001E-2,1.65913E-2,1.6844E-3,2.0287E-3,7.7927999999999999E-3,2.7611199999999999E-2,0.2312147,2.8744499999999999E-2,7.0409100000000002E-2,2.0422099999999999E-2,4.8885100000000001E-2,8.5062100000000002E-2]
["Tax Rates","tax_rates","","","","","","","",{"$error":"#VALUE!"},null,{"$error":"#VALUE!"},"c",{"$error":"#VALUE!"},"b",{"$error":"#VALUE!"},null,null,null,null,null,null,null,null,null,null,null,3,".",0.30004920000000002,3.5322199999999998E-2,3.54422E-2,0.10871409999999999,1.6782700000000001E-2,2.0288199999999999E-2,4.4530999999999998E-3,4.8019999999999998E-3,2.2527999999999999E-2,2.4691600000000001E-2,0.19977010000000001,4.4745899999999998E-2,".",4.1125000000000002E-2,4.7215500000000001E-2,9.3673400000000004E-2]
["Practices of competitors in the informal economy","informals","","","","","","","",{"$error":"#VALUE!"},null,{"$error":"#VALUE!"},null,{"$error":"#VALUE!"},null,{"$error":"#VALUE!"},null,null,null,null,null,null,null,null,null,null,null,4,".",0.3127741,4.2139700000000002E-2,2.4430500000000001E-2,7.5512399999999993E-2,2.40247E-2,2.5254599999999999E-2,1.24884E-2,1.24435E-2,3.4155999999999999E-2,2.3557100000000001E-2,0.17723620000000001,6.6818900000000001E-2,".",4.8772700000000002E-2,4.2630899999999999E-2,7.7274700000000002E-2]
["Uneducated Workforce","workforce","","","","","","","",{"$error":"#VALUE!"},null,{"$error":"#VALUE!"},"c",{"$error":"#VALUE!"},null,{"$error":"#VALUE!"},null,null,null,null,null,null,null,null,null,null,null,5,".",0.32902199999999998,3.8479899999999997E-2,5.0147999999999998E-3,9.76683E-2,2.7524099999999999E-2,4.7727899999999997E-2,1.4466400000000001E-2,1.1017600000000001E-2,5.8293900000000003E-2,1.2358299999999999E-2,0.14377980000000001,5.3043600000000003E-2,".",2.96154E-2,3.81593E-2,9.2717499999999994E-2]
["Political instability","instability","","","","","","","",{"$error":"#VALUE!"},null,{"$error":"#VALUE!"},null,{"$error":"#VALUE!"},null,{"$error":"#VALUE!"},null,null,null,null,null,null,null,null,null,null,null,5.5,".",0.3042724,3.7819499999999999E-2,3.0945500000000001E-2,0.1011633,2.0626499999999999E-2,2.3476400000000001E-2,7.7270999999999998E-3,7.1485000000000003E-3,2.8249300000000001E-2,2.31285E-2,0.18597730000000001,4.9825800000000003E-2,".",4.3986999999999998E-2,4.62809E-2,8.8896900000000001E-2]
["Customs and Trade Regulations","customs","","","","","","","",{"$error":"#VALUE!"},null,{"$error":"#VALUE!"},null,{"$error":"#VALUE!"},null,{"$error":"#VALUE!"},"c"]
["Transportation","transport","","","","","","","",{"$error":"#VALUE!"},null,{"$error":"#VALUE!"},null,{"$error":"#VALUE!"},null,{"$error":"#VALUE!"}]
["Crime","crime","","","","","","","",{"$error":"#VALUE!"},null,{"$error":"#VALUE!"},null,{"$error":"#VALUE!"},null,{"$error":"#VALUE!"}]
["Corruption","corruption","","","","","","","",{"$error":"#VALUE!"},null,{"$error":"#VALUE!"},"b",{"$error":"#VALUE!"},"c",{"$error":"#VALUE!"}]
["Tax Administration","tax_adm","","","","","","","",{"$error":"#VALUE!"},null,{"$error":"#VALUE!"},null,{"$error":"#VALUE!"},null,{"$error":"#VALUE!"}]
["Legal System","courts","","","","","","","",{"$error":"#VALUE!"},null,{"$error":"#VALUE!"},"b",{"$error":"#VALUE!"},"b",{"$error":"#VALUE!"}]
["Business licensing and permits","licensing","","","","","","","",{"$error":"#VALUE!"},null,{"$error":"#VALUE!"},null,{"$error":"#VALUE!"},null,{"$error":"#VALUE!"}]
["Labor Regulations","labor_reg","","","","","","","",{"$error":"#VALUE!"},null,{"$error":"#VALUE!"},"c",{"$error":"#VALUE!"},"b",{"$error":"#VALUE!"}]
["Access to Land","access_land","","","","","","","",{"$error":"#VALUE!"},"c",{"$error":"#VALUE!"},null,{"$error":"#VALUE!"},"c",{"$error":"#VALUE!"},"a"]

{"sheet":"Table 3","index":6,"n_rows":242,"n_cols":5,"rows_kept":242,"cut":false,"hidden":true,"merged":[[0,0,0,4],[1,0,1,4],[3,1,3,4]]}
["Table 3:  Regional Human Capital, the size of establishments, and participation in the economy"]
["The table reports fixed effect regressions for for the following three dependent variables: (1) logarithm of the number of employees per establishment; (3) logarithm of the number of employees per capita; and (4) logarithm of the number of employees working in firms that employ at least 100 employees as a percent of total employment.   All regressions include the number of years of education.  "]
[]
["","Dependent Variable:"]
["","Ln(Establishments/Population)","Ln(Employees/Establishments)","Ln(Employees/Population)","Ln(Employees Big Firms/Employees)"]
[]
["Years of Education in the Region","0.2936a","0.1205a","0.3372a","0.2215a"]
["","(0.0311)","(0.0220)","(0.0263)","(0.0349)"]
[]
[{"$f":"\"Code==ARG\"","v":"Code==ARG"},".","-0.2597b",".","."]
[{"$f":"\"\"","v":""},".","(0.1319)",".","."]
[]
[{"$f":"\"Code==AUT\"","v":"Code==AUT"},"-2.6876a","-0.2470c","-1.7900a","."]
[{"$f":"\"\"","v":""},"(0.1703)","(0.1486)","(0.1604)","."]
[]
[{"$f":"\"Code==BEL\"","v":"Code==BEL"},"-2.7006a","-0.4404a","-1.9815a","."]
[{"$f":"\"\"","v":""},"(0.1594)","(0.1514)","(0.1429)","."]
[]
[{"$f":"\"Code==BEN\"","v":"Code==BEN"},"-5.6805a","5.5140a","-0.6228a","."]
[{"$f":"\"\"","v":""},"(0.3154)","(0.2372)","(0.2039)","."]
[]
[{"$f":"\"Code==BFA\"","v":"Code==BFA"},"-3.9591a",".",".","."]
[{"$f":"\"\"","v":""},"(0.3943)",".",".","."]
[]
[{"$f":"\"Code==BGR\"","v":"Code==BGR"},"-2.7282a","-0.1159","-1.5767a","."]
[{"$f":"\"\"","v":""},"(0.1677)","(0.1400)","(0.1379)","."]
[]
[{"$f":"\"Code==BIH\"","v":"Code==BIH"},".","0.5071a","0.6698a","."]
[{"$f":"\"\"","v":""},".","(0.1283)","(0.0773)","."]
[]
[{"$f":"\"Code==BRA\"","v":"Code==BRA"},".",".",".","."]
[{"$f":"\"\"","v":""},".",".",".","."]
[]
[{"$f":"\"Code==CAN\"","v":"Code==CAN"},"0.5594a","0.8863a","1.2213a","."]
[{"$f":"\"\"","v":""},"(0.1611)","(0.1512)","(0.1073)","."]
[]
[{"$f":"\"Code==CHE\"","v":"Code==CHE"},"-1.0580a","0.8171a","0.0042","0.4511b"]
[{"$f":"\"\"","v":""},"(0.1602)","(0.1488)","(0.1103)","(0.2002)"]
[]
[{"$f":"\"Code==CHN\"","v":"Code==CHN"},"-0.7705a","-0.1788","-0.5603a","."]
[{"$f":"\"\"","v":""},"(0.1949)","(0.1671)","(0.1490)","."]
[]
[{"$f":"\"Code==CMR\"","v":"Code==CMR"},".",".",".","."]
[{"$f":"\"\"","v":""},".",".",".","."]
[]
[{"$f":"\"Code==COL\"","v":"Code==COL"},"-2.0882a","1.7448a","-8.6986a","2.7829a"]
[{"$f":"\"\"","v":""},"(0.1660)","(0.1340)","(0.0958)","(0.2282)"]
[]
[{"$f":"\"Code==CZE\"","v":"Code==CZE"},"-5.9763a","3.1121a","-3.1740a","."]
[{"$f":"\"\"","v":""},"(0.2194)","(0.3807)","(0.4682)","."]
[]
[{"$f":"\"Code==DEU\"","v":"Code==DEU"},".","-0.5495a","-0.0205","2.3083a"]
[{"$f":"\"\"","v":""},".","(0.1321)","(0.0985)","(0.2354)"]
[]
[{"$f":"\"Code==DNK\"","v":"Code==DNK"},"-1.5723a","-0.8421a","-1.3612a","."]
[{"$f":"\"\"","v":""},"(0.1846)","(0.1537)","(0.1680)","."]
[]
[{"$f":"\"Code==ESP\"","v":"Code==ESP"},"-4.7965a","7.0542a","-1.8488a","."]
[{"$f":"\"\"","v":""},"(0.2270)","(1.4983)","(0.2355)","."]
[]
[{"$f":"\"Code==EST\"","v":"Code==EST"},"-1.4348a","0.6613a","-0.5745b","."]
[{"$f":"\"\"","v":""},"(0.2626)","(0.1563)","(0.2761)","."]
[]
[{"$f":"\"Code==FIN\"","v":"Code==FIN"},".",".",".","."]
[{"$f":"\"\"","v":""},".",".",".","."]
[]
[{"$f":"\"Code==FRA\"","v":"Code==FRA"},"-2.2699a","-0.5389a","-1.7982a","."]
[{"$f":"\"\"","v":""},"(0.1765)","(0.1328)","(0.2134)","."]
[]
[{"$f":"\"Code==GBR\"","v":"Code==GBR"},"-0.5040a","-0.0594","-0.2556c","-2.2735a"]
[{"$f":"\"\"","v":""},"(0.1826)","(0.1518)","(0.1376)","(0.1775)"]
[]
[{"$f":"\"Code==GEO\"","v":"Code==GEO"},"-2.6958a","-0.6128a","-1.9355a","."]
[{"$f":"\"\"","v":""},"(0.1879)","(0.1476)","(0.1443)","."]
[]
[{"$f":"\"Code==GHA\"","v":"Code==GHA"},"-2.4753a","-0.4202a","-1.8940a","."]
[{"$f":"\"\"","v":""},"(0.1492)","(0.1459)","(0.1279)","."]
[]
[{"$f":"\"Code==GRC\"","v":"Code==GRC"},"-3.4526a","4.6095a","-2.4834a","."]
[{"$f":"\"\"","v":""},"(0.1897)","(0.7812)","(0.1631)","."]
[]
[{"$f":"\"Code==HRV\"","v":"Code==HRV"},"-2.7630a","-0.0153","-2.5044a","."]
[{"$f":"\"\"","v":""},"(0.1720)","(0.1870)","(0.1865)","."]
[]
[{"$f":"\"Code==HUN\"","v":"Code==HUN"},"-2.1290a","0.9437a","-1.4885a","5.8835a"]
[{"$f":"\"\"","v":""},"(0.1878)","(0.1694)","(0.1381)","(0.3045)"]
[]
[{"$f":"\"Code==IND\"","v":"Code==IND"},"-1.5587a","-1.0567a","-2.1188a","."]
[{"$f":"\"\"","v":""},"(0.1453)","(0.1315)","(0.1504)","."]
[]
[{"$f":"\"Code==IRL\"","v":"Code==IRL"},"0.1020","0.7413a","0.7781a","."]
[{"$f":"\"\"","v":""},"(0.1628)","(0.1477)","(0.1357)","."]
[]
[{"$f":"\"Code==ITA\"","v":"Code==ITA"},"-2.2917a","-0.6442a","-1.6492a","."]
[{"$f":"\"\"","v":""},"(0.1499)","(0.1435)","(0.1437)","."]
[]
[{"$f":"\"Code==JOR\"","v":"Code==JOR"},"1.2223a","-0.3988a","0.5724a","."]
[{"$f":"\"\"","v":""},"(0.1630)","(0.1489)","(0.1216)","."]
[]
[{"$f":"\"Code==JPN\"","v":"Code==JPN"},"-3.5157a","0.2491c","-1.7085a","."]
[{"$f":"\"\"","v":""},"(0.2575)","(0.1347)","(0.2497)","."]
[]
[{"$f":"\"Code==KAZ\"","v":"Code==KAZ"},".",".",".","."]
[{"$f":"\"\"","v":""},".",".",".","."]
[]
[{"$f":"\"Code==KHM\"","v":"Code==KHM"},"-1.5677a","-0.7280a","-2.1870a","-1.8164a"]
[{"$f":"\"\"","v":""},"(0.4237)","(0.1324)","(0.4392)","(0.2488)"]
[]
[{"$f":"\"Code==LAO\"","v":"Code==LAO"},"-3.2787a","2.3678a","-0.9439a","."]
[{"$f":"\"\"","v":""},"(0.2124)","(0.1867)","(0.1648)","."]
[]
[{"$f":"\"Code==LKA\"","v":"Code==LKA"},"-0.3695b","-0.0073","-0.1069","-0.4369a"]
[{"$f":"\"\"","v":""},"(0.1602)","(0.1450)","(0.1150)","(0.1319)"]
[]
[{"$f":"\"Code==LTU\"","v":"Code==LTU"},"-1.0860a","1.4885a","0.5296b","-1.3438a"]
[{"$f":"\"\"","v":""},"(0.2702)","(0.1368)","(0.2278)","(0.1912)"]
[]
[{"$f":"\"Code==LVA\"","v":"Code==LVA"},"1.0745a",".",".","."]
[{"$f":"\"\"","v":""},"(0.2147)",".",".","."]
[]
[{"$f":"\"Code==MAR\"","v":"Code==MAR"},"-0.2251","0.7209a","0.1011","0.0105"]
[{"$f":"\"\"","v":""},"(0.2503)","(0.1775)","(0.1930)","(0.4661)"]
[]
[{"$f":"\"Code==MDA\"","v":"Code==MDA"},"-0.6468a","0.3642b","-0.4857a","1.9440a"]
[{"$f":"\"\"","v":""},"(0.1663)","(0.1817)","(0.1536)","(0.2529)"]
[]
[{"$f":"\"Code==MDG\"","v":"Code==MDG"},"-1.0926a","-1.4853a","-2.3586a","0.1870"]
[{"$f":"\"\"","v":""},"(0.1488)","(0.1380)","(0.1113)","(0.1458)"]
[]
[{"$f":"\"Code==MEX\"","v":"Code==MEX"},"-1.2584a","1.4803a","0.3436a","-1.6856a"]
[{"$f":"\"\"","v":""},"(0.1321)","(0.1294)","(0.0880)","(0.1792)"]
[]
[{"$f":"\"Code==MKD\"","v":"Code==MKD"},".","-0.2493","0.7519a","."]
[{"$f":"\"\"","v":""},".","(0.1807)","(0.1712)","."]
[]
[{"$f":"\"Code==MNG\"","v":"Code==MNG"},".",".","-1.5788a","."]
[{"$f":"\"\"","v":""},".",".","(0.1880)","."]
[]
[{"$f":"\"Code==MOZ\"","v":"Code==MOZ"},"1.5305a",".",".","."]
[{"$f":"\"\"","v":""},"(0.3332)",".",".","."]
[]
[{"$f":"\"Code==MYS\"","v":"Code==MYS"},".","-0.7314a","-0.2887a","-0.0640"]
[{"$f":"\"\"","v":""},".","(0.1460)","(0.0829)","(0.1951)"]
[]
[{"$f":"\"Code==NLD\"","v":"Code==NLD"},"0.5600a","0.4943a","0.9652a","0.9684a"]
[{"$f":"\"\"","v":""},"(0.1518)","(0.1309)","(0.1268)","(0.2139)"]
[]
[{"$f":"\"Code==NOR\"","v":"Code==NOR"},"-1.1516a","0.5908a","-0.5541a","0.0084"]
[{"$f":"\"\"","v":""},"(0.1251)","(0.1303)","(0.0739)","(0.1875)"]
[]
[{"$f":"\"Code==NPL\"","v":"Code==NPL"},"-1.2425a","1.0219a","-0.7276b","2.3968a"]
[{"$f":"\"\"","v":""},"(0.3366)","(0.2326)","(0.3294)","(0.3793)"]
[]
[{"$f":"\"Code==NZL\"","v":"Code==NZL"},"-2.7150a","2.1402a","-0.6843a","."]
[{"$f":"\"\"","v":""},"(0.1615)","(0.2058)","(0.1901)","."]
[]
[{"$f":"\"Code==PAK\"","v":"Code==PAK"},"-2.9855a","-0.0959","-2.2064a","."]
[{"$f":"\"\"","v":""},"(0.1615)","(0.1444)","(0.1474)","."]
[]
[{"$f":"\"Code==PAN\"","v":"Code==PAN"},"0.0635","-0.7872a","-0.3614a","-0.8975a"]
[{"$f":"\"\"","v":""},"(0.1870)","(0.1613)","(0.1398)","(0.1439)"]
[]
[{"$f":"\"Code==PER\"","v":"Code==PER"},"-4.1283a","2.4682a","-2.0317a","2.1518a"]
[{"$f":"\"\"","v":""},"(0.2458)","(0.2178)","(0.3325)","(0.3347)"]
[]
[{"$f":"\"Code==PHL\"","v":"Code==PHL"},"0.4996a","-0.4706a","0.1689c","-0.2596"]
[{"$f":"\"\"","v":""},"(0.1340)","(0.1317)","(0.0922)","(0.1609)"]
[]
[{"$f":"\"Code==POL\"","v":"Code==POL"},".","0.0893","0.6575a","-1.4014a"]
[{"$f":"\"\"","v":""},".","(0.1705)","(0.2447)","(0.4013)"]
[]
[{"$f":"\"Code==PRT\"","v":"Code==PRT"},"-0.0796","-0.5144b","-0.6802a","."]
[{"$f":"\"\"","v":""},"(0.2082)","(0.2399)","(0.1323)","."]
[]
[{"$f":"\"Code==PRY\"","v":"Code==PRY"},"-0.7406a","-0.7716a","-2.4713a","0.0901"]
[{"$f":"\"\"","v":""},"(0.1392)","(0.1421)","(0.1076)","(0.2605)"]
[]
[{"$f":"\"Code==ROM\"","v":"Code==ROM"},"-2.5457a","1.2045a","-1.4197a","1.5261a"]
[{"$f":"\"\"","v":""},"(0.3270)","(0.1566)","(0.3840)","(0.2166)"]
[]
[{"$f":"\"Code==RUS\"","v":"Code==RUS"},"-1.8746a","0.7809a","-1.2865a","."]
[{"$f":"\"\"","v":""},"(0.1699)","(0.2018)","(0.1298)","."]
[]
[{"$f":"\"Code==SEN\"","v":"Code==SEN"},"-1.2101a","-0.5258a","-1.1754a","."]
[{"$f":"\"\"","v":""},"(0.1488)","(0.1311)","(0.2130)","."]
[]
[{"$f":"\"Code==SLV\"","v":"Code==SLV"},"-3.1533a",".",".","."]
[{"$f":"\"\"","v":""},"(0.2693)",".",".","."]
[]
[{"$f":"\"Code==SRB\"","v":"Code==SRB"},"-2.9104a","0.1115","-1.5836a","."]
[{"$f":"\"\"","v":""},"(0.1668)","(0.1399)","(0.1249)","."]
[]
[{"$f":"\"Code==SVN\"","v":"Code==SVN"},"-0.2172c","1.0426a","0.7860a","."]
[{"$f":"\"\"","v":""},"(0.1231)","(0.1308)","(0.0735)","."]
[]
[{"$f":"\"Code==SWE\"","v":"Code==SWE"},"-4.5782a","2.2327a","-1.5703","."]
[{"$f":"\"\"","v":""},"(1.1518)","(0.6502)","(1.0969)","."]
[]
[{"$f":"\"Code==SYR\"","v":"Code==SYR"},"-0.2742b","-0.8980a","-1.1304a","0.6459a"]
[{"$f":"\"\"","v":""},"(0.1197)","(0.1551)","(0.1189)","(0.1987)"]
[]
[{"$f":"\"Code==THA\"","v":"Code==THA"},".","0.5514a","-1.3660","."]
[{"$f":"\"\"","v":""},".","(0.1566)","(1.1978)","."]
[]
[{"$f":"\"Code==TUR\"","v":"Code==TUR"},".",".",".","."]
[{"$f":"\"\"","v":""},".",".",".","."]
[]
[{"$f":"\"Code==TZA\"","v":"Code==TZA"},"-2.4361a","-0.6978a","-1.9152a","."]
[{"$f":"\"\"","v":""},"(0.1925)","(0.1573)","(0.1879)","."]
[]
[{"$f":"\"Code==UGA\"","v":"Code==UGA"},"-1.0074a","2.5004a","1.2675a","."]
[{"$f":"\"\"","v":""},"(0.1707)","(0.1611)","(0.1071)","."]
[]
[{"$f":"\"Code==UKR\"","v":"Code==UKR"},"-0.5877b","0.4574","-0.3468","0.5751b"]
[{"$f":"\"\"","v":""},"(0.2859)","(0.4914)","(0.3253)","(0.2868)"]
[]
[{"$f":"\"Code==USA\"","v":"Code==USA"},"-0.3775b","-0.8383a","-1.2755a","."]
[{"$f":"\"\"","v":""},"(0.1740)","(0.1289)","(0.1681)","."]
[]
[{"$f":"\"Code==VNM\"","v":"Code==VNM"},"-0.8292a","-0.0417","-1.1643a","0.7157b"]
[{"$f":"\"\"","v":""},"(0.2079)","(0.1528)","(0.1718)","(0.3010)"]
[]
[{"$f":"\"Constant\"","v":"Constant"},"-4.3312a","1.4938a","-3.2197a","1.2421a"]
[{"$f":"\"\"","v":""},"(0.3768)","(0.1715)","(0.3877)","(0.3777)"]
[]
[{"$f":"\"Observations\"","v":"Observations"},"-1.7758a","1.1268a","-0.5366a","1.1254a"]
[{"$f":"\"Adjusted R-squared\"","v":"Adjusted R-squared"},"(0.1323)","(0.1347)","(0.1025)","(0.1547)"]
[]
["Code==USA","-1.4899a","0.3317b","-0.7803a","0.2335c"]
["","(0.1926)","(0.1641)","(0.1461)","(0.1386)"]
[]
["Code==VNM","1.0468a","-0.8111a","0.0763","-9.9315a"]
["","(0.1484)","(0.1396)","(0.1355)","(0.4240)"]
[]
["Constant","-5.8407a","0.8918a","-4.3678a","-3.4071a"]
["","(0.2554)","(0.2064)","(0.2052)","(0.4041)"]
[]
["Observations",970,1035,1016,510]
["Adjusted R2",0.91900000000000004,0.81799999999999995,0.93400000000000005,0.95]
["Country Fixed Effects","Yes","Yes","Yes","Yes"]
[]
["Note:  a significant at the 1% level, b significant at the 5% level, and c significant at the 10% level. "]

{"sheet":"ONLINE APPENDIX -- Tables","index":7,"n_rows":4,"n_cols":2,"rows_kept":4,"cut":false,"hidden":false,"merged":[[0,0,0,3]]}
["Index"]
[1,"Value added and employment"]
[{"$f":"A2+1","v":2},"Costs and benefits of registering"]
[{"$f":"A3+1","v":3},"Figure 5 regression"]

{"sheet":"Value added and employment","index":8,"n_rows":32,"n_cols":13,"rows_kept":32,"cut":false,"hidden":false,"merged":[[0,0,0,12],[2,2,2,3],[2,4,2,5],[2,6,2,7],[2,8,2,9]]}
["Online Appendix Table 1:  Value Added and Employment of Informal and Formal Firms"]
[]
[null,null,"Value Added per Worker",null,"Sales",null,"Employment",null,"% Top Manager College",null,null,null,"Value Added per Worker"]
["Country","Year","Informal","Formal","Informal","Formal","Informal","Formal","Informal","Formal",null,null,"Informal/Formal"]
["Afghanistan",2009,{"$f":"INDEX(sales_informal!$A$2:$D$28,MATCH(1,(sales_informal!$A$2:$A$28=A5)*(sales_informal!$B$2:$B$28=B5),0),3)","v":37417.46484375},{"$f":"INDEX(sales_formal!$A$2:$D$28,MATCH(1,(sales_formal!$A$2:$A$28=A5)*(sales_formal!$B$2:$B$28=B5),0),3)","v":70515.7265625},61790.859375,102899.5625,{"$f":"INDEX(employees_inf!$A$2:$D$28,MATCH(1,(employees_inf!$A$2:$A$28=A5)*(employees_inf!$B$2:$B$28=B5),0),4)","v":9.5957446808510642},{"$f":"INDEX(employees_formal!$A$2:$D$28,MATCH(1,(employees_formal!$A$2:$A$28=A5)*(employees_formal!$B$2:$B$28=B5),0),4)","v":32.146626499229541},".",".",null,null,{"$f":"C5/D5","v":0.53062581452076352}]
["Angola",2010,{"$f":"INDEX(sales_informal!$A$2:$D$28,MATCH(1,(sales_informal!$A$2:$A$28=A6)*(sales_informal!$B$2:$B$28=B6),0),3)","v":9905.80078125},{"$f":"INDEX(sales_formal!$A$2:$D$28,MATCH(1,(sales_formal!$A$2:$A$28=A6)*(sales_formal!$B$2:$B$28=B6),0),3)","v":105458.203125},15424.154296875,105369.5078125,{"$f":"INDEX(employees_inf!$A$2:$D$28,MATCH(1,(employees_inf!$A$2:$A$28=A6)*(employees_inf!$B$2:$B$28=B6),0),4)","v":9.2183908045977017},{"$f":"INDEX(employees_formal!$A$2:$D$28,MATCH(1,(employees_formal!$A$2:$A$28=A6)*(employees_formal!$B$2:$B$28=B6),0),4)","v":38.238244481221258},".",1,null,null,{"$f":"C6/D6","v":9.3931059772643932E-2}]
["Argentina",2010,{"$f":"INDEX(sales_informal!$A$2:$D$28,MATCH(1,(sales_informal!$A$2:$A$28=A7)*(sales_informal!$B$2:$B$28=B7),0),3)","v":1937.626708984375},{"$f":"INDEX(sales_formal!$A$2:$D$28,MATCH(1,(sales_formal!$A$2:$A$28=A7)*(sales_formal!$B$2:$B$28=B7),0),3)","v":43823.1015625},2472.904052734375,96826.34375,{"$f":"INDEX(employees_inf!$A$2:$D$28,MATCH(1,(employees_inf!$A$2:$A$28=A7)*(employees_inf!$B$2:$B$28=B7),0),4)","v":1.5825242718446602},{"$f":"INDEX(employees_formal!$A$2:$D$28,MATCH(1,(employees_formal!$A$2:$A$28=A7)*(employees_formal!$B$2:$B$28=B7),0),4)","v":237.63443997185146},".",".",null,null,4.4214732410506233E-2]
["Bangladesh",2003,{"$f":"INDEX(sales_informal!$A$2:$D$28,MATCH(1,(sales_informal!$A$2:$A$28=A8)*(sales_informal!$B$2:$B$28=B8),0),3)","v":1584.25146484375},{"$f":"INDEX(sales_formal!$A$2:$D$28,MATCH(1,(sales_formal!$A$2:$A$28=A8)*(sales_formal!$B$2:$B$28=B8),0),3)","v":8530.8662109375},4000.831298828125,28002.572265625,{"$f":"INDEX(employees_inf!$A$2:$D$28,MATCH(1,(employees_inf!$A$2:$A$28=A8)*(employees_inf!$B$2:$B$28=B8),0),4)","v":5.2385786802030454},{"$f":"INDEX(employees_formal!$A$2:$D$28,MATCH(1,(employees_formal!$A$2:$A$28=A8)*(employees_formal!$B$2:$B$28=B8),0),4)","v":297.68808290155442},4.5685280114412308E-2,0.71161049604415894,null,null,0.1857081597191815]
["Botswana",2010,{"$f":"INDEX(sales_informal!$A$2:$D$28,MATCH(1,(sales_informal!$A$2:$A$28=A9)*(sales_informal!$B$2:$B$28=B9),0),3)","v":4230.01416015625},{"$f":"INDEX(sales_formal!$A$2:$D$28,MATCH(1,(sales_formal!$A$2:$A$28=A9)*(sales_formal!$B$2:$B$28=B9),0),3)","v":30050.69921875},5847.287109375,68821.890625,{"$f":"INDEX(employees_inf!$A$2:$D$28,MATCH(1,(employees_inf!$A$2:$A$28=A9)*(employees_inf!$B$2:$B$28=B9),0),4)","v":2.6947368421052631},{"$f":"INDEX(employees_formal!$A$2:$D$28,MATCH(1,(employees_formal!$A$2:$A$28=A9)*(employees_formal!$B$2:$B$28=B9),0),4)","v":78.507342071785274},".",1,null,null,0.14076258689904131]
["Brazil",2003,{"$f":"INDEX(sales_informal!$A$2:$D$28,MATCH(1,(sales_informal!$A$2:$A$28=A10)*(sales_informal!$B$2:$B$28=B10),0),3)","v":7901.8681640625},{"$f":"INDEX(sales_formal!$A$2:$D$28,MATCH(1,(sales_formal!$A$2:$A$28=A10)*(sales_formal!$B$2:$B$28=B10),0),3)","v":27568.14453125},13325.5087890625,60069.96484375,{"$f":"INDEX(employees_inf!$A$2:$D$28,MATCH(1,(employees_inf!$A$2:$A$28=A10)*(employees_inf!$B$2:$B$28=B10),0),4)","v":2.4215116279069768},{"$f":"INDEX(employees_formal!$A$2:$D$28,MATCH(1,(employees_formal!$A$2:$A$28=A10)*(employees_formal!$B$2:$B$28=B10),0),4)","v":116.94798732274563},0.127976194024086,0.65146356821060181,null,null,0.28663039527761108]
["Burkina Faso",2009,{"$f":"INDEX(sales_informal!$A$2:$D$28,MATCH(1,(sales_informal!$A$2:$A$28=A11)*(sales_informal!$B$2:$B$28=B11),0),3)","v":19031.732421875},{"$f":"INDEX(sales_formal!$A$2:$D$28,MATCH(1,(sales_formal!$A$2:$A$28=A11)*(sales_formal!$B$2:$B$28=B11),0),3)","v":121129.2578125},38490.82421875,164114.03125,{"$f":"INDEX(employees_inf!$A$2:$D$28,MATCH(1,(employees_inf!$A$2:$A$28=A11)*(employees_inf!$B$2:$B$28=B11),0),4)","v":1.2252252252252251},{"$f":"INDEX(employees_formal!$A$2:$D$28,MATCH(1,(employees_formal!$A$2:$A$28=A11)*(employees_formal!$B$2:$B$28=B11),0),4)","v":88.911764786023056},3.6036036908626556E-2,1,null,null,0.15711920278860167]
["Cambodia",2003,{"$f":"INDEX(sales_informal!$A$2:$D$28,MATCH(1,(sales_informal!$A$2:$A$28=A12)*(sales_informal!$B$2:$B$28=B12),0),3)","v":2415.090576171875},{"$f":"INDEX(sales_formal!$A$2:$D$28,MATCH(1,(sales_formal!$A$2:$A$28=A12)*(sales_formal!$B$2:$B$28=B12),0),3)","v":8620.3740234375},3952.763916015625,18586.763671875,{"$f":"INDEX(employees_inf!$A$2:$D$28,MATCH(1,(employees_inf!$A$2:$A$28=A12)*(employees_inf!$B$2:$B$28=B12),0),4)","v":5.6186046511627907},{"$f":"INDEX(employees_formal!$A$2:$D$28,MATCH(1,(employees_formal!$A$2:$A$28=A12)*(employees_formal!$B$2:$B$28=B12),0),4)","v":100.5616150926439},1.8604651093482971E-2,0.34362933039665222,null,null,0.28016076444080118]
["Cameroon",2009,{"$f":"INDEX(sales_informal!$A$2:$D$28,MATCH(1,(sales_informal!$A$2:$A$28=A13)*(sales_informal!$B$2:$B$28=B13),0),3)","v":12776.595703125},{"$f":"INDEX(sales_formal!$A$2:$D$28,MATCH(1,(sales_formal!$A$2:$A$28=A13)*(sales_formal!$B$2:$B$28=B13),0),3)","v":38173.40625},16137.5576171875,72641.203125,{"$f":"INDEX(employees_inf!$A$2:$D$28,MATCH(1,(employees_inf!$A$2:$A$28=A13)*(employees_inf!$B$2:$B$28=B13),0),4)","v":1.6280991735537189},{"$f":"INDEX(employees_formal!$A$2:$D$28,MATCH(1,(employees_formal!$A$2:$A$28=A13)*(employees_formal!$B$2:$B$28=B13),0),4)","v":106.09862035124965},0.104347825050354,1,null,null,0.33469886390148901]
["Cape Verde",2006,{"$f":"INDEX(sales_informal!$A$2:$D$28,MATCH(1,(sales_informal!$A$2:$A$28=A14)*(sales_informal!$B$2:$B$28=B14),0),3)","v":6247.1796875},{"$f":"INDEX(sales_formal!$A$2:$D$28,MATCH(1,(sales_formal!$A$2:$A$28=A14)*(sales_formal!$B$2:$B$28=B14),0),3)","v":9191.9462890625},9162.6494140625,20964.521484375,{"$f":"INDEX(employees_inf!$A$2:$D$28,MATCH(1,(employees_inf!$A$2:$A$28=A14)*(employees_inf!$B$2:$B$28=B14),0),4)","v":2.233009708737864},{"$f":"INDEX(employees_formal!$A$2:$D$28,MATCH(1,(employees_formal!$A$2:$A$28=A14)*(employees_formal!$B$2:$B$28=B14),0),4)","v":18.34587812936434},8.9108914136886597E-2,0.32608696818351746,null,null,0.67963622621832775]
["Cape Verde",2009,{"$f":"INDEX(sales_informal!$A$2:$D$28,MATCH(1,(sales_informal!$A$2:$A$28=A15)*(sales_informal!$B$2:$B$28=B15),0),3)","v":36097.64453125},{"$f":"INDEX(sales_formal!$A$2:$D$28,MATCH(1,(sales_formal!$A$2:$A$28=A15)*(sales_formal!$B$2:$B$28=B15),0),3)","v":51546.1953125},40387.34375,54489.1015625,{"$f":"INDEX(employees_inf!$A$2:$D$28,MATCH(1,(employees_inf!$A$2:$A$28=A15)*(employees_inf!$B$2:$B$28=B15),0),4)","v":0.91463414634146345},{"$f":"INDEX(employees_formal!$A$2:$D$28,MATCH(1,(employees_formal!$A$2:$A$28=A15)*(employees_formal!$B$2:$B$28=B15),0),4)","v":57.729927062988281},3.8961037993431091E-2,1,null,null,0.7002969726942444]
["Congo, Dem. Rep.",2010,{"$f":"INDEX(sales_informal!$A$2:$D$28,MATCH(1,(sales_informal!$A$2:$A$28=A16)*(sales_informal!$B$2:$B$28=B16),0),3)","v":3753.49267578125},{"$f":"INDEX(sales_formal!$A$2:$D$28,MATCH(1,(sales_formal!$A$2:$A$28=A16)*(sales_formal!$B$2:$B$28=B16),0),3)","v":344411.75},5462.08203125,819006.5625,{"$f":"INDEX(employees_inf!$A$2:$D$28,MATCH(1,(employees_inf!$A$2:$A$28=A16)*(employees_inf!$B$2:$B$28=B16),0),4)","v":3.8611111111111112},{"$f":"INDEX(employees_formal!$A$2:$D$28,MATCH(1,(employees_formal!$A$2:$A$28=A16)*(employees_formal!$B$2:$B$28=B16),0),4)","v":69.777316730546758},".",1,null,null,1.0898271257531865E-2]
["Egypt, Arab Rep.",2008,{"$f":"INDEX(sales_informal!$A$2:$D$28,MATCH(1,(sales_informal!$A$2:$A$28=A17)*(sales_informal!$B$2:$B$28=B17),0),3)","v":2947.053466796875},{"$f":"INDEX(sales_formal!$A$2:$D$28,MATCH(1,(sales_formal!$A$2:$A$28=A17)*(sales_formal!$B$2:$B$28=B17),0),3)","v":25514.693359375},4897.01513671875,65307.765625,{"$f":"INDEX(employees_inf!$A$2:$D$28,MATCH(1,(employees_inf!$A$2:$A$28=A17)*(employees_inf!$B$2:$B$28=B17),0),4)","v":4.1229946524064172},{"$f":"INDEX(employees_formal!$A$2:$D$28,MATCH(1,(employees_formal!$A$2:$A$28=A17)*(employees_formal!$B$2:$B$28=B17),0),4)","v":239.45357142857142},3.3689839765429497E-3,".",null,null,0.11550416951078205]
["Guatemala",2003,{"$f":"INDEX(sales_informal!$A$2:$D$28,MATCH(1,(sales_informal!$A$2:$A$28=A18)*(sales_informal!$B$2:$B$28=B18),0),3)","v":1924.60107421875},{"$f":"INDEX(sales_formal!$A$2:$D$28,MATCH(1,(sales_formal!$A$2:$A$28=A18)*(sales_formal!$B$2:$B$28=B18),0),3)","v":13085.2470703125},4485.94189453125,31782.763671875,{"$f":"INDEX(employees_inf!$A$2:$D$28,MATCH(1,(employees_inf!$A$2:$A$28=A18)*(employees_inf!$B$2:$B$28=B18),0),4)","v":3.7357512953367875},{"$f":"INDEX(employees_formal!$A$2:$D$28,MATCH(1,(employees_formal!$A$2:$A$28=A18)*(employees_formal!$B$2:$B$28=B18),0),4)","v":113.91445635863893},7.7519379556179047E-2,0.74005305767059326,null,null,0.14708175274620833]
["Guatemala",2010,{"$f":"INDEX(sales_informal!$A$2:$D$28,MATCH(1,(sales_informal!$A$2:$A$28=A19)*(sales_informal!$B$2:$B$28=B19),0),3)","v":2675.93505859375},{"$f":"INDEX(sales_formal!$A$2:$D$28,MATCH(1,(sales_formal!$A$2:$A$28=A19)*(sales_formal!$B$2:$B$28=B19),0),3)","v":39346.76953125},3356.5361328125,93875.484375,{"$f":"INDEX(employees_inf!$A$2:$D$28,MATCH(1,(employees_inf!$A$2:$A$28=A19)*(employees_inf!$B$2:$B$28=B19),0),4)","v":1.46875},{"$f":"INDEX(employees_formal!$A$2:$D$28,MATCH(1,(employees_formal!$A$2:$A$28=A19)*(employees_formal!$B$2:$B$28=B19),0),4)","v":154.34433985768624},".",".",null,null,6.8009015491563241E-2]
["India",2002,{"$f":"INDEX(sales_informal!$A$2:$D$28,MATCH(1,(sales_informal!$A$2:$A$28=A20)*(sales_informal!$B$2:$B$28=B20),0),3)","v":3118.3955078125},{"$f":"INDEX(sales_formal!$A$2:$D$28,MATCH(1,(sales_formal!$A$2:$A$28=A20)*(sales_formal!$B$2:$B$28=B20),0),3)","v":17569.01171875},6238.92626953125,50313.04296875,{"$f":"INDEX(employees_inf!$A$2:$D$28,MATCH(1,(employees_inf!$A$2:$A$28=A20)*(employees_inf!$B$2:$B$28=B20),0),4)","v":4.6948775055679288},{"$f":"INDEX(employees_formal!$A$2:$D$28,MATCH(1,(employees_formal!$A$2:$A$28=A20)*(employees_formal!$B$2:$B$28=B20),0),4)","v":97.583333333333329},0,0.8928571343421936,null,null,0.17749407637337314]
["Indonesia",2003,{"$f":"INDEX(sales_informal!$A$2:$D$28,MATCH(1,(sales_informal!$A$2:$A$28=A21)*(sales_informal!$B$2:$B$28=B21),0),3)","v":2768.63330078125},{"$f":"INDEX(sales_formal!$A$2:$D$28,MATCH(1,(sales_formal!$A$2:$A$28=A21)*(sales_formal!$B$2:$B$28=B21),0),3)","v":17834.126953125},5147.11181640625,42220.07421875,{"$f":"INDEX(employees_inf!$A$2:$D$28,MATCH(1,(employees_inf!$A$2:$A$28=A21)*(employees_inf!$B$2:$B$28=B21),0),4)","v":3.7862318840579712},{"$f":"INDEX(employees_formal!$A$2:$D$28,MATCH(1,(employees_formal!$A$2:$A$28=A21)*(employees_formal!$B$2:$B$28=B21),0),4)","v":587.16250000000002},0,0.63849765062332153,null,null,0.15524355680871241]
["Kenya",2003,{"$f":"INDEX(sales_informal!$A$2:$D$28,MATCH(1,(sales_informal!$A$2:$A$28=A22)*(sales_informal!$B$2:$B$28=B22),0),3)","v":3687.610107421875},{"$f":"INDEX(sales_formal!$A$2:$D$28,MATCH(1,(sales_formal!$A$2:$A$28=A22)*(sales_formal!$B$2:$B$28=B22),0),3)","v":35844.55859375},6619.67724609375,102614.890625,{"$f":"INDEX(employees_inf!$A$2:$D$28,MATCH(1,(employees_inf!$A$2:$A$28=A22)*(employees_inf!$B$2:$B$28=B22),0),4)","v":3.5081081081081082},{"$f":"INDEX(employees_formal!$A$2:$D$28,MATCH(1,(employees_formal!$A$2:$A$28=A22)*(employees_formal!$B$2:$B$28=B22),0),4)","v":148.6258064516129},5.5248618125915527E-2,0.70967739820480347,null,null,0.10287782168601907]
["Mali",2010,{"$f":"INDEX(sales_informal!$A$2:$D$28,MATCH(1,(sales_informal!$A$2:$A$28=A23)*(sales_informal!$B$2:$B$28=B23),0),3)","v":4095.55322265625},{"$f":"INDEX(sales_formal!$A$2:$D$28,MATCH(1,(sales_formal!$A$2:$A$28=A23)*(sales_formal!$B$2:$B$28=B23),0),3)","v":21846.849609375},5862.04931640625,31438.279296875,{"$f":"INDEX(employees_inf!$A$2:$D$28,MATCH(1,(employees_inf!$A$2:$A$28=A23)*(employees_inf!$B$2:$B$28=B23),0),4)","v":4.4597701149425291},{"$f":"INDEX(employees_formal!$A$2:$D$28,MATCH(1,(employees_formal!$A$2:$A$28=A23)*(employees_formal!$B$2:$B$28=B23),0),4)","v":34.122395836881232},".",1,null,null,0.1874665361773146]
["Nepal",2009,{"$f":"INDEX(sales_informal!$A$2:$D$28,MATCH(1,(sales_informal!$A$2:$A$28=A24)*(sales_informal!$B$2:$B$28=B24),0),3)","v":4769.0888671875},{"$f":"INDEX(sales_formal!$A$2:$D$28,MATCH(1,(sales_formal!$A$2:$A$28=A24)*(sales_formal!$B$2:$B$28=B24),0),3)","v":18299.419921875},".",64464.4375,{"$f":"INDEX(employees_inf!$A$2:$D$28,MATCH(1,(employees_inf!$A$2:$A$28=A24)*(employees_inf!$B$2:$B$28=B24),0),4)","v":6},{"$f":"INDEX(employees_formal!$A$2:$D$28,MATCH(1,(employees_formal!$A$2:$A$28=A24)*(employees_formal!$B$2:$B$28=B24),0),4)","v":41.63356809347448},0.20000000298023224,".",null,null,0.26061421004315904]
["Niger",2005,{"$f":"INDEX(sales_informal!$A$2:$D$28,MATCH(1,(sales_informal!$A$2:$A$28=A25)*(sales_informal!$B$2:$B$28=B25),0),3)","v":12624.357421875},{"$f":"INDEX(sales_formal!$A$2:$D$28,MATCH(1,(sales_formal!$A$2:$A$28=A25)*(sales_formal!$B$2:$B$28=B25),0),3)","v":322051.125},".",375277.3125,{"$f":"INDEX(employees_inf!$A$2:$D$28,MATCH(1,(employees_inf!$A$2:$A$28=A25)*(employees_inf!$B$2:$B$28=B25),0),4)","v":4.5188679245283021},{"$f":"INDEX(employees_formal!$A$2:$D$28,MATCH(1,(employees_formal!$A$2:$A$28=A25)*(employees_formal!$B$2:$B$28=B25),0),4)","v":42.018867600638913},4.6875E-2,0.5116279125213623,null,null,3.91998550598915E-2]
["Pakistan",2003,{"$f":"INDEX(sales_informal!$A$2:$D$28,MATCH(1,(sales_informal!$A$2:$A$28=A26)*(sales_informal!$B$2:$B$28=B26),0),3)","v":2381.677001953125},{"$f":"INDEX(sales_formal!$A$2:$D$28,MATCH(1,(sales_formal!$A$2:$A$28=A26)*(sales_formal!$B$2:$B$28=B26),0),3)","v":33029.01953125},3778.080322265625,92614.578125,{"$f":"INDEX(employees_inf!$A$2:$D$28,MATCH(1,(employees_inf!$A$2:$A$28=A26)*(employees_inf!$B$2:$B$28=B26),0),4)","v":4.103286384976526},{"$f":"INDEX(employees_formal!$A$2:$D$28,MATCH(1,(employees_formal!$A$2:$A$28=A26)*(employees_formal!$B$2:$B$28=B26),0),4)","v":194.45283018867926},6.1320755630731583E-2,0.86792451143264771,null,null,7.2108619503516616E-2]
["Peru",2010,{"$f":"INDEX(sales_informal!$A$2:$D$28,MATCH(1,(sales_informal!$A$2:$A$28=A27)*(sales_informal!$B$2:$B$28=B27),0),3)","v":5135.36767578125},{"$f":"INDEX(sales_formal!$A$2:$D$28,MATCH(1,(sales_formal!$A$2:$A$28=A27)*(sales_formal!$B$2:$B$28=B27),0),3)","v":41633.05859375},7460.57763671875,100155.421875,{"$f":"INDEX(employees_inf!$A$2:$D$28,MATCH(1,(employees_inf!$A$2:$A$28=A27)*(employees_inf!$B$2:$B$28=B27),0),4)","v":2.2903225806451615},{"$f":"INDEX(employees_formal!$A$2:$D$28,MATCH(1,(employees_formal!$A$2:$A$28=A27)*(employees_formal!$B$2:$B$28=B27),0),4)","v":205.58481163724827},".",null,null,null,0.12334831619966968]
["Rwanda",2011,{"$f":"INDEX(sales_informal!$A$2:$D$28,MATCH(1,(sales_informal!$A$2:$A$28=A28)*(sales_informal!$B$2:$B$28=B28),0),3)","v":1290.1427001953125},{"$f":"INDEX(sales_formal!$A$2:$D$28,MATCH(1,(sales_formal!$A$2:$A$28=A28)*(sales_formal!$B$2:$B$28=B28),0),3)","v":46876},3719.586181640625,65860.390625,{"$f":"INDEX(employees_inf!$A$2:$D$28,MATCH(1,(employees_inf!$A$2:$A$28=A28)*(employees_inf!$B$2:$B$28=B28),0),4)","v":2.3608247422680413},{"$f":"INDEX(employees_formal!$A$2:$D$28,MATCH(1,(employees_formal!$A$2:$A$28=A28)*(employees_formal!$B$2:$B$28=B28),0),4)","v":73.086469268286095},".",1,null,null,2.7522457125081331E-2]
["Senegal",2003,{"$f":"INDEX(sales_informal!$A$2:$D$28,MATCH(1,(sales_informal!$A$2:$A$28=A29)*(sales_informal!$B$2:$B$28=B29),0),3)","v":3604.744140625},{"$f":"INDEX(sales_formal!$A$2:$D$28,MATCH(1,(sales_formal!$A$2:$A$28=A29)*(sales_formal!$B$2:$B$28=B29),0),3)","v":26043.349609375},5317.4052734375,70592,{"$f":"INDEX(employees_inf!$A$2:$D$28,MATCH(1,(employees_inf!$A$2:$A$28=A29)*(employees_inf!$B$2:$B$28=B29),0),4)","v":5.3195876288659791},{"$f":"INDEX(employees_formal!$A$2:$D$28,MATCH(1,(employees_formal!$A$2:$A$28=A29)*(employees_formal!$B$2:$B$28=B29),0),4)","v":91.300848441666332},0.15979380905628204,0.48469388484954834,null,null,0.13841323004500833]
["Tanzania",2003,{"$f":"INDEX(sales_informal!$A$2:$D$28,MATCH(1,(sales_informal!$A$2:$A$28=A30)*(sales_informal!$B$2:$B$28=B30),0),3)","v":1521.7054443359375},{"$f":"INDEX(sales_formal!$A$2:$D$28,MATCH(1,(sales_formal!$A$2:$A$28=A30)*(sales_formal!$B$2:$B$28=B30),0),3)","v":20682.337890625},1806.747802734375,".",{"$f":"INDEX(employees_inf!$A$2:$D$28,MATCH(1,(employees_inf!$A$2:$A$28=A30)*(employees_inf!$B$2:$B$28=B30),0),4)","v":3.4448051948051948},{"$f":"INDEX(employees_formal!$A$2:$D$28,MATCH(1,(employees_formal!$A$2:$A$28=A30)*(employees_formal!$B$2:$B$28=B30),0),4)","v":82.556026330101957},1.3029315508902073E-2,0.64367818832397461,null,null,7.3575117686560193E-2]
["Uganda",2003,{"$f":"INDEX(sales_informal!$A$2:$D$28,MATCH(1,(sales_informal!$A$2:$A$28=A31)*(sales_informal!$B$2:$B$28=B31),0),3)","v":3547.262939453125},{"$f":"INDEX(sales_formal!$A$2:$D$28,MATCH(1,(sales_formal!$A$2:$A$28=A31)*(sales_formal!$B$2:$B$28=B31),0),3)","v":23334.47265625},6537.71337890625,53576.3515625,{"$f":"INDEX(employees_inf!$A$2:$D$28,MATCH(1,(employees_inf!$A$2:$A$28=A31)*(employees_inf!$B$2:$B$28=B31),0),4)","v":4.5789473684210522},{"$f":"INDEX(employees_formal!$A$2:$D$28,MATCH(1,(employees_formal!$A$2:$A$28=A31)*(employees_formal!$B$2:$B$28=B31),0),4)","v":71.383419689119165},0.19230769574642181,0.34196892380714417,null,null,{"$f":"C31/D31","v":0.15201813178764989}]
["Average",null,{"$f":"AVERAGE(C5:C31)","v":7384.8477647569443},{"$f":"AVERAGE(D5:D31)","v":57852.211516203701},{"$f":"AVERAGE(E5:E31)","v":11267.285371093751},{"$f":"AVERAGE(F5:F31)","v":109687.87762920673},3.8750109743915147,126.65966999693119,7.0565749994582594E-2,0.75541757260050091,null,null,0.19574666356093534]

{"sheet":"Costs and Benefits Registering","index":9,"n_rows":15,"n_cols":19,"rows_kept":15,"cut":false,"hidden":false,"merged":[[0,0,0,8],[1,0,1,8],[2,0,2,8]]}
["Online Appendix Table 2: Costs and benefits of registering"]
[]
["Percentage of Informal Survey respondents rating the following as either the most important or second most important benefit that their firm could obtain from registering"]
[null,"Better access to financing","Better access to raw materials","Better access to markets","Less bribes to pay","Better opportunities with formal firms","More access to government programs or services","Better legal foundations on the property","Better access to infrastructure service"]
["Angola 2010",{"$f":"VALUE(L5)","v":0.71428573129999995},0.3613445461,7.5630254999999993E-2,9.2436976700000006E-2,3.3613447099999999E-2,1.6806723499999999E-2,0.12605042759999999,1.6806723499999999E-2,"AGO2010","AGO2010",0.71428573129999995,0.3613445461,7.5630254999999993E-2,9.2436976700000006E-2,3.3613447099999999E-2,1.6806723499999999E-2,0.12605042759999999,1.6806723499999999E-2]
["Burkina Faso 2009",0.63247865439999995,0.26890757679999999,0.12820513550000001,0.26271185279999998,5.1282052000000002E-2,7.6923079800000002E-2,2.5641026000000001E-2,1.7094017900000001E-2,"BFA2009","BFA2009",0.63247865439999995,0.26890757679999999,0.12820513550000001,0.26271185279999998,5.1282052000000002E-2,7.6923079800000002E-2,2.5641026000000001E-2,1.7094017900000001E-2]
["Botswana 2010",1,1.12359552E-2,0.17977528270000001,1.12359552E-2,8.9887641399999996E-2,6.7415729199999996E-2,2.2471910300000002E-2,6.7415729199999996E-2,"BTW2010","BTW2010",1,1.12359552E-2,0.17977528270000001,1.12359552E-2,8.9887641399999996E-2,6.7415729199999996E-2,2.2471910300000002E-2,6.7415729199999996E-2]
["Cameroon 2009",0.67213112119999996,0.38524588939999999,0.18032786249999999,0.32786884900000002,0.13114753370000001,2.45901644E-2,6.5573766800000002E-2,1.6393441700000001E-2,"CMR2009","CMR2009",0.67213112119999996,0.38524588939999999,0.18032786249999999,0.32786884900000002,0.13114753370000001,2.45901644E-2,6.5573766800000002E-2,1.6393441700000001E-2]
["Congo, Dem Rep 2010",0.69999998809999997,0.2066666633,0.2066666633,0.11333333700000001,0.1000000015,1.9999999599999999E-2,2.6666667299999999E-2,6.6666670100000006E-2,"COD2010","COD2010",0.69999998809999997,0.2066666633,0.2066666633,0.11333333700000001,0.1000000015,1.9999999599999999E-2,2.6666667299999999E-2,6.6666670100000006E-2]
["Capo Verde 2009",0.69767439369999995,0.3178294599,0.1395348907,0.14728681739999999,0.10077519710000001,7.7519379999999999E-3,3.10077518E-2,0,"CPV2009","CPV2009",0.69767439369999995,0.3178294599,0.1395348907,0.14728681739999999,0.10077519710000001,7.7519379999999999E-3,3.10077518E-2,0]
["Mauritius 2009",0.6725663543,0.2456140369,0.13636364040000001,0.15789473060000001,2.7272727300000001E-2,9.0909093600000004E-2,9.9099099600000004E-2,6.3636362599999996E-2,"MAU2009","MAU2009",0.6725663543,0.2456140369,0.13636364040000001,0.15789473060000001,2.7272727300000001E-2,9.0909093600000004E-2,9.9099099600000004E-2,6.3636362599999996E-2]
["Madagascar 2009",0.72440946100000003,0.46456691620000001,0.1732283533,2.3622047199999999E-2,0.1496063024,8.6614176599999995E-2,6.2992125699999998E-2,3.9370078599999997E-2,"MGD2009","MGD2009",0.72440946100000003,0.46456691620000001,0.1732283533,2.3622047199999999E-2,0.1496063024,8.6614176599999995E-2,6.2992125699999998E-2,3.9370078599999997E-2]
["Mali 2010",0.84347826240000001,0.33043476939999999,0.14159291979999999,0.2586206794,2.6548672499999999E-2,2.6548672499999999E-2,1.7699115000000001E-2,0,"MLI2010","MLI2010",0.84347826240000001,0.33043476939999999,0.14159291979999999,0.2586206794,2.6548672499999999E-2,2.6548672499999999E-2,1.7699115000000001E-2,0]
["Nepal 2009",0.63999998570000005,5.9999998700000001E-2,3.9999999100000003E-2,0,0.1000000015,0.11999999729999999,3.9999999100000003E-2,0,"NPL2009","NPL2009",0.63999998570000005,5.9999998700000001E-2,3.9999999100000003E-2,0,0.1000000015,0.11999999729999999,3.9999999100000003E-2,0]
["Average",{"$f":"AVERAGE(B5:B14)","v":0.72970239520999991},{"$f":"AVERAGE(C5:C14)","v":0.26518458118999999},0.14013250023000001,0.13950112453000002,8.1013357650000006E-2,5.3755957449999989E-2,5.172018892E-2,2.8738302360000002E-2]

{"sheet":"Regression for Figure 5","index":10,"n_rows":215,"n_cols":2,"rows_kept":215,"cut":false,"hidden":false,"merged":[[0,0,0,1],[2,0,2,1]]}
["Online Appendix:  Figure 5 Regression"]
[]
["Dependent Variable is Change in self-employment"]
["ln(GDP per capitat / GDP per capitat-1)","-7.1482a"]
[{"$f":"\"\"","v":""},{"$f":"\"(1.4772)\"","v":"(1.4772)"}]
[]
["ln(Labor forcet / Labor forcet-1)","10.6441a"]
[{"$f":"\"\"","v":""},{"$f":"\"(3.6289)\"","v":"(3.6289)"}]
[]
[{"$f":"\"_ICountryCo_2\"","v":"_ICountryCo_2"},{"$f":"\"0.2130a\"","v":"0.2130a"}]
[{"$f":"\"\"","v":""},{"$f":"\"(0.0286)\"","v":"(0.0286)"}]
[]
[{"$f":"\"_ICountryCo_3\"","v":"_ICountryCo_3"},{"$f":"\"0.0172\"","v":"0.0172"}]
[{"$f":"\"\"","v":""},{"$f":"\"(0.0309)\"","v":"(0.0309)"}]
[]
[{"$f":"\"_ICountryCo_4\"","v":"_ICountryCo_4"},{"$f":"\"0.4761a\"","v":"0.4761a"}]
[{"$f":"\"\"","v":""},{"$f":"\"(0.0238)\"","v":"(0.0238)"}]
[]
[{"$f":"\"_ICountryCo_5\"","v":"_ICountryCo_5"},{"$f":"\"-0.0045\"","v":"-0.0045"}]
[{"$f":"\"\"","v":""},{"$f":"\"(0.0727)\"","v":"(0.0727)"}]
[]
[{"$f":"\"_ICountryCo_6\"","v":"_ICountryCo_6"},{"$f":"\"-0.1178a\"","v":"-0.1178a"}]
[{"$f":"\"\"","v":""},{"$f":"\"(0.0231)\"","v":"(0.0231)"}]
[]
[{"$f":"\"_ICountryCo_7\"","v":"_ICountryCo_7"},{"$f":"\"0.4236a\"","v":"0.4236a"}]
[{"$f":"\"\"","v":""},{"$f":"\"(0.0426)\"","v":"(0.0426)"}]
[]
[{"$f":"\"_ICountryCo_8\"","v":"_ICountryCo_8"},{"$f":"\"-0.0526a\"","v":"-0.0526a"}]
[{"$f":"\"\"","v":""},{"$f":"\"(0.0192)\"","v":"(0.0192)"}]
[]
[{"$f":"\"_ICountryCo_9\"","v":"_ICountryCo_9"},{"$f":"\"0.2116a\"","v":"0.2116a"}]
[{"$f":"\"\"","v":""},{"$f":"\"(0.0381)\"","v":"(0.0381)"}]
[]
[{"$f":"\"_ICountryCo_10\"","v":"_ICountryCo_10"},{"$f":"\"0.2524a\"","v":"0.2524a"}]
[{"$f":"\"\"","v":""},{"$f":"\"(0.0554)\"","v":"(0.0554)"}]
[]
[{"$f":"\"_ICountryCo_11\"","v":"_ICountryCo_11"},{"$f":"\"0.9579a\"","v":"0.9579a"}]
[{"$f":"\"\"","v":""},{"$f":"\"(0.0993)\"","v":"(0.0993)"}]
[]
[{"$f":"\"_ICountryCo_12\"","v":"_ICountryCo_12"},{"$f":"\"-0.3047a\"","v":"-0.3047a"}]
[{"$f":"\"\"","v":""},{"$f":"\"(0.0941)\"","v":"(0.0941)"}]
[]
[{"$f":"\"_ICountryCo_13\"","v":"_ICountryCo_13"},{"$f":"\"0.9012a\"","v":"0.9012a"}]
[{"$f":"\"\"","v":""},{"$f":"\"(0.0521)\"","v":"(0.0521)"}]
[]
[{"$f":"\"_ICountryCo_14\"","v":"_ICountryCo_14"},{"$f":"\"0.7091a\"","v":"0.7091a"}]
[{"$f":"\"\"","v":""},{"$f":"\"(0.0622)\"","v":"(0.0622)"}]
[]
[{"$f":"\"_ICountryCo_15\"","v":"_ICountryCo_15"},{"$f":"\"0.3277a\"","v":"0.3277a"}]
[{"$f":"\"\"","v":""},{"$f":"\"(0.0494)\"","v":"(0.0494)"}]
[]
[{"$f":"\"_ICountryCo_16\"","v":"_ICountryCo_16"},{"$f":"\"0.2294a\"","v":"0.2294a"}]
[{"$f":"\"\"","v":""},{"$f":"\"(0.0700)\"","v":"(0.0700)"}]
[]
[{"$f":"\"_ICountryCo_17\"","v":"_ICountryCo_17"},{"$f":"\"0.1416a\"","v":"0.1416a"}]
[{"$f":"\"\"","v":""},{"$f":"\"(0.0473)\"","v":"(0.0473)"}]
[]
[{"$f":"\"_ICountryCo_18\"","v":"_ICountryCo_18"},{"$f":"\"0.7427a\"","v":"0.7427a"}]
[{"$f":"\"\"","v":""},{"$f":"\"(0.0933)\"","v":"(0.0933)"}]
[]
[{"$f":"\"_ICountryCo_19\"","v":"_ICountryCo_19"},{"$f":"\"0.0068\"","v":"0.0068"}]
[{"$f":"\"\"","v":""},{"$f":"\"(0.0550)\"","v":"(0.0550)"}]
[]
[{"$f":"\"_ICountryCo_20\"","v":"_ICountryCo_20"},{"$f":"\"-0.2856a\"","v":"-0.2856a"}]
[{"$f":"\"\"","v":""},{"$f":"\"(0.0144)\"","v":"(0.0144)"}]
[]
[{"$f":"\"_ICountryCo_21\"","v":"_ICountryCo_21"},{"$f":"\"0.7254a\"","v":"0.7254a"}]
[{"$f":"\"\"","v":""},{"$f":"\"(0.0959)\"","v":"(0.0959)"}]
[]
[{"$f":"\"_ICountryCo_22\"","v":"_ICountryCo_22"},{"$f":"\"0.2477a\"","v":"0.2477a"}]
[{"$f":"\"\"","v":""},{"$f":"\"(0.0627)\"","v":"(0.0627)"}]
[]
[{"$f":"\"_ICountryCo_23\"","v":"_ICountryCo_23"},{"$f":"\"0.0532\"","v":"0.0532"}]
[{"$f":"\"\"","v":""},{"$f":"\"(0.0439)\"","v":"(0.0439)"}]
[]
[{"$f":"\"_ICountryCo_24\"","v":"_ICountryCo_24"},{"$f":"\"0.3823a\"","v":"0.3823a"}]
[{"$f":"\"\"","v":""},{"$f":"\"(0.0504)\"","v":"(0.0504)"}]
[]
[{"$f":"\"_ICountryCo_25\"","v":"_ICountryCo_25"},{"$f":"\"0.9791a\"","v":"0.9791a"}]
[{"$f":"\"\"","v":""},{"$f":"\"(0.0764)\"","v":"(0.0764)"}]
[]
[{"$f":"\"_ICountryCo_26\"","v":"_ICountryCo_26"},{"$f":"\"-0.2667a\"","v":"-0.2667a"}]
[{"$f":"\"\"","v":""},{"$f":"\"(0.0379)\"","v":"(0.0379)"}]
[]
[{"$f":"\"_ICountryCo_27\"","v":"_ICountryCo_27"},{"$f":"\"0.2213a\"","v":"0.2213a"}]
[{"$f":"\"\"","v":""},{"$f":"\"(0.0192)\"","v":"(0.0192)"}]
[]
[{"$f":"\"_ICountryCo_28\"","v":"_ICountryCo_28"},{"$f":"\"0.3125a\"","v":"0.3125a"}]
[{"$f":"\"\"","v":""},{"$f":"\"(0.1100)\"","v":"(0.1100)"}]
[]
[{"$f":"\"_ICountryCo_29\"","v":"_ICountryCo_29"},{"$f":"\"0.0179\"","v":"0.0179"}]
[{"$f":"\"\"","v":""},{"$f":"\"(0.0869)\"","v":"(0.0869)"}]
[]
[{"$f":"\"_ICountryCo_30\"","v":"_ICountryCo_30"},{"$f":"\"0.3201a\"","v":"0.3201a"}]
[{"$f":"\"\"","v":""},{"$f":"\"(0.0748)\"","v":"(0.0748)"}]
[]
[{"$f":"\"_ICountryCo_31\"","v":"_ICountryCo_31"},{"$f":"\"-0.1036a\"","v":"-0.1036a"}]
[{"$f":"\"\"","v":""},{"$f":"\"(0.0105)\"","v":"(0.0105)"}]
[]
[{"$f":"\"_ICountryCo_32\"","v":"_ICountryCo_32"},{"$f":"\"-0.1967a\"","v":"-0.1967a"}]
[{"$f":"\"\"","v":""},{"$f":"\"(0.0376)\"","v":"(0.0376)"}]
[]
[{"$f":"\"_ICountryCo_33\"","v":"_ICountryCo_33"},{"$f":"\"0.0577a\"","v":"0.0577a"}]
[{"$f":"\"\"","v":""},{"$f":"\"(0.0190)\"","v":"(0.0190)"}]
[]
[{"$f":"\"_ICountryCo_34\"","v":"_ICountryCo_34"},{"$f":"\"-0.1367a\"","v":"-0.1367a"}]
[{"$f":"\"\"","v":""},{"$f":"\"(0.0501)\"","v":"(0.0501)"}]
[]
[{"$f":"\"_ICountryCo_35\"","v":"_ICountryCo_35"},{"$f":"\"0.1122c\"","v":"0.1122c"}]
[{"$f":"\"\"","v":""},{"$f":"\"(0.0633)\"","v":"(0.0633)"}]
[]
[{"$f":"\"_ICountryCo_36\"","v":"_ICountryCo_36"},{"$f":"\"0.1183b\"","v":"0.1183b"}]
[{"$f":"\"\"","v":""},{"$f":"\"(0.0555)\"","v":"(0.0555)"}]
[]
[{"$f":"\"_ICountryCo_37\"","v":"_ICountryCo_37"},{"$f":"\"-0.2024a\"","v":"-0.2024a"}]
[{"$f":"\"\"","v":""},{"$f":"\"(0.0667)\"","v":"(0.0667)"}]
[]
[{"$f":"\"_ICountryCo_38\"","v":"_ICountryCo_38"},{"$f":"\"-0.1451a\"","v":"-0.1451a"}]
[{"$f":"\"\"","v":""},{"$f":"\"(0.0369)\"","v":"(0.0369)"}]
[]
[{"$f":"\"_ICountryCo_39\"","v":"_ICountryCo_39"},{"$f":"\"0.3926a\"","v":"0.3926a"}]
[{"$f":"\"\"","v":""},{"$f":"\"(0.0453)\"","v":"(0.0453)"}]
[]
[{"$f":"\"_ICountryCo_40\"","v":"_ICountryCo_40"},{"$f":"\"0.0909\"","v":"0.0909"}]
[{"$f":"\"\"","v":""},{"$f":"\"(0.1044)\"","v":"(0.1044)"}]
[]
[{"$f":"\"_ICountryCo_41\"","v":"_ICountryCo_41"},{"$f":"\"0.0207\"","v":"0.0207"}]
[{"$f":"\"\"","v":""},{"$f":"\"(0.0272)\"","v":"(0.0272)"}]
[]
[{"$f":"\"_ICountryCo_42\"","v":"_ICountryCo_42"},{"$f":"\"0.5184a\"","v":"0.5184a"}]
[{"$f":"\"\"","v":""},{"$f":"\"(0.1042)\"","v":"(0.1042)"}]
[]
[{"$f":"\"_ICountryCo_43\"","v":"_ICountryCo_43"},{"$f":"\"0.0403\"","v":"0.0403"}]
[{"$f":"\"\"","v":""},{"$f":"\"(0.1201)\"","v":"(0.1201)"}]
[]
[{"$f":"\"_ICountryCo_44\"","v":"_ICountryCo_44"},{"$f":"\"0.2787a\"","v":"0.2787a"}]
[{"$f":"\"\"","v":""},{"$f":"\"(0.0417)\"","v":"(0.0417)"}]
[]
[{"$f":"\"_ICountryCo_45\"","v":"_ICountryCo_45"},{"$f":"\"0.5988a\"","v":"0.5988a"}]
[{"$f":"\"\"","v":""},{"$f":"\"(0.0277)\"","v":"(0.0277)"}]
[]
[{"$f":"\"_ICountryCo_46\"","v":"_ICountryCo_46"},{"$f":"\"-0.0775\"","v":"-0.0775"}]
[{"$f":"\"\"","v":""},{"$f":"\"(0.0645)\"","v":"(0.0645)"}]
[]
[{"$f":"\"_ICountryCo_47\"","v":"_ICountryCo_47"},{"$f":"\"0.3478a\"","v":"0.3478a"}]
[{"$f":"\"\"","v":""},{"$f":"\"(0.0194)\"","v":"(0.0194)"}]
[]
[{"$f":"\"_ICountryCo_48\"","v":"_ICountryCo_48"},{"$f":"\"0.0687b\"","v":"0.0687b"}]
[{"$f":"\"\"","v":""},{"$f":"\"(0.0304)\"","v":"(0.0304)"}]
[]
[{"$f":"\"_ICountryCo_49\"","v":"_ICountryCo_49"},{"$f":"\"-0.0353b\"","v":"-0.0353b"}]
[{"$f":"\"\"","v":""},{"$f":"\"(0.0134)\"","v":"(0.0134)"}]
[]
[{"$f":"\"_ICountryCo_50\"","v":"_ICountryCo_50"},{"$f":"\"-0.1524c\"","v":"-0.1524c"}]
[{"$f":"\"\"","v":""},{"$f":"\"(0.0835)\"","v":"(0.0835)"}]
[]
[{"$f":"\"_ICountryCo_51\"","v":"_ICountryCo_51"},{"$f":"\"0.5317a\"","v":"0.5317a"}]
[{"$f":"\"\"","v":""},{"$f":"\"(0.0919)\"","v":"(0.0919)"}]
[]
[{"$f":"\"_ICountryCo_52\"","v":"_ICountryCo_52"},{"$f":"\"-0.3048a\"","v":"-0.3048a"}]
[{"$f":"\"\"","v":""},{"$f":"\"(0.0290)\"","v":"(0.0290)"}]
[]
[{"$f":"\"_ICountryCo_53\"","v":"_ICountryCo_53"},{"$f":"\"0.2881a\"","v":"0.2881a"}]
[{"$f":"\"\"","v":""},{"$f":"\"(0.0689)\"","v":"(0.0689)"}]
[]
[{"$f":"\"_ICountryCo_54\"","v":"_ICountryCo_54"},{"$f":"\"0.3619a\"","v":"0.3619a"}]
[{"$f":"\"\"","v":""},{"$f":"\"(0.0601)\"","v":"(0.0601)"}]
[]
[{"$f":"\"_ICountryCo_55\"","v":"_ICountryCo_55"},{"$f":"\"-0.0525\"","v":"-0.0525"}]
[{"$f":"\"\"","v":""},{"$f":"\"(0.0455)\"","v":"(0.0455)"}]
[]
[{"$f":"\"_ICountryCo_56\"","v":"_ICountryCo_56"},{"$f":"\"0.6034a\"","v":"0.6034a"}]
[{"$f":"\"\"","v":""},{"$f":"\"(0.0573)\"","v":"(0.0573)"}]
[]
[{"$f":"\"_ICountryCo_57\"","v":"_ICountryCo_57"},{"$f":"\"0.3624a\"","v":"0.3624a"}]
[{"$f":"\"\"","v":""},{"$f":"\"(0.0637)\"","v":"(0.0637)"}]
[]
[{"$f":"\"_ICountryCo_58\"","v":"_ICountryCo_58"},{"$f":"\"0.1382c\"","v":"0.1382c"}]
[{"$f":"\"\"","v":""},{"$f":"\"(0.0795)\"","v":"(0.0795)"}]
[]
[{"$f":"\"_ICountryCo_59\"","v":"_ICountryCo_59"},{"$f":"\"0.2231a\"","v":"0.2231a"}]
[{"$f":"\"\"","v":""},{"$f":"\"(0.0087)\"","v":"(0.0087)"}]
[]
[{"$f":"\"_ICountryCo_60\"","v":"_ICountryCo_60"},{"$f":"\"0.9829a\"","v":"0.9829a"}]
[{"$f":"\"\"","v":""},{"$f":"\"(0.0549)\"","v":"(0.0549)"}]
[]
[{"$f":"\"_ICountryCo_61\"","v":"_ICountryCo_61"},{"$f":"\"0.3828a\"","v":"0.3828a"}]
[{"$f":"\"\"","v":""},{"$f":"\"(0.0333)\"","v":"(0.0333)"}]
[]
[{"$f":"\"_ICountryCo_62\"","v":"_ICountryCo_62"},{"$f":"\"0.3844a\"","v":"0.3844a"}]
[{"$f":"\"\"","v":""},{"$f":"\"(0.0550)\"","v":"(0.0550)"}]
[]
[{"$f":"\"_ICountryCo_63\"","v":"_ICountryCo_63"},{"$f":"\"-0.3016a\"","v":"-0.3016a"}]
[{"$f":"\"\"","v":""},{"$f":"\"(0.0387)\"","v":"(0.0387)"}]
[]
[{"$f":"\"_ICountryCo_64\"","v":"_ICountryCo_64"},{"$f":"\"-0.0531\"","v":"-0.0531"}]
[{"$f":"\"\"","v":""},{"$f":"\"(0.0484)\"","v":"(0.0484)"}]
[]
[{"$f":"\"_ICountryCo_65\"","v":"_ICountryCo_65"},{"$f":"\"-0.8441a\"","v":"-0.8441a"}]
[{"$f":"\"\"","v":""},{"$f":"\"(0.0098)\"","v":"(0.0098)"}]
[]
[{"$f":"\"_ICountryCo_66\"","v":"_ICountryCo_66"},{"$f":"\"1.0027a\"","v":"1.0027a"}]
[{"$f":"\"\"","v":""},{"$f":"\"(0.0864)\"","v":"(0.0864)"}]
[]
[{"$f":"\"_ICountryCo_67\"","v":"_ICountryCo_67"},{"$f":"\"0.1462a\"","v":"0.1462a"}]
[{"$f":"\"\"","v":""},{"$f":"\"(0.0297)\"","v":"(0.0297)"}]
[]
[{"$f":"\"_ICountryCo_68\"","v":"_ICountryCo_68"},{"$f":"\"0.0853\"","v":"0.0853"}]
[{"$f":"\"\"","v":""},{"$f":"\"(0.0738)\"","v":"(0.0738)"}]
[]
["Constant","-0.2566a"]
[{"$f":"\"\"","v":""},{"$f":"\"(0.0749)\"","v":"(0.0749)"}]
[]
["Observations",1287]
["Adjusted R2",2.5000000000000001E-2]

{"sheet":"ONLINE APPENDIX -- Data","index":11,"n_rows":7,"n_cols":2,"rows_kept":7,"cut":false,"hidden":false,"merged":[[0,0,0,2]]}
["Index"]
[1,"Data Table 1"]
[{"$f":"A2+1","v":2},"Data Table 3"]
[{"$f":"A3+1","v":3},"Data Figures 1-3"]
[4,"Data Figure 4"]
[5,"Data Figure 5"]
[6,"Data Figure 6"]

{"sheet":"Data Table 1","index":12,"n_rows":187,"n_cols":9,"rows_kept":187,"cut":false,"hidden":false,"merged":[[0,4,1,4],[0,1,1,1],[0,5,1,5]]}
[null,"GDP/Population","% GDP Informal","% Tax Evasion","% Self-employment","% Self-employment non-agriculture","% GDP Informal","% GDP Informal","Registered firms /"]
["country",null,"(World Economic Forum)","(Enterprise survey)",null,null,"(electricity consumption)","(multiple indicators)","population (000s)"]
["Tanzania",573.72726999999998,35,38.981349999999999,8.4,".",".",59.04,1.537585]
["Malawi",599.18182000000002,36,30.741800000000001,84.6,".",".",41.64,0.41736600000000001]
["Sierra Leone",623.90908999999999,".",".",".",".",".",43.36,"."]
["Congo, Dem. Rep.",666.09091000000001,".",37.637169999999998,".",52,".",49.54,"."]
["Burundi",668.90908999999999,34,15.668519999999999,".",36,".",38.46,"."]
["Niger",721.63635999999997,".",13.09259,".",".",".",43.32,"."]
["Madagascar",840.27273000000002,40,5.9391639999999999,43.7,".",".",40.94,0.97819979999999995]
["Yemen, Rep.",851.09091000000001,".",".",58,41,".",28.08,1.0112019999999999]
["Guinea-Bissau",858.45455000000004,".",28.792079999999999,".",48,".",".","."]
["Mali",860.45455000000004,38,22.778479999999998,71.400000000000006,84,".",43.62,"."]
["Zambia",861.63635999999997,45,16.136990000000001,59.7,18,".",49.78,5.676355]
["Ethiopia",883.81817999999998,34,".",41.5,68,".",41.7,"."]
["Nigeria",914.72726999999998,36,".",".",".",76,59,"."]
["Mozambique",929.81817999999998,38,".",".",47,".",42.08,"."]
["Tajikistan",965.18182000000002,29,27.685890000000001,".",".",".",".","."]
["Benin",1005.4545000000001,42,15.87013,".",89,".",48.74,"."]
["Rwanda",1025.7273,".",18.914290000000001,".",".",".",41.58,"."]
["Chad",1033.0908999999999,41,".",65.599999999999994,72,".",47.5,"."]
["Burkina Faso",1062.9091000000001,36,22.34646,26.3,70,".",42.84,"."]
["Kenya",1094.8181999999999,33,14.525510000000001,".",61,".",35.119999999999997,3.268799]
["West Bank and Gaza",1100,".",".",30.7,".",".",".","."]
["West Bank and Gaza",1100,".",".",30.7,".",".",".","."]
["Congo, Rep.",1113.5454999999999,".",".",".",39,".",49.8,8.9646659999999994]
["Eritrea",1126.5454999999999,".",15.13461,".",".",".",".","."]
["Central African Republic",1179.8181999999999,".",".",".",58,".",45.8,"."]
["Gambia, The",1213.5083,31,67.434910000000002,".",52,".",".","."]
["Uganda",1224.7273,38,34.522019999999998,59.4,".",".",44.76,3.091942]
["Nepal",1361.5454999999999,36,".",".",59,".",39.68,"."]
["Togo",1405.7273,".",".",".",68,".",38.94,"."]
["Senegal",1505.5454999999999,".",80.33569,55.4,".",".",47.08,9.0892500000000001E-2]
["Côte d'Ivoire",1600.7273,".",".",".",".",".",44.56,"."]
["Haiti",1601.7273,".",".",".",65,".",58,3.7549199999999998E-2]
["Kyrgyz Republic",1602.1818000000001,42,21.022110000000001,36.700000000000003,".",".",40.659999999999997,"."]
["Uzbekistan",1639.4545000000001,".",5.221241,".",".",8.4,35.74,"."]
["Bangladesh",1664.8181999999999,34,".",65.099999999999994,75,".",37.22,0.39402150000000002]
["Moldova",1674.5454999999999,17,19.997129999999999,35.9,".",32.4,48.08,13.867000000000001]
["Lao PDR",1677.4545000000001,".",".",56.9,".",".",32.6,"."]
["Mongolia",1690,34,37.362499999999997,35.6,".",".",20.04,"."]
["Angola",1702.3635999999999,38,50.877110000000002,".",".",".",44.56,"."]
["Marshall Islands",1820.3690999999999,".",".",".",".",".",28.66,"."]
["Cambodia",1962.4545000000001,34,52.637639999999998,41.2,49,".",51.78,"."]
["Cameroon",1978.7273,37,12.40625,59.3,".",".",33.880000000000003,"."]
["Djibouti",1979.7273,".",".",17.7,".",".",".","."]
["Mauritania",1992,32,46.991230000000002,".",".",".",37.1,"."]
["Pakistan",2001,30,".",38,43,".",38.42,0.27445269999999999]
["Solomon Islands",2032.3635999999999,".",".",".",".",".",34.36,"."]
["Ghana",2062.3636000000001,".",".",".",67,".",43.04,4.5514869999999998]
["Guinea",2062.5455000000002,".",64.254930000000002,".",72,".",40.880000000000003,"."]
["Vietnam",2302.8182000000002,27,9.1298480000000009,41.7,".",".",16.68,"."]
["Georgia",2388.2727,32,22.793399999999998,36.799999999999997,".",53.1,67.319999999999993,11.09441]
["Zimbabwe",2409.1817999999998,41,".",50.4,".",".",62.42,"."]
["Papua New Guinea",2411.2727,".",".",".",".",".",37.46,"."]
["Bolivia",2491.2727,43,20.230910000000002,44.4,68,".",67.739999999999995,2.5053730000000001]
["Montenegro",2500,".",28.121949999999998,".",".",".",".","."]
["Timor-Leste",2500,29,".",".",".",".",".","."]
["India",2637.9090999999999,27,27.704989999999999,".",37,".",24.78,0.6098422]
["Lesotho",2856.1817999999998,33,15.873749999999999,60.3,".",".",32.42,"."]
["Honduras",3025.1817999999998,38,23.464179999999999,39.200000000000003,52,".",50.42,"."]
["Vanuatu",3107,".",".",".",".",".",31.7,"."]
["Armenia",3184.5455000000002,32,6.0916389999999998,17.2,".",".",47.84,38.411160000000002]
["Azerbaijan",3221.1817999999998,33,13.614129999999999,".",".",47.2,60.64,"."]
["Indonesia",3242.5455000000002,38,27.298349999999999,44.7,51,".",22.34,1.1068169999999999]
["Nicaragua",3267.1817999999998,35,37.481380000000001,40.700000000000003,".",".",47.44,"."]
["Syrian Arab Republic",3399.2727,".",49.604030000000002,34.299999999999997,29,".",20.84,0.1230289]
["Ecuador",3626.6363999999999,35,23.53912,34.299999999999997,49,".",35.5,"."]
["Egypt",3674.8182000000002,31,17.032050000000002,29.5,25,68,35.94,5.0454359999999996]
["Sri Lanka",3710.4544999999998,31,7.718121,32.299999999999997,17,40,46.96,2.6794009999999999]
["Cape Verde",3754.1158999999998,".",11.647729999999999,".",".",".",".","."]
["Jamaica",3816.2727,38,13.27069,36.200000000000003,".",".",38.14,"."]
["Morocco",3914.7273,33,3.9987750000000002,30.9,40,39,37.08,4.6222089999999998]
["Albania",4045.7273,22,21.957899999999999,".",".",".",34.520000000000003,4.6019079999999999]
["Bhutan",4113.7272999999996,".",".",".",".",".",31.48,"."]
["Guyana",4114.6364000000003,38,26.61157,39.5,".",".",".","."]
["Guatemala",4123.3635999999997,39,24.60153,37.9,45,61,51.44,5.3857869999999997]
["Maldives",4188.0509000000002,".",".",58.7,".",".",31.24,"."]
["Philippines",4294.9090999999999,32,23.248940000000001,37,34,50,44.58,"."]
["Paraguay",4458.9090999999999,41,19.052060000000001,44.9,".",27,30.7,"."]
["Cuba",4500,".",".",20.2,1,".",".","."]
["Jordan",4562.2727000000004,23,".",".",24,".",20.62,17.65719]
["Kiribati",4593.9090999999999,".",".",".",".",".",34.64,"."]
["Lebanon",4687.5455000000002,".",34.263739999999999,".",34,".",35.9,15.26144]
["China",4687.8181999999997,28,40.97363,".",15,".",15.16,"."]
["El Salvador",4731.5455000000002,32,20.914709999999999,32.4,47,".",47.4,6.1950960000000004]
["Ukraine",4959.3635999999997,35,11.911820000000001,17.7,".",38.65,54.14,9.2657910000000001]
["Swaziland",4983.9920000000002,".",57.905819999999999,21.1,".",".",".","."]
["Samoa",5026.8181999999997,".",".",".",".",".",32.68,"."]
["Peru",5093.2727000000004,39,17.79045,37.1,".",44,59.68,19.018899999999999]
["Fiji",5284,".",".",".",".",".",34.28,"."]
["Kazakhstan",5427.3635999999997,35,12.365170000000001,36.6,".",28.25,44.5,1.9343680000000001]
["St. Vincent and the Grenadines",5492.9090999999999,".",".",23.5,".",".",".","."]
["Belarus",5581.2727000000004,".",7.2448639999999997,".",".",16.649999999999999,49.82,"."]
["Dominica",5730.2727000000004,".",".",29.4,".",".",".","."]
["Algeria",5780.7272999999996,36,26.807449999999999,27.8,28,".",34.68,2.686401]
["Palau",5902.4321,".",".",".",".",".",29.04,"."]
["Belize",5906,".",".",26.7,".",".",".","."]
["Venezuela",5953.0909000000001,41,".",43.4,44,30,35.380000000000003,"."]
["St. Lucia",5979.9090999999999,".",".",33.200000000000003,".",".",".","."]
["Bosnia and Herzegovina",6040.9862999999996,35,20.807690000000001,".",".",".",35.54,7.931978]
["Macedonia, FYR",6108.5455000000002,31,27.190750000000001,17.7,".",".",35.840000000000003,71.671539999999993]
["Suriname",6246.5455000000002,33,".",16.3,".",".",".","."]
["Gabon",6262.0909000000001,".",".",45.4,".",".",".","."]
["Namibia",6348,29,25.419250000000002,16,".",".",32.56,"."]
["Panama",6357.6364000000003,28,37.009140000000002,31.3,30,40,64.16,"."]
["Colombia",6433,30,17.066310000000001,44.4,49,25,41.9,0.42175760000000001]
["Iran, Islamic Rep.",6434.2727000000004,".",".",39.700000000000003,37,".",19.62,"."]
["Dominican Republic",6533.5455000000002,34,".",43.8,45,".",33.76,"."]
["Micronesia, Fed. Sts.",6573.8181999999997,".",".",".",".",".",32.22,"."]
["Tunisia",6748,20,".",26.8,30,45,39.020000000000003,5.5969379999999997]
["Turkey",6850.2727000000004,35,29.211459999999999,29.8,28,".",33.340000000000003,8.521801]
["Bulgaria",6919,32,13.7021,12.5,0,31.25,37.24,"."]
["Tonga",6936.5455000000002,".",".",".",".",".",36.28,"."]
["Grenada",7013.9090999999999,".",".",22.9,".",".",".","."]
["Romania",7065.2727000000004,23,9.8373679999999997,21.4,6,17.55,35.9,33.805239999999998]
["Thailand",7085.8181999999997,23,".",34,36,71,53.6,"."]
["Brazil",7503.7272999999996,34,33.011110000000002,26.1,35,29,41.48,"."]
["Serbia and Montenegro",7607.0135,29,18.07123,".",".",".",37.659999999999997,31.419090000000001]
["Russia",8000.6364000000003,38,17.03049,7.7,5,34.299999999999997,47.56,29.792760000000001]
["Costa Rica",8553.5455000000002,27,28.41949,26.3,33,34,26.88,86.36354]
["Uruguay",9063.8181999999997,27,14.66033,27.3,22,".",50.88,"."]
["Malaysia",9064.2726999999995,15,".",18.899999999999999,17,39,31.66,"."]
["Botswana",9176.3636000000006,21,47.616120000000002,12.2,13,27,33.979999999999997,37.160330000000002]
["Mexico",9347.9091000000008,37,23.74156,28.3,39,49,31.88,41.614469999999997]
["South Africa",9459.8181999999997,29,8.8988320000000005,18.3,17,".",28.84,11.392720000000001]
["Latvia",9514.7273000000005,23,9.9466439999999992,9.3000000000000007,".",29.8,40.340000000000003,77.146100000000004]
["Chile",9838.9091000000008,14,7.923832,27.8,29,37,20.14,10.49737]
["Croatia",10309,30,10.29391,22.2,8,".",34.36,23.63692]
["Mauritius",10339.182000000001,23,12.462960000000001,17.3,17,20,".","."]
["Serbia",10400,".",23.12593,".",".",".",".","."]
["Lithuania",10443.272999999999,16,34.953589999999998,14,63,23.8,31.16,18.86542]
["Trinidad and Tobago",10668.364,30,".",19.2,".",".",".","."]
["Antigua and Barbuda",10810.182000000001,".",".",17.8,".",".",".","."]
["Estonia",11227.091,16,5.0785289999999996,7.9,".",17.850000000000001,39,48.705100000000002]
["Poland",11404.272999999999,26,9.3290349999999993,20.5,12,16.45,28.04,12.94417]
["St. Kitts and Nevis",11686.364,".",".",11.3,".",".",".","."]
["Argentina",12394.272999999999,34,17.470960000000002,24.3,29,".",27.44,10.18844]
["Slovakia",12733.091,19,8.9226050000000008,12.5,5,10,19.14,12.711270000000001]
["Oman",12996.222,".",27.649819999999998,11.4,4,".",19.18,"."]
["Saudi Arabia",13930,".",".",".",".",".",18.98,"."]
["Hungary",14206.727000000001,28,11.67047,13.2,12,29.85,25.32,21.61289]
["New Caledonia",15000,".",".",15.9,".",".",".","."]
["Seychelles",15879.091,".",".",11.1,".",".",".","."]
["Bahamas, The",15938.143,".",".",14.8,".",".",".","."]
["Netherlands Antilles",16000,".",".",9,".",".",".","."]
["Bahrain",16572.7,18,".",".",5,".",".","."]
["Czech Republic",16919.091,18,11.42811,15.7,13,12.35,19.260000000000002,24.933710000000001]
["Malta",17077,23,".",13.7,".",".",".",85.626829999999998]
["Korea",17571.182000000001,29,10.211539999999999,27,30,38,28.04,"."]
["Slovenia",17985.817999999999,16,10.834300000000001,10,9,".",28.06,17.903279999999999]
["Greece",18710.635999999999,28,11.224220000000001,30.1,31,21.2,27.82,2.883105]
["Portugal",18868.817999999999,19,8.3422820000000009,23.5,19,16.8,21.72,24.77176]
["Cyprus",19008.332999999999,19,".",20.5,".",21,".",166.19110000000001]
["Barbados",19300,23,".",15.2,".",".",".","."]
["Puerto Rico",19557.224999999999,".",".",14.1,".",".",29.26,"."]
["Kuwait",21058.3,18,".",".",6,".",20.86,"."]
["Aruba",21800,".",".",2.6,".",".",".","."]
["New Zealand",21819.364000000001,13,".",17.899999999999999,16,".",12.04,81.209209999999999]
["United Arab Emirates",22418.2,14,".",".",8,".",27,"."]
["Israel",22541.5,16,".",12.8,".",29,22.88,53.45232]
["Spain",22793.817999999999,22,3.5142310000000001,16.5,19,23.9,21.78,47.506019999999999]
["Singapore",24277.817999999999,9,".",13.3,13,13,13.06,22.401499999999999]
["Macao, China",25016.544999999998,".",".",9.3000000000000007,".",".",".","."]
["Italy",26383.091,31,".",17.2,26,".",25.56,28.30902]
["Germany",26461.273000000001,17,5.7966420000000003,11.2,10,15.2,16.100000000000001,5.636863]
["Japan",26849.091,15,".",10.199999999999999,14,13.7,10.26,20.020289999999999]
["Finland",27220.273000000001,11,".",12,9,13.3,17.14,21.619230000000002]
["Sweden",27586.909,20,".",9.6,9,".",18.02,32.692630000000001]
["Hong Kong, China",27852,13,".",11.5,10,13,16.579999999999998,77.410520000000005]
["France",27903.635999999999,14,".",9.9,11,".",14.34,19.257840000000002]
["United Kingdom",28055.091,17,".",12.7,13,13.6,11.88,31.952680000000001]
["Canada",28321.544999999998,18,".",15.4,8,".",15.18,43.574219999999997]
["Belgium",28480.909,23,".",13.5,14,22,21.04,31.226870000000002]
["Australia",28965.182000000001,14,".",12.7,9,15.3,13.56,43.87865]
["Austria",29205.726999999999,15,".",11.8,8,15,10.14,20.217949999999998]
["Denmark",29770.273000000001,16,".",7.8,7,17.8,17.2,39.046779999999998]
["Taiwan",30100,21,".",21,".",".",26.6,"."]
["Iceland",30288.091,11,".",13.9,".",".",".",73.613810000000001]
["Netherlands",30372.909,14,".",11.3,9,13.5,12.36,60.20026]
["Ireland",30675.091,15,3.9310350000000001,16.600000000000001,18,20.7,15.16,38.424469999999999]
["Switzerland",32033,11,".",14,".",10.199999999999999,8.98,18.124739999999999]
["San Marino",34100,".",".",11.1,".",".",".","."]
["Isle of Man",35000,".",".",14.6,".",".",".","."]
["Norway",35727.817999999999,13,".",7.1,9,".",18.18,62.616520000000001]
["United States",35729.455000000002,18,".",7.4,7,10.5,8.3800000000000008,17.182490000000001]
["Luxembourg",52335.091,13,".",6.8,".",".",".",43.529899999999998]
["Qatar",80900,14,".",1.1000000000000001,2,".",".","."]

{"sheet":"Data Table 3","index":13,"n_rows":1095,"n_cols":9,"rows_kept":1095,"cut":false,"hidden":false,"merged":[[0,2,0,5]]}
["",null,"Dependent Variable:"]
["Country","Region","Ln(Establishments/Population)","Ln(Employees/Establishments)","Ln(Employees/Population)","Ln(Employees Big Firms/Employees)","Years of education"]
["United Arab Emirates","ARE","Abu Dhabi",-3.956483,2.3256230000000002,-1.63086,7.0641069999999999]
["United Arab Emirates","ARE","Ajman",-3.5246179999999998,1.6625110000000001,-1.8621080000000001,7.3838140000000001]
["United Arab Emirates","ARE","Dubai",-3.777879,2.2967369999999998,-1.481141,8.4970859999999995]
["United Arab Emirates","ARE","Fujairah",-3.653635,1.4252849999999999,-2.2283499999999998,6.6785680000000003]
["United Arab Emirates","ARE","Ras al-Khaimah",-3.4730810000000001,1.3762430000000001,-2.096838,6.6806380000000001]
["United Arab Emirates","ARE","Sharjah",-3.73244,1.9077919999999999,-1.824648,8.2787679999999995]
["United Arab Emirates","ARE","Umm al-Quwain",-3.5922550000000002,1.5762400000000001,-2.0160149999999999,7.0737069999999997]
["Argentina","ARG","Buenos Aires",null,1.6365099999999999,null,7.2374390000000002]
["Argentina","ARG","Catamarca",null,1.4026559999999999,null,7.0853890000000002]
["Argentina","ARG","Chaco",null,1.09422,null,5.5452729999999999]
["Argentina","ARG","Chubut",null,1.813679,null,6.9472110000000002]
["Argentina","ARG","Cordoba",null,1.4789669999999999,null,7.4790669999999997]
["Argentina","ARG","Corrientes",null,1.2651209999999999,null,6.1493450000000003]
["Argentina","ARG","Distrito Federal",null,2.0632579999999998,null,9.9725669999999997]
["Argentina","ARG","Entre Rios",null,1.2861359999999999,null,6.7051559999999997]
["Argentina","ARG","Formosa",null,1.032878,null,5.9506639999999997]
["Argentina","ARG","Jujuy",null,1.1643829999999999,null,6.5899099999999997]
["Argentina","ARG","La Pampa",null,1.137975,null,6.6980380000000004]
["Argentina","ARG","La Rioja",null,1.509142,null,7.373221]
["Argentina","ARG","Mendoza",null,1.49657,null,6.8978339999999996]
["Argentina","ARG","Misiones",null,1.5308470000000001,null,5.4765300000000003]
["Argentina","ARG","Neuquen",null,1.673746,null,6.9765779999999999]
["Argentina","ARG","Rio Negro",null,1.492664,null,6.5468580000000003]
["Argentina","ARG","Salta",null,1.26519,null,6.6704980000000003]
["Argentina","ARG","San Juan",null,1.3918410000000001,null,7.0387240000000002]
["Argentina","ARG","San Luis",null,1.795866,null,6.9775309999999999]
["Argentina","ARG","Santa Cruz",null,1.7994140000000001,null,7.4308630000000004]
["Argentina","ARG","Santa Fe",null,1.451797,null,7.3473389999999998]
["Argentina","ARG","Santiago del Estero",null,1.173465,null,5.7656280000000004]
["Argentina","ARG","Tierra del Fuego",null,2.0885929999999999,null,8.2380720000000007]
["Argentina","ARG","Tucuman",null,1.46322,null,6.9320649999999997]
["Austria","AUT","Burgenland",-5.4887699999999997,1.759906,-2.9202400000000002,10.307]
["Austria","AUT","Karnten",-5.3984779999999999,1.8771409999999999,-2.6577009999999999,11.07226]
["Austria","AUT","Niederoesterreich",-5.5056229999999999,1.954998,-2.6467079999999998,10.63771]
["Austria","AUT","Oberoesterreich",-5.3287240000000002,2.1827570000000001,-2.1830069999999999,10.309279999999999]
["Austria","AUT","Salzburg",-5.297828,1.9009130000000001,-2.616333,10.79654]
["Austria","AUT","Steiermark",-5.515288,2.0051559999999999,-2.4076490000000002,10.22312]
["Austria","AUT","Tirol",-5.339823,1.8747860000000001,-2.5598209999999999,10.53065]
["Austria","AUT","Vorarlberg",-5.0833339999999998,2.0094720000000001,-2.1741429999999999,10.459099999999999]
["Austria","AUT","Wien",-5.8430869999999997,1.8948750000000001,-3.137734,10.824389999999999]
["Belgium","BEL","Antwerp",-5.544772,1.8193159999999999,-2.5700090000000002,10.37323]
["Belgium","BEL","Bruxelles-Cap./Brussels Hoofdstedlijk",-5.690588,2.1775829999999998,-3.205632,10.004949999999999]
["Belgium","BEL","Flemish Brabant",-5.8087939999999998,1.8405050000000001,-3.1718190000000002,10.2262]
["Belgium","BEL","Limburg",-5.5036399999999999,1.706078,-2.600371,10.49883]
["Belgium","BEL","Prov. Brabant Wallon",-5.5346209999999996,1.500316,-2.9567040000000002,11.469889999999999]
["Belgium","BEL","Prov. Hainaut",-5.9384129999999997,1.6135699999999999,-3.116771,8.8754139999999992]
["Belgium","BEL","Prov. Liège",-5.6024139999999996,1.6511549999999999,-3.037023,8.9219460000000002]
["Belgium","BEL","Prov. Luxembourg (B)",-5.7804349999999998,1.5491889999999999,-3.3396789999999998,9.5784439999999993]
["Belgium","BEL","Prov. Namur",-5.7281630000000003,1.3797509999999999,-3.6245210000000001,9.3696909999999995]
["Belgium","BEL","Prov. Oost-Vlaanderen",-5.4164479999999999,1.573931,-2.706906,10.83845]
["Belgium","BEL","West Flanders",-5.1520159999999997,1.604263,-2.4549650000000001,9.6423480000000001]
["Benin","BEN","Alibori",-11.99164,6.9598409999999999,-5.0317949999999998,0.4019894]
["Benin","BEN","Atacora",-11.80898,6.830406,-4.9785769999999996,0.85883699999999996]
["Benin","BEN","Atlantique",-9.7785220000000006,5.8987930000000004,-3.8797280000000001,1.9669030000000001]
["Benin","BEN","Borgou",-11.450430000000001,6.9598409999999999,-4.4905900000000001,1.2644230000000001]
["Benin","BEN","Collines",-11.655010000000001,6.7628019999999998,-4.8922059999999998,1.3844639999999999]
["Benin","BEN","Couffo",-11.427060000000001,6.3810070000000003,-5.0460560000000001,1.1919770000000001]
["Benin","BEN","Donga",-11.92305,6.830406,-5.0926460000000002,1.0824769999999999]
["Benin","BEN","Littoral",-8.6236139999999999,5.8987930000000004,-2.7248209999999999,4.5955170000000001]
["Benin","BEN","Mono",-10.72228,6.3810070000000003,-4.3412740000000003,1.6715690000000001]
["Benin","BEN","Ouémé",-10.61849,6.7678729999999998,-3.8506170000000002,2.3840970000000001]
["Benin","BEN","Plateau",-11.56331,6.7678729999999998,-4.7954330000000001,0.82856660000000004]
["Benin","BEN","Zou",-11.097799999999999,6.7628019999999998,-4.3349950000000002,1.4130339999999999]
["Burkina Faso","BFA","Boucle du Mouhoun",-10.274889999999999,null,null,0.5771638]
["Burkina Faso","BFA","Cascades",-9.0517540000000007,null,null,0.81039340000000004]
["Burkina Faso","BFA","Centre",-6.9529439999999996,null,null,3.2040440000000001]
["Burkina Faso","BFA","Centre-Est",-10.892150000000001,null,null,0.64037080000000002]
["Burkina Faso","BFA","Centre-Nord",-9.9048049999999996,null,null,0.41144639999999999]
["Burkina Faso","BFA","Centre-Ouest",-9.1605270000000001,null,null,0.83548129999999998]
["Burkina Faso","BFA","Centre-Sud",-9.3524410000000007,null,null,0.42147129999999999]
["Burkina Faso","BFA","Est",-10.284549999999999,null,null,0.3008074]
["Burkina Faso","BFA","Hauts-Bassins",-7.7369380000000003,null,null,1.4358770000000001]
["Burkina Faso","BFA","Nord",-9.8466149999999999,null,null,0.56578850000000003]
["Burkina Faso","BFA","Sahel",-10.833159999999999,null,null,0.21856310000000001]
["Burkina Faso","BFA","Sud-Ouest",-10.395009999999999,null,null,0.48883480000000001]
["Bulgaria","BGR",null,"Severen tsentralen",-5.4632170000000002,2.0376340000000002,null,10.326320000000001]
["Bulgaria","BGR",null,"Severoiztochen",null,-5.5698359999999996,-2.6677,null,9.7647549999999992]
["Bulgaria","BGR",null,"Yugoiztochen",null,-5.6135960000000003,-2.4945349999999999,null,10.06457]
["Bulgaria","BGR",null,"Yugozapaden",null,-5.4963490000000004,-2.4473500000000001,null,11.62903]
["Bulgaria","BGR",null,"Yuzhen tsentralen",-5.4006499999999997,2.020492,null,9.8627280000000006]
["Bulgaria","BGR","Severozapaden",-5.7179130000000002,1.957166,-2.590211,10.145429999999999]
["Bosnia and Herzegovina","BIH","Federation of Bosnia and Herzegovina",null,2.1189079999999998,-1.714229,5.8775069999999996]
["Brazil","BRA","Acre",-4.3969870000000002,2.5044870000000001,-1.8826959999999999,3.5755309999999998]
["Brazil","BRA","Alagoas",-4.5538670000000003,2.5827619999999998,-1.957579,3.1398999999999999]
["Brazil","BRA","Amapá",-4.4809320000000001,2.6734049999999998,-1.795614,4.8007580000000001]
["Brazil","BRA","Amazonas",-4.7007149999999998,2.8820809999999999,-1.8168569999999999,4.2968219999999997]
["Brazil","BRA","Bahia",-4.1386459999999996,2.15211,-1.9661999999999999,3.5550830000000002]
["Brazil","BRA","Ceará",-4.1142760000000003,2.1820059999999999,-1.9143790000000001,3.5415670000000001]
["Brazil","BRA","Distrito Federal",-3.446834,2.5891229999999998,-0.85545629999999995,6.6820339999999998]
["Brazil","BRA","Espírito Santo",-3.608088,2.1928540000000001,-1.405688,4.9060420000000002]
["Brazil","BRA","Goiás",-3.7265739999999998,2.1383369999999999,-1.5749379999999999,4.6085779999999996]
["Brazil","BRA","Maranhão",-4.6717029999999999,2.215338,-2.4323959999999998,3.1590319999999998]
["Brazil","BRA","Mato Grosso",-3.7101380000000002,2.0985740000000002,-1.5780650000000001,4.5367480000000002]
["Brazil","BRA","Mato Grosso do Sul",-3.7663479999999998,2.169937,-1.559542,4.6948720000000002]
["Brazil","BRA","Minas Gerais",-3.6226389999999999,2.13374,-1.4722770000000001,4.672803]
["Brazil","BRA","Paraná",-3.3685800000000001,2.0273340000000002,-1.3269580000000001,5.0442429999999998]
["Brazil","BRA","Paraíba",-4.2397980000000004,2.2746490000000001,-1.9564619999999999,3.4314309999999999]
["Brazil","BRA","Pará",-4.7498069999999997,2.5941179999999999,-2.137931,3.7879619999999998]
["Brazil","BRA","Pernambuco",-4.2827809999999999,2.4145180000000002,-1.8518209999999999,4.022265]
["Brazil","BRA","Piauí",-4.3403609999999997,2.1113360000000001,-2.2199749999999998,3.0360839999999998]
["Brazil","BRA","Rio Grande do Norte",-4.1396410000000001,2.3900929999999998,-1.7168110000000001,3.9948860000000002]
["Brazil","BRA","Rio Grande do Sul",-3.1856819999999999,1.8593249999999999,-1.3169120000000001,5.3277159999999997]
["Brazil","BRA","Rio de Janeiro",-3.7582409999999999,2.4195829999999998,-1.336854,5.8880939999999997]
["Brazil","BRA","Rondônia",-3.991492,2.2862269999999998,-1.7011529999999999,3.9737309999999999]
["Brazil","BRA","Roraima",-4.2014969999999998,2.4801280000000001,-1.712062,4.5176540000000003]
["Brazil","BRA","Santa Catarina",-3.1494339999999998,2.0318040000000002,-1.1059479999999999,5.1487600000000002]
["Brazil","BRA","Sergipe",-4.304252,2.535749,-1.760305,3.6167950000000002]
["Brazil","BRA","São Paulo",-3.343261,2.180647,-1.150552,5.7476839999999996]
["Brazil","BRA","Tocantins",-4.0875959999999996,2.2810440000000001,-1.7924739999999999,3.7896960000000002]
["Canada","CAN","Alberta",-3.5360179999999999,2.8640110000000001,-0.67200689999999996,10.76943]
["Canada","CAN","British Columbia",-3.5991469999999999,2.7759580000000001,-0.82318840000000004,10.96271]
["Canada","CAN","Manitoba",-3.9498000000000002,3.1855760000000002,-0.76422299999999999,10.23082]
["Canada","CAN","New Brunswick",-3.8492850000000001,2.9483999999999999,-0.9008853,10.2143]
["Canada","CAN","Newfoundland-Labrador",-3.8995609999999998,2.8776649999999999,-1.0218959999999999,9.8395770000000002]
["Canada","CAN","Northwest Territories",-4.3037489999999998,3.3120349999999998,-0.99171410000000004,10.431039999999999]
["Canada","CAN","Nova Scotia",-3.9420109999999999,3.0573800000000002,-0.88463159999999996,10.43853]
["Canada","CAN","Ontario",-3.8724159999999999,3.0600619999999998,-0.81235469999999999,10.92234]
["Canada","CAN","Prince Edward Island",-3.8249059999999999,3.0087549999999998,-0.8161505,10.21294]
["Canada","CAN","Quebec",-3.830543,2.975317,-0.85522620000000005,10.6563]
["Canada","CAN","Saskatchewan",-3.8193069999999998,2.984766,-0.83454050000000002,10.07968]
["Canada","CAN","Yukon",-3.370733,2.88096,-0.48977270000000001,11.154669999999999]
["Switzerland","CHE","Appenzell Rh.-Ext.",-2.9378639999999998,1.965354,-0.97251050000000006,12.011100000000001]
["Switzerland","CHE","Appenzell Rh.-Int.",-2.940715,1.930375,-1.01034,12.011100000000001]
["Switzerland","CHE","Argovie",-3.090649,2.2630300000000001,-0.82761890000000005,12.3598]
["Switzerland","CHE","Berne",-3.0668920000000002,2.3734519999999999,-0.69343949999999999,12.304500000000001]
["Switzerland","CHE","Bâle-Campagne",-3.1324109999999998,2.301831,-0.83058030000000005,12.6]
["Switzerland","CHE","Bâle-Ville",-2.865923,2.6764830000000002,-0.18943989999999999,12.756500000000001]
["Switzerland","CHE","Fribourg",-3.1532589999999998,2.224351,-0.92890790000000001,12.1587]
["Switzerland","CHE","Genève",-2.964483,2.412477,-0.5520062,12.845000000000001]
["Switzerland","CHE","Glaris",-2.9620009999999999,2.1363850000000002,-0.82561600000000002,12.1008]
["Switzerland","CHE","Grisons",-2.7791600000000001,2.060263,-0.71889639999999999,12.145899999999999]
["Switzerland","CHE","Jura",-3.0000300000000002,2.1824129999999999,-0.81761740000000005,12.0458]
["Switzerland","CHE","Lucerne",-3.1161219999999998,2.3690229999999999,-0.74709840000000005,12.393599999999999]
["Switzerland","CHE","Neuchâtel",-3.0294539999999999,2.290416,-0.73903700000000005,12.450200000000001]
["Switzerland","CHE","Obwald",-3.0448059999999999,2.1852510000000001,-0.85955479999999995,12.606999999999999]
["Switzerland","CHE","Saint-Gall",-2.999368,2.2886929999999999,-0.71067480000000005,12.2288]
["Switzerland","CHE","Schaffhouse",-2.9908009999999998,2.2544580000000001,-0.73634270000000002,12.2829]
["Switzerland","CHE","Schwytz",-3.1440160000000001,1.974674,-1.1693420000000001,12.0535]
["Switzerland","CHE","Soleure",-3.1187900000000002,2.3061660000000002,-0.81262400000000001,12.317]
["Switzerland","CHE","Tessin",-2.8154349999999999,2.143519,-0.67191670000000003,12.1402]
["Switzerland","CHE","Thurgovie",-3.0150969999999999,2.129902,-0.88519530000000002,12.118499999999999]
["Switzerland","CHE","Uri",-3.2121249999999999,2.2880929999999999,-0.92403199999999996,12.2033]
["Switzerland","CHE","Valais",-2.9700510000000002,2.0999970000000001,-0.87005359999999998,12.033799999999999]
["Switzerland","CHE","Vaud",-3.0616340000000002,2.2630720000000002,-0.79856260000000001,12.456899999999999]
["Switzerland","CHE","Zoug",-2.4638010000000001,2.0520269999999998,-0.41177459999999999,12.6557]
["Switzerland","CHE","Zurich",-2.9358439999999999,2.3800059999999998,-0.55583830000000001,12.693300000000001]
["China","CHN","Anhui",-6.6059700000000001,3.3824380000000001,-11.468730000000001,5.1060800000000004]
["China","CHN","Beijing",-4.3328490000000004,3.3201109999999998,-9.9832160000000005,8.7604570000000006]
["China","CHN","Chongqing",-6.4447190000000001,3.461128,-11.235910000000001,5.537077]
["China","CHN","Fujian",-5.8433169999999999,3.447765,-10.877700000000001,5.6293259999999998]
["China","CHN","Gansu",-6.6833929999999997,3.192987,-11.34808,5.1748339999999997]
["China","CHN","Guangdong",-5.6851589999999996,3.7550970000000001,-10.646369999999999,6.2114900000000004]
["China","CHN","Guangxi",-6.8033190000000001,3.1104970000000001,-11.58943,5.5942550000000004]
["China","CHN","Guizhou",-7.1959010000000001,3.1759680000000001,-11.778930000000001,4.8024829999999996]
["China","CHN","Hainan",-6.3581329999999996,3.2479089999999999,-11.46439,5.9753619999999996]
["China","CHN","Hebei",-6.4563480000000002,3.6226370000000001,-11.169230000000001,5.8503249999999998]
["China","CHN","Heilongjiang",-6.4865259999999996,3.5212680000000001,-11.199769999999999,6.2060760000000004]
["China","CHN","Henan",-6.523269,3.4969009999999998,-11.259639999999999,5.6638409999999997]
["China","CHN","Hubei",-6.7398189999999998,3.4610759999999998,-11.354810000000001,5.7712859999999999]
["China","CHN","Hunan",-6.7433019999999999,3.359645,-11.37201,5.8814500000000001]
["China","CHN","Inner Mongolia",-6.6592149999999997,3.4097140000000001,-11.27603,6.18241]
["China","CHN","Jiangsu",-5.4058630000000001,3.6379350000000001,-10.60356,6.0528240000000002]
["China","CHN","Jiangxi",-6.6048390000000001,3.3386819999999999,-11.393520000000001,5.5628729999999997]
["China","CHN","Jilin",-6.4220290000000002,3.5464690000000001,-11.18887,6.2697370000000001]
["China","CHN","Liaoning",-5.6651939999999996,3.4496519999999999,-10.83738,6.4179760000000003]
["China","CHN","Ningxia",-6.1073209999999998,3.235843,-11.138030000000001,5.5867709999999997]
["China","CHN","Qinghai",-6.4961919999999997,3.1591360000000002,-11.135759999999999,5.2316989999999999]
["China","CHN","Shaanxi",-6.3578840000000003,3.1991000000000001,-11.25103,5.9881960000000003]
["China","CHN","Shandong",-6.007212,3.5808230000000001,-10.84712,5.5884749999999999]
["China","CHN","Shanghai",-4.0361659999999997,3.1318190000000001,-9.869631,8.0044970000000006]
["China","CHN","Shanxi",-6.2541789999999997,3.4400599999999999,-10.84998,6.0800539999999996]
["China","CHN","Sichuan",-6.6390200000000004,3.306718,-11.462429999999999,5.0691980000000001]
["China","CHN","Tianjin",-4.888611,3.4677920000000002,-10.33052,7.4247209999999999]
["China","CHN","Tibet",-7.5494050000000001,2.6818339999999998,-11.597340000000001,2.9391600000000002]
["China","CHN","Xinjiang",-6.5645009999999999,3.0877919999999999,-11.321580000000001,6.2031470000000004]
["China","CHN","Yunnan",-6.9348890000000001,3.2161469999999999,-11.69032,4.8163320000000001]
["China","CHN","Zhejiang",-5.051177,3.49315,-10.336499999999999,5.6847289999999999]
["Cameroon","CMR","Adamaoua",-11.998329999999999,1.686399,-10.31193,2.2551760000000001]
["Cameroon","CMR","Centre",-10.488810000000001,4.7206440000000001,-5.768167,5.0445469999999997]
["Cameroon","CMR","Est",-10.942080000000001,5.3644170000000004,-5.5776589999999997,2.7845810000000002]
["Cameroon","CMR","Extreme Nord",-11.88898,3.5430280000000001,-8.3459500000000002,0.71419619999999995]
["Cameroon","CMR","Littoral",-9.5258950000000002,5.2045380000000003,-4.3213569999999999,5.3111030000000001]
["Cameroon","CMR","Nord",-11.305210000000001,4.1789019999999999,-7.126309,1.030124]
["Cameroon","CMR","Nord Ouest",-10.654579999999999,3.6939690000000001,-6.9606070000000004,4.0899029999999996]
["Cameroon","CMR","Ouest",-10.44458,4.4598769999999996,-5.9847000000000001,3.6240619999999999]
["Cameroon","CMR","Sud",-10.08075,5.2173239999999996,-4.8634250000000003,4.4354560000000003]
["Cameroon","CMR","Sud Ouest",-10.718769999999999,6.1909099999999997,-4.527863,5.167046]
[null,"COL","AMAZONAS",null,1.1943550000000001,-2.4799349999999998,5.5351499999999998]
[null,"COL","ANTIOQUIA",null,1.4477409999999999,-1.8131699999999999,6.4246410000000003]
[null,"COL","ARAUCA",null,1.040035,-2.490516,5.5319469999999997]
[null,"COL","ATLANTICO",null,1.3289169999999999,-2.1147320000000001,7.6366589999999999]
[null,"COL","BOGOTA",null,1.4803759999999999,-1.4536359999999999,8.4160419999999991]
[null,"COL","BOLIVAR",null,1.0790649999999999,-2.5659689999999999,6.2762609999999999]
[null,"COL","BOYACA",null,0.91161689999999995,-2.1362369999999999,5.4336820000000001]
[null,"COL","CALDAS",null,1.152434,-2.1659959999999998,6.0908730000000002]
[null,"COL","CAQUETA",null,0.89465870000000003,-2.6588479999999999,4.6985549999999998]
[null,"COL","CASANARE",null,0.93515559999999998,-2.1464750000000001,5.3518530000000002]
[null,"COL","CAUCA",null,0.79393230000000004,-2.9242569999999999,4.7041440000000003]
[null,"COL","CESAR",null,0.95217629999999998,-2.4652799999999999,5.6329630000000002]
[null,"COL","CHOCO",null,0.68051709999999999,-3.9720309999999999,4.2130830000000001]
[null,"COL","CORDOBA",null,0.93277339999999997,-2.7288570000000001,5.2499000000000002]
[null,"COL","CUNDINAMARCA",null,1.130217,-1.9734389999999999,6.0691600000000001]
[null,"COL","GUAINIA",null,0.74212120000000004,-3.542503,4.4299359999999997]
[null,"COL","GUAVIARE",null,0.79816450000000005,-2.7687550000000001,4.2605329999999997]
[null,"COL","HUILA",null,0.85759960000000002,-2.5715599999999998,5.2644039999999999]
[null,"COL","LA GUAJIRA",null,1.212291,-2.663713,4.4978790000000002]
[null,"COL","MAGDALENA",null,1.150736,-2.3990100000000001,5.7064199999999996]
[null,"COL","META",null,0.89427610000000002,-2.179144,6.3020350000000001]
[null,"COL","NARIÑO",null,0.90912099999999996,-2.5737580000000002,4.5550750000000004]
[null,"COL","NORTE DE SANTANDER",null,0.96144810000000003,-2.356328,5.6545880000000004]
[null,"COL","PUTUMAYO",null,0.88066509999999998,-3.3577089999999998,3.8672049999999998]
[null,"COL","QUINDIO",null,1.0984020000000001,-2.0540759999999998,6.395505]
[null,"COL","RISARALDA",null,1.117184,-2.2405979999999999,6.212275]
[null,"COL","SAN ANDRES,PROVIDENCIA Y SANTA CATALINA",null,1.1709769999999999,-2.010389,8.3451679999999993]
[null,"COL","SANTANDER",null,1.0893250000000001,-1.9387110000000001,6.4136369999999996]
[null,"COL","SUCRE",null,0.89209550000000004,-2.5924860000000001,5.2999689999999999]
[null,"COL","TOLIMA",null,0.98677789999999999,-2.253279,5.6499689999999996]
[null,"COL","VALLE DEL CAUCA",null,1.2129099999999999,-2.061328,7.0379759999999996]
[null,"COL","VAUPES",null,0.95360239999999996,-3.4580929999999999,4.9230770000000001]
[null,"COL","VICHADA",null,1.1582170000000001,-3.0353479999999999,3.5912280000000001]
["Czech Republic","CZE","Jihovyched",-4.1034379999999997,1.3918759999999999,-1.943273,10.96058]
["Czech Republic","CZE","Jihozapad",-4.1160220000000001,1.419616,-1.9137029999999999,11.15672]
["Czech Republic","CZE","Moravskoslezko",-4.5650539999999999,1.52237,-2.0799750000000001,10.93463]
["Czech Republic","CZE","Praha",-4.0766850000000003,1.201373,-2.5444420000000001,11.92693]
["Czech Republic","CZE","Severovychod",-4.0100030000000002,1.4629730000000001,-1.8018110000000001,11.126899999999999]
["Czech Republic","CZE","Severozapad",-4.5953949999999999,1.497169,-2.15848,10.692550000000001]
["Czech Republic","CZE","Stredni Cechy",-4.0815049999999999,1.2148620000000001,-1.9639789999999999,10.025130000000001]
["Czech Republic","CZE","Stredni Morava",-4.0292820000000003,1.4155580000000001,-1.8684860000000001,10.754049999999999]
["Germany","DEU",{"$f":"-Western Pomerania","v":{"$error":"#NAME?"}},-6.1404810000000003,10.451639999999999,-1.216648,10.877649999999999]
["Germany","DEU","Baden-Wurttemberg",-7.1654540000000004,10.698980000000001,-2.1697359999999999,11.100949999999999]
["Germany","DEU","Bavaria",-7.4345840000000001,20.25742,-2.3429709999999999,10.915380000000001]
["Germany","DEU","Brandenburg",-7.8341880000000002,4.901033,-3.39134,11.912470000000001]
["Germany","DEU","Bremen",-7.616333,5.0079050000000001,-2.322152,10.59056]
["Germany","DEU","Hesse",-7.6541480000000002,8.2521129999999996,-2.693854,11.0283]
["Germany","DEU","North Rhine-Westphalia",-7.4919159999999998,13.40282,-2.6858300000000002,10.820779999999999]
["Germany","DEU","Rhineland-Palatinate",-7.6084630000000004,7.6095370000000004,-2.706626,10.7416]
["Germany","DEU","Saarland",-7.6274160000000002,4.8435620000000004,-2.4386860000000001,10.559810000000001]
["Germany","DEU","Saxony",-7.3214610000000002,7.5783490000000002,-2.88367,12.012130000000001]
["Germany","DEU","Schleswig-Holstein",-7.7338889999999996,4.3027629999999997,-3.1021239999999999,11.31803]
["Denmark","DNK","Bornholm",-2.3338700000000001,3.0311140000000001,0.69724390000000003,9.2061550000000008]
["Denmark","DNK","Copenhagen County",-4.9878879999999999,3.0311140000000001,-1.956774,10.554270000000001]
["Denmark","DNK","Copenhagen and Frederiksberg",-4.947451,3.0311140000000001,-1.916337,11.26285]
["Denmark","DNK","Frederiksborg County",-4.4869969999999997,3.0311140000000001,-1.455883,10.679320000000001]
["Denmark","DNK","Funen County",-4.5158509999999996,2.9495239999999998,-1.566327,9.8874820000000003]
["Denmark","DNK","North Jutland County",-5.1710560000000001,2.5767769999999999,-2.5942799999999999,9.6528840000000002]
["Denmark","DNK","Ribe County",-3.7647750000000002,2.9495239999999998,-0.81525110000000001,9.5412929999999996]
["Denmark","DNK","Ringkøbing County",-3.8835150000000001,3.0261650000000002,-0.85735059999999996,9.3801269999999999]
["Denmark","DNK","Roskilde County",-4.3556280000000003,2.2729870000000001,-2.08264,10.372389999999999]
["Denmark","DNK","South Jutland County",-3.8840119999999998,2.9495239999999998,-0.93448799999999999,9.514856]
["Denmark","DNK","Storstrøm County",-4.4514649999999998,2.2729870000000001,-2.1784780000000001,9.3497640000000004]
["Denmark","DNK","Vejle County",-4.2281680000000001,2.9495239999999998,-1.2786439999999999,9.7592739999999996]
["Denmark","DNK","Viborg County",-4.4234090000000004,2.5767769999999999,-1.8466320000000001,9.4108339999999995]
["Denmark","DNK","West Zealand County",-4.5988439999999997,2.2729870000000001,-2.3258559999999999,9.5363679999999995]
["Denmark","DNK","Århus County",-5.4512619999999998,2.5767769999999999,-2.874485,10.477539999999999]
["Spain","ESP","Andalucia",-5.5399890000000003,1.4093580000000001,-3.4310200000000002,8.584282]
["Spain","ESP","Aragon",-5.1854570000000004,1.523444,-2.4737550000000001,9.6152859999999993]
["Spain","ESP","Asturias",-5.5923179999999997,1.460585,-2.9337390000000001,8.5522799999999997]
["Spain","ESP","Baleares",-5.3081339999999999,1.444644,-3.6093899999999999,8.6106060000000006]
["Spain","ESP","Canarias",-5.7604810000000004,1.448915,-3.8467549999999999,8.7238790000000002]
["Spain","ESP","Cantabria",-5.469354,1.473697,-2.7499069999999999,8.7462859999999996]
["Spain","ESP","Castilla-La Mancha",null,1.3418140000000001,null,8.2542709999999992]
["Spain","ESP","Castilla-Leon",-5.3785309999999997,1.410636,-2.86029,8.8020999999999994]
["Spain","ESP","Cataluna",-5.0173480000000001,1.5821339999999999,-2.4767389999999998,8.8582090000000004]
["Spain","ESP","Ciudad Autónoma De Ceuta",-6.8860250000000001,1.151186,-5.190893,8.001201]
["Spain","ESP","Ciudad Autónoma De Melilla",-6.8500079999999999,1.063329,-5.2889439999999999,9.0123929999999994]
["Spain","ESP","Comunidad Valenciana",-5.10975,1.51837,-2.6671840000000002,9.5797980000000003]
["Spain","ESP","Extremadura",-5.4605920000000001,1.1909460000000001,-3.5355210000000001,8.4751729999999998]
["Spain","ESP","Galicia",-5.2981210000000001,1.4473640000000001,-2.7754490000000001,8.1319520000000001]
["Spain","ESP","Madrid",-5.4494980000000002,1.8684540000000001,-3.0896710000000001,10.391690000000001]
["Spain","ESP","Murcia",-5.211843,1.5381769999999999,-2.8201930000000002,8.4527239999999999]
["Spain","ESP","Navarra",-5.0792770000000003,1.5883240000000001,-2.0756359999999998,10.02383]
["Spain","ESP","Pais Vasco",-5.063682,1.626625,-2.2137380000000002,10.09939]
["Spain","ESP","Rioja",-4.7639509999999996,1.4424920000000001,-2.2970670000000002,9.2662820000000004]
["Estonia","EST","Harju",-2.4602400000000002,2.2960539999999998,-0.1641862,12.394539999999999]
["Estonia","EST","Hiiu",-2.757606,2.0834839999999999,-0.67412139999999998,10.728719999999999]
["Estonia","EST","Ida-Viru",-3.6322540000000001,2.3866589999999999,-1.2455940000000001,11.89593]
["Estonia","EST","Järva",-3.2470460000000001,2.3422079999999998,-0.90483800000000003,10.97953]
["Estonia","EST","Jõgeva",-3.1873659999999999,2.1111369999999998,-1.076228,11.105969999999999]
["Estonia","EST","Lääne",-2.9526020000000002,2.1702300000000001,-0.78237190000000001,10.886670000000001]
["Estonia","EST","Lääne-Viru",-3.068676,2.2694969999999999,-0.79917879999999997,11.03424]
["Estonia","EST","Pärnu",-2.866476,2.1516980000000001,-0.71477840000000004,11.362830000000001]
["Estonia","EST","Põlva",-3.1675800000000001,2.1505580000000002,-1.0170220000000001,11.204980000000001]
["Estonia","EST","Rapla",-2.95147,2.1324360000000002,-0.81903400000000004,10.92995]
["Estonia","EST","Saare",-2.8334130000000002,2.1973319999999998,-0.63608120000000001,10.839410000000001]
["Estonia","EST","Tartu",-2.8534380000000001,2.2176610000000001,-0.63577720000000004,12.102600000000001]
["Estonia","EST","Valga",-3.221816,2.2971550000000001,-0.92466099999999996,11.284800000000001]
["Estonia","EST","Viljandi",-3.1301559999999999,2.1887210000000001,-0.94143429999999995,11.188969999999999]
["Estonia","EST","Võru",-3.104149,2.2323339999999998,-0.87181529999999996,11.37318]
["Finland","FIN","Etela-Suomi",-5.370914,1.721077,-2.5981860000000001,11.4072]
["Finland","FIN","Ita-Suomi",-5.3838999999999997,1.5184679999999999,-2.7979430000000001,10.585380000000001]
["Finland","FIN","Lansi-Suomi",-5.0443670000000003,1.6245480000000001,-2.3415270000000001,10.89096]
["Finland","FIN","Pohjois-Suomi",-5.4754310000000004,1.6193519999999999,-2.6869670000000001,10.93356]
["France","FRA","Alsace",-5.5789350000000004,1.9066110000000001,-2.5801189999999998,11.04448]
["France","FRA","Aquitaine",-5.3509180000000001,1.539417,-3.076025,9.7565709999999992]
["France","FRA","Auvergne",-5.2876719999999997,1.626482,-2.7363219999999999,10.17052]
["France","FRA","Bourgogne",-5.3872730000000004,1.9032450000000001,-2.7040920000000002,9.4606239999999993]
["France","FRA","Brittany",-5.4955629999999998,1.732345,-2.8692660000000001,10.75404]
["France","FRA","Centre",-5.4919719999999996,1.85782,-2.6985169999999998,9.2658389999999997]
["France","FRA","Champagne - Ardenne",-5.4331620000000003,1.843261,-2.6849829999999999,9.931362]
["France","FRA","Corse",-5.1603649999999996,1.027498,-4.0728850000000003,8.4025239999999997]
["France","FRA","Franche-Comte",-5.2493660000000002,1.7648440000000001,-2.6032099999999998,10.3589]
["France","FRA","Ile-De-France",-5.4265850000000002,1.8761300000000001,-2.9978699999999998,11.087669999999999]
["France","FRA","Languedoc - Roussillon",-5.3897519999999997,1.2632129999999999,-3.6586919999999998,9.9033990000000003]
["France","FRA","Limousin",-5.3663350000000003,1.615696,-2.8899819999999998,9.5275680000000005]
["France","FRA","Lorraine",-5.5958199999999998,1.8242579999999999,-2.8656229999999998,9.2579019999999996]
["France","FRA","Lower Normandy",-5.5047480000000002,1.7318899999999999,-2.7786659999999999,9.7918029999999998]
["France","FRA","Midi - Pyrenees",-5.3270629999999999,1.5704659999999999,-2.99491,10.5579]
["France","FRA","Nord - Pas-De-Calais",null,1.9487220000000001,null,9.6299609999999998]
["France","FRA","Pays De La Loire",null,1.876844,null,10.001340000000001]
["France","FRA","Picardie",-5.6936650000000002,1.912585,-2.7103160000000002,9.1976490000000002]
["France","FRA","Poitou - Charentes",-5.3952910000000003,1.62677,-2.8754650000000002,9.7772070000000006]
["France","FRA","Provence - Alpes - Cote Dazur",-5.3046559999999996,1.323188,-3.454307,10.10693]
["France","FRA","Rhone - Alpes",-5.2025990000000002,1.7255739999999999,-2.6068790000000002,9.9523530000000004]
["France","FRA","Upper Normandy",-5.6644430000000003,1.9523280000000001,-2.7230129999999999,9.1846619999999994]
["United Kingdom","GBR","East Midlands",-5.711932,6.8171600000000003,-2.6636000000000002,11.27256]
["United Kingdom","GBR","Eastern",-5.7769630000000003,6.3683360000000002,-3.045382,10.84545]
["United Kingdom","GBR","London",-6.0416150000000002,4.339283,-3.6500490000000001,11.484120000000001]
["United Kingdom","GBR","North East",-6.2272980000000002,4.8481379999999996,-2.9637250000000002,11.80194]
["United Kingdom","GBR","North West (Including Merseyside)",-5.954002,11.4963,-2.8728389999999999,11.13679]
["United Kingdom","GBR","Northern Ireland",-5.8910020000000003,2.1255030000000001,-2.9310350000000001,11.02975]
["United Kingdom","GBR","Scotland",-6.226159,9.4041639999999997,-3.1192280000000001,12.036020000000001]
["United Kingdom","GBR","South East",-5.8711029999999997,8.465363,-3.2039279999999999,12.15103]
["United Kingdom","GBR","South West",-5.8391640000000002,8.4768679999999996,-2.9584229999999998,12.029210000000001]
["United Kingdom","GBR","Wales",-6.0682359999999997,4.5327869999999999,-2.8868680000000002,11.774760000000001]
["United Kingdom","GBR","West Midlands",-5.6930170000000002,6.764856,-2.757063,11.409739999999999]
["United Kingdom","GBR","Yorkshire And Humberside",-5.8592979999999999,9.2077919999999995,-2.790848,10.4222]
["Georgia","GEO","Ajara",-4.9311109999999996,2.3040470000000002,-2.6270639999999998,10.86961]
["Georgia","GEO","Guria",-5.5628719999999996,1.763614,-3.7992590000000002,10.634069999999999]
["Georgia","GEO","Imeriti",-5.3125410000000004,2.2607889999999999,-3.051752,11.177670000000001]
["Georgia","GEO","Kakheti",-5.5253889999999997,2.0367449999999998,-3.4886439999999999,10.56718]
["Georgia","GEO","Kvemo Kartli",-5.5029139999999996,2.55287,-2.9500449999999998,10.34042]
["Georgia","GEO","Mtskheta-Mtianeti",-5.8577570000000003,2.3855029999999999,-3.472254,10.477539999999999]
["Georgia","GEO","Racha-Lochkhumi & Kvemo Svaneti",-5.3307570000000002,1.3821019999999999,-3.9486539999999999,10.72301]
["Georgia","GEO","Samegrelo & Zemo Svateni",-5.590738,2.4449000000000001,-3.1458390000000001,11.12022]
["Georgia","GEO","Samtskhe-Javakheti",-5.7358060000000002,1.901653,-3.8341539999999998,10.33606]
["Georgia","GEO","Shida Kartli",-5.5369039999999998,2.1522130000000002,-3.3846910000000001,10.680899999999999]
["Georgia","GEO","Tbilisi",-4.6729039999999999,3.0866880000000001,-1.586217,12.49535]
["Ghana","GHA","Ashanti",-6.529026,2.373008,-4.1560189999999997,4.6240459999999999]
["Ghana","GHA","Brong Ahafo",-7.0764360000000002,2.1552229999999999,-4.9212129999999998,3.8305579999999999]
["Ghana","GHA","Central",-6.577331,2.0337200000000002,-4.5436110000000003,3.5336419999999999]
["Ghana","GHA","Eastern",-6.6531409999999997,2.1326520000000002,-4.5204899999999997,4.3044159999999998]
["Ghana","GHA","Gt. Accra",-6.3233509999999997,2.3839549999999998,-3.9393959999999999,6.0686790000000004]
["Ghana","GHA","Northern",-7.4565210000000004,2.4205640000000002,-5.0359569999999998,1.455579]
["Ghana","GHA","Upper East",-7.0820280000000002,1.9205190000000001,-5.1615089999999997,1.3907020000000001]
["Ghana","GHA","Upper West",-7.3412090000000001,1.9885539999999999,-5.3526550000000004,1.6716949999999999]
["Ghana","GHA","Volta",-7.214442,2.447854,-4.7665879999999996,3.9950619999999999]
["Ghana","GHA","Western",-7.0749360000000001,2.8219569999999998,-4.2529789999999998,4.419943]
["Greece","GRC","Anatoliki Makedonia, Thraki",-4.9860179999999996,0.92912070000000002,-3.354711,7.8477759999999996]
["Greece","GRC","Attiki",-4.6737570000000002,1.0565260000000001,-3.1814010000000001,10.13613]
["Greece","GRC","Dytiki Ellada",-5.1117800000000004,0.90383429999999998,-3.784262,8.9308139999999998]
["Greece","GRC","Dytiki Makedonia",-4.1804110000000003,0.91328350000000003,-3.2745280000000001,8.3334720000000004]
["Greece","GRC","Ionia Nisia",-5.0022140000000004,0.65918860000000001,-4.2174829999999996,8.2919339999999995]
["Greece","GRC","Ipeiros",-4.8570419999999999,0.80779939999999995,-3.642452,8.7158189999999998]
["Greece","GRC","Kentriki Makedonia",-4.585966,1.0287230000000001,-3.1262180000000002,9.1199580000000005]
["Greece","GRC","Kriti",-4.8852880000000001,1.0800449999999999,-3.7526030000000001,9.4336389999999994]
["Greece","GRC","Notio Aigaio",-4.9279909999999996,0.75929840000000004,-3.9456850000000001,8.2402149999999992]
["Greece","GRC","Peloponnisos",-4.8974219999999997,0.82697089999999995,-3.5938880000000002,8.1043699999999994]
["Greece","GRC","Sterea Ellada",-5.0322589999999998,1.0612699999999999,-2.8670429999999998,8.0126679999999997]
["Greece","GRC","Thessalia",-4.9028919999999996,0.89205699999999999,-3.4020060000000001,8.3178979999999996]
["Greece","GRC","Voreio Aigaio",-5.0084970000000002,0.75783619999999996,-4.107132,9.3305939999999996]
["Croatia","HRV","Bjelovar-Bilogora",-4.0769710000000003,2.4560819999999999,-1.5710809999999999,5.4426829999999997]
["Croatia","HRV","Dubrovnik-Neretva",-3.4167839999999998,2.075253,-1.3222020000000001,6.9462989999999998]
["Croatia","HRV","Istria",-2.9373779999999998,1.7866770000000001,-1.131537,6.721006]
["Croatia","HRV","Karlovac",-3.9686490000000001,2.5083739999999999,-1.431435,5.797898]
["Croatia","HRV","Koprivnica-Križevci",-4.0701989999999997,2.5511849999999998,-1.4743630000000001,5.5551370000000002]
["Croatia","HRV","Krapina-Zagorje",-4.1511610000000001,2.5524079999999998,-1.587969,5.4143689999999998]
["Croatia","HRV","Lika-Senj",-3.9653550000000002,2.2503359999999999,-1.61494,5.359318]
["Croatia","HRV","Medimurje",-3.6227710000000002,2.2931279999999998,-1.311788,5.7008400000000004]
["Croatia","HRV","Osijek-Baranja",-4.076384,2.622525,-1.3985860000000001,6.1618279999999999]
["Croatia","HRV","Požega-Slavonia",-4.3610429999999996,2.6405789999999998,-1.648862,5.538062]
["Croatia","HRV","Primorje-Gorski kotar",-3.264802,2.0935039999999998,-1.154433,7.3377809999999997]
["Croatia","HRV","Sisak-Moslavina",-4.2354659999999997,2.6691609999999999,-1.53827,5.6914119999999997]
["Croatia","HRV","Slavonski Brod-Posavina",-4.4118110000000001,2.6116470000000001,-1.7614179999999999,5.617572]
["Croatia","HRV","Split-Dalmatia",-3.5246400000000002,2.0923579999999999,-1.41998,6.8832469999999999]
["Croatia","HRV","Varaždin",-3.8946499999999999,2.6411950000000002,-1.235854,5.959257]
["Croatia","HRV","Virovitica-Podravina",-4.3071099999999998,2.5416210000000001,-1.6723330000000001,5.3040789999999998]
["Croatia","HRV","Vukovar-Sirmium",-4.4725270000000004,2.5914130000000002,-1.772724,5.5142150000000001]
["Croatia","HRV","Zadar",-3.784303,2.1914560000000001,-1.555526,6.2396969999999996]
["Croatia","HRV","Zagreb",-4.9838100000000001,2.1074459999999999,-2.854924,7.8189419999999998]
["Croatia","HRV","Šibenik-Knin",-3.7384689999999998,2.1935730000000002,-1.537892,5.8748930000000001]
["Hungary","HUN","Del-Alfold/Southern Great Plain",-5.1379869999999999,1.4555389999999999,-2.6698770000000001,10.36307]
["Hungary","HUN","Del-Dunantul/Southern Transdanubia",-5.2159199999999997,1.4134310000000001,-2.8373650000000001,9.6030569999999997]
["Hungary","HUN","Eszak-Alfold/Northern Great Plain",-5.3762980000000002,1.313045,-2.7796069999999999,9.4458479999999998]
["Hungary","HUN","Eszak-Magyarorszag/Northern Hungary",-5.3834910000000002,1.5297449999999999,-2.6943299999999999,9.8159980000000004]
["Hungary","HUN","Kosep-Dunantul/Central Transdanubia",-5.0409819999999996,1.656004,-2.1351710000000002,10.000629999999999]
["Hungary","HUN","Kosep-Magyarorszag",-4.7686520000000003,1.4964740000000001,-2.6758090000000001,11.242039999999999]
["Hungary","HUN","Nyugat-Dunantul/Western Transdanubia",-5.0177290000000001,1.6199250000000001,-2.2151809999999998,10.968959999999999]
["India","IND","Andaman & Nicobar Islands",-3.361094,1.368884,-1.992211,4.1408009999999997]
["India","IND","Andhra Pradesh",-3.2677550000000002,1.1170850000000001,-2.1506699999999999,3.210909]
["India","IND","Arunachal Pradesh",-3.7360039999999999,1.340498,-2.395505,3.1620110000000001]
["India","IND","Assam",-3.396277,0.81293990000000005,-2.5833379999999999,3.6021610000000002]
["India","IND","Bihar",-4.3292039999999998,0.61773990000000001,-3.7114639999999999,2.6955399999999998]
["India","IND","Chandigarh",-2.7726440000000001,1.3629070000000001,-1.4097379999999999,8.8420369999999995]
["India","IND","Chattisgarh",-3.685543,0.85734940000000004,-2.8281930000000002,3.0362260000000001]
["India","IND","Delhi",-3.0476429999999999,1.5470539999999999,-1.500589,6.6194139999999999]
["India","IND","Goa",-2.9854639999999999,1.142833,-1.8426309999999999,5.3075900000000003]
["India","IND","Gujarat",-3.4509940000000001,1.009892,-2.4411010000000002,3.9346399999999999]
["India","IND","Haryana",-3.4105759999999998,1.0118130000000001,-2.3987630000000002,4.2003079999999997]
["India","IND","Himachal Pradesh",-3.2162169999999999,0.91779960000000005,-2.2984170000000002,4.9756790000000004]
["India","IND","Jammu & Kashmir",-3.5373380000000001,0.83740720000000002,-2.6999309999999999,4.0210270000000001]
["India","IND","Jharkhand",-4.0989440000000004,0.85613130000000004,-3.2428129999999999,3.034748]
["India","IND","Karnataka",-3.2507199999999998,0.94590280000000004,-2.3048169999999999,3.8984619999999999]
["India","IND","Kerala",-2.8259430000000001,0.8436785,-1.9822649999999999,5.3272599999999999]
["India","IND","Madhya Pradesh",-3.6691340000000001,0.83499619999999997,-2.8341379999999998,3.28911]
["India","IND","Maharashtra",-3.3519429999999999,1.04118,-2.3107630000000001,4.5346950000000001]
["India","IND","Manipur",-3.1614949999999999,0.83181430000000001,-2.3296800000000002,5.0746589999999996]
["India","IND","Meghalaya",-3.4591970000000001,1.079283,-2.3799139999999999,3.537658]
["India","IND","Mizoram",-3.2648090000000001,0.9255044,-2.339305,4.6924549999999998]
["India","IND","Nagaland",-4.2432879999999997,1.6081369999999999,-2.635151,3.7927240000000002]
["India","IND","Orissa",-3.1557710000000001,0.72147260000000002,-2.4342980000000001,3.0204979999999999]
["India","IND","Pondicherry",-3.1282290000000001,1.41937,-1.7088589999999999,5.4501280000000003]
["India","IND","Punjab",-3.2393909999999999,0.93305210000000005,-2.3063389999999999,4.4115029999999997]
["India","IND","Rajasthan",-3.5779529999999999,0.81083669999999997,-2.7671160000000001,3.0488019999999998]
["India","IND","Sikkim",-3.5511970000000002,1.3273710000000001,-2.2238259999999999,3.7230620000000001]
["India","IND","Tamil Nadu",-2.9554689999999999,0.9309402,-2.0245289999999998,4.3789990000000003]
["India","IND","Tripura",-2.926399,0.72010609999999997,-2.2062930000000001,3.6033059999999999]
["India","IND","Uttar Pradesh",-3.8633869999999999,0.70591780000000004,-3.1574689999999999,3.4501240000000002]
["India","IND","Uttaranchal",-3.4195690000000001,0.8459759,-2.5735939999999999,4.7568140000000003]
["India","IND","West Bengal",-3.0526219999999999,0.87607219999999997,-2.1765500000000002,3.333993]
["Ireland","IRL","Border, Midlands and Western",-6.5479149999999997,2.228491,-2.8771559999999998,8.5280889999999996]
["Ireland","IRL","Southern and Eastern",-6.649661,2.3532869999999999,-2.9388879999999999,10.24663]
["Italy","ITA","Abruzzo",-4.0215820000000004,1.224667,-2.7969149999999998,9.0752839999999999]
["Italy","ITA","Basilicata",-5.5666719999999996,1.247603,-4.31907,8.5718540000000001]
["Italy","ITA","Campania",-6.7247070000000004,1.1279490000000001,-5.5967580000000003,8.3437529999999995]
["Italy","ITA","Emilia-Romagna",-3.5025590000000002,1.3780209999999999,-2.124539,8.9278479999999991]
["Italy","ITA","Friuli-Venezia Giulia",-3.9471099999999999,1.5114989999999999,-2.4356110000000002,8.9863119999999999]
["Italy","ITA","Lazio",-6.4442500000000003,1.107221,-5.3370290000000002,9.6345519999999993]
["Italy","ITA","Lombardia",-3.2320500000000001,1.4098489999999999,-1.8222020000000001,9.0126390000000001]
["Italy","ITA","Marche",-2.678175,1.2718989999999999,-1.406277,8.8705569999999998]
["Italy","ITA","Molise",-5.4506959999999998,0.94289029999999996,-4.5078060000000004,8.6229689999999994]
["Italy","ITA","Piemonte",-4.1734119999999999,1.34446,-2.8289529999999998,8.7332689999999999]
["Italy","ITA","Puglia",-4.5610090000000003,1.017244,-3.5437650000000001,8.1722029999999997]
["Italy","ITA","Sardegna",-7.9345140000000001,1.101424,-6.8330909999999996,8.1541999999999994]
["Italy","ITA","Sicilia",-8.5312800000000006,0.96810969999999996,-7.5631700000000004,8.2125599999999999]
["Italy","ITA","Toscana",-3.4429400000000001,1.2590749999999999,-2.1838649999999999,8.7825340000000001]
["Italy","ITA","Trentino-Alto Adige",-4.6700670000000004,1.4166730000000001,-3.253393,8.9356290000000005]
["Italy","ITA","Umbria",-4.0556419999999997,1.2661389999999999,-2.7895020000000001,9.1716560000000005]
["Italy","ITA","Veneto",-3.2624469999999999,1.4317679999999999,-1.8306800000000001,8.7038499999999992]
["Jordan","JOR","Ajloun",-7.9607380000000001,4.3622300000000003,-3.5985079999999998,7.5510010000000003]
["Jordan","JOR","Amman",-5.8590949999999999,3.8407689999999999,-2.0183260000000001,8.1822009999999992]
["Jordan","JOR","Aqaba",-6.4029049999999996,4.0479130000000003,-2.3549920000000002,6.5556559999999999]
["Jordan","JOR","Balqa",-7.2395360000000002,4.1591199999999997,-3.080416,7.2502750000000002]
["Jordan","JOR","Irbid",-7.0604659999999999,3.7428689999999998,-3.3175970000000001,7.6163990000000004]
["Jordan","JOR","Jarash",-7.5709590000000002,4.0937489999999999,-3.4772099999999999,6.6276000000000002]
["Jordan","JOR","Karak",-7.2329759999999998,4.2661049999999996,-2.9668709999999998,6.7565989999999996]
["Jordan","JOR","Ma'an",-6.3207529999999998,3.638468,-2.6822849999999998,6.0822159999999998]
["Jordan","JOR","Madaba",-7.1588849999999997,3.850943,-3.3079429999999999,7.0763999999999996]
["Jordan","JOR","Mafraq",-7.4181429999999997,4.1427300000000002,-3.2754129999999999,5.6747680000000003]
["Jordan","JOR","Tafileh",-7.788017,5.4446450000000004,-2.343372,6.932906]
["Jordan","JOR","Zarqa",-6.8800129999999999,3.7587899999999999,-3.1212230000000001,7.2342000000000004]
["Japan","JPN","Aichi",-3.0735220000000001,2.4169130000000001,-0.65660949999999996,11.071429999999999]
["Japan","JPN","Akita",-2.954774,2.1010490000000002,-0.85372530000000002,10.130520000000001]
["Japan","JPN","Aomori",-3.0439949999999998,2.1356470000000001,-0.9083483,10.048780000000001]
["Japan","JPN","Chiba",-3.4368590000000001,2.3547639999999999,-1.0820959999999999,11.630409999999999]
["Japan","JPN","Ehime",-3.0205579999999999,2.141902,-0.8786564,10.655239999999999]
["Japan","JPN","Fukui",-2.8253370000000002,2.1163050000000001,-0.7090322,10.488440000000001]
["Japan","JPN","Fukuoka",-3.1112679999999999,2.2877649999999998,-0.82350290000000004,11.28059]
["Japan","JPN","Fukushima",-3.0248119999999998,2.1942729999999999,-0.83053849999999996,10.34112]
["Japan","JPN","Gifu",-2.9287209999999999,2.135456,-0.79326509999999995,10.59557]
["Japan","JPN","Gumma",-2.9810759999999998,2.2307090000000001,-0.75036700000000001,10.65856]
["Japan","JPN","Hiroshima",-3.02339,2.2638699999999998,-0.75952030000000004,11.39419]
["Japan","JPN","Hokkaido",-3.1065369999999999,2.2604769999999998,-0.84605980000000003,10.598129999999999]
["Japan","JPN","Hyogo",-3.1529240000000001,2.258667,-0.89425710000000003,11.38397]
["Japan","JPN","Ibaraki",-3.1578040000000001,2.3089520000000001,-0.84885259999999996,10.75231]
["Japan","JPN","Ishikawa",-2.8643169999999998,2.1555610000000001,-0.7087561,10.716329999999999]
["Japan","JPN","Iwate",-3.0028000000000001,2.1662539999999999,-0.83654589999999995,10.07422]
["Japan","JPN","Kagawa",-2.9630640000000001,2.182169,-0.78089520000000001,10.984859999999999]
["Japan","JPN","Kagoshima",-3.0188980000000001,2.1228259999999999,-0.89607199999999998,10.42972]
["Japan","JPN","Kanagawa",-3.4152960000000001,2.4451390000000002,-0.97015669999999998,11.99578]
["Japan","JPN","Kochi",-2.9427639999999999,2.0314770000000002,-0.91128690000000001,10.164440000000001]
["Japan","JPN","Kumamoto",-3.1187589999999998,2.2211439999999998,-0.89761469999999999,10.550520000000001]
["Japan","JPN","Kyoto",-3.0242969999999998,2.2076600000000002,-0.8166369,11.43689]
["Japan","JPN","Mie",-3.0793309999999998,2.2731509999999999,-0.80617930000000004,10.533469999999999]
["Japan","JPN","Miyagi",-3.0698120000000002,2.275766,-0.79404549999999996,10.9147]
["Japan","JPN","Miyazaki",-2.987568,2.1222150000000002,-0.86535260000000003,10.32525]
["Japan","JPN","Nagano",-2.9102640000000002,2.1321460000000001,-0.77811719999999995,10.85656]
["Japan","JPN","Nagasaki",-3.0391370000000002,2.1288309999999999,-0.91030650000000002,10.356859999999999]
["Japan","JPN","Nara",-3.3348089999999999,2.2176670000000001,-1.1171420000000001,11.639379999999999]
["Japan","JPN","Niigata",-2.918002,2.1541049999999999,-0.76389669999999998,10.18365]
["Japan","JPN","Oita",-3.0094319999999999,2.1805210000000002,-0.82891090000000001,10.898669999999999]
["Japan","JPN","Okayama",-3.1316790000000001,2.287725,-0.84395469999999995,11.05414]
["Japan","JPN","Okinawa",-2.933678,2.0399039999999999,-0.8937737,10.6157]
["Japan","JPN","Osaka",-3.0247950000000001,2.3410730000000002,-0.68372230000000001,11.37513]
["Japan","JPN","Saga",-3.031908,2.2011020000000001,-0.83080549999999997,10.5899]
["Japan","JPN","Saitama",-3.320808,2.3098999999999998,-1.0109079999999999,11.488910000000001]
["Japan","JPN","Shiga",-3.1663060000000001,2.347127,-0.81917859999999998,11.04871]
["Japan","JPN","Shimane",-2.8764569999999998,2.0759919999999998,-0.80046539999999999,10.17665]
["Japan","JPN","Shizuoka",-2.9849960000000002,2.2535799999999999,-0.73141619999999996,10.78528]
["Japan","JPN","Tochigi",-3.0449269999999999,2.2622230000000001,-0.78270379999999995,10.724489999999999]
["Japan","JPN","Tokushima",-2.97627,2.0893899999999999,-0.88688,10.47639]
["Japan","JPN","Tokyo",-2.902136,2.534141,-0.36799510000000002,12.16722]
["Japan","JPN","Tottori",-3.0346929999999999,2.1925400000000002,-0.84215379999999995,10.74621]
["Japan","JPN","Toyama",-2.914196,2.231074,-0.68312200000000001,10.724349999999999]
["Japan","JPN","Wakayama",-2.940026,1.989358,-0.95066799999999996,10.56762]
["Japan","JPN","Yamagata",-2.9169510000000001,2.1086480000000001,-0.80830349999999995,10.35707]
["Japan","JPN","Yamaguchi",-3.036511,2.2083080000000002,-0.82820269999999996,10.978590000000001]
["Japan","JPN","Yamanashi",-2.898927,2.0957530000000002,-0.80317470000000002,10.954499999999999]
["Kazakhstan","KAZ","Almaty",-2.9538950000000002,3.339067,0.38517220000000002,9.6753680000000006]
["Kazakhstan","KAZ","Central",-4.5113079999999997,3.4482110000000001,-1.063096,8.9600980000000003]
["Kazakhstan","KAZ","East",-4.7798369999999997,3.5526420000000001,-1.227196,8.7286230000000007]
["Kazakhstan","KAZ","North",-4.1918920000000002,3.5174650000000001,-0.67442729999999995,8.4137520000000006]
["Kazakhstan","KAZ","South",-4.8158459999999996,3.5117210000000001,-1.3041259999999999,9.2535640000000008]
["Kazakhstan","KAZ","West",-4.4562140000000001,3.5227810000000002,-0.93343319999999996,8.9290830000000003]
["Cambodia","KHM","Banteay Meanchey",-3.9147259999999999,null,null,1.6214219999999999]
["Cambodia","KHM","Battambang",-3.9517959999999999,null,null,2.59552]
["Cambodia","KHM","Kampot",-3.8208030000000002,null,null,2.1910889999999998]
["Cambodia","KHM","Kandal",-3.4773830000000001,null,null,2.9685450000000002]
["Cambodia","KHM","Kompong Cham",-3.7583410000000002,null,null,1.886096]
["Cambodia","KHM","Kompong Chhnang/Pursat",-4.2269620000000003,null,null,2.0206550000000001]
["Cambodia","KHM","Kompong Chhnang/Pursat",-4.2269620000000003,null,null,2.0206550000000001]
["Cambodia","KHM","Kompong Speu",-3.6985299999999999,null,null,2.0347490000000001]
["Cambodia","KHM","Kompong Thom",-3.576317,null,null,1.911295]
["Cambodia","KHM","Others",-4.7416660000000004,null,null,1.5685169999999999]
["Cambodia","KHM","Others",-4.7416660000000004,null,null,1.5685169999999999]
["Cambodia","KHM","Others",-4.7416660000000004,null,null,1.5685169999999999]
["Cambodia","KHM","Others",-4.7416660000000004,null,null,1.5685169999999999]
["Cambodia","KHM","Others",-4.7416660000000004,null,null,1.5685169999999999]
["Cambodia","KHM","Others",-4.7416660000000004,null,null,1.5685169999999999]
["Cambodia","KHM","Others",-4.7416660000000004,null,null,1.5685169999999999]
["Cambodia","KHM","Phnom Penh",-3.1696369999999998,null,null,4.9573150000000004]
["Cambodia","KHM","Prey Veng",-3.6823700000000001,null,null,2.2226840000000001]
["Cambodia","KHM","Siem Reap",-3.7245910000000002,null,null,1.493555]
["Cambodia","KHM","Sihanoukville/Kep/Koh Kong",-4.5390360000000003,null,null,2.3364319999999998]
["Cambodia","KHM","Sihanoukville/Kep/Koh Kong",-4.5390360000000003,null,null,2.3364319999999998]
["Cambodia","KHM","Sihanoukville/Kep/Koh Kong",-4.5390360000000003,null,null,2.3364319999999998]
["Cambodia","KHM","Svay Rieng",-3.7983060000000002,null,null,2.5087280000000001]
["Cambodia","KHM","Takeo",-3.5024109999999999,null,null,2.8153980000000001]
["Lao PDR","LAO","Attapeu",-5.6309909999999999,1.8394539999999999,-3.7915369999999999,1.69]
["Lao PDR","LAO","Bokeo",-5.5202489999999997,1.8573569999999999,-3.6628919999999998,1.262626]
["Lao PDR","LAO","Bolikhamxay",-4.8264709999999997,1.8994500000000001,-2.927022,1.99]
["Lao PDR","LAO","Champasak",-5.2674440000000002,1.788627,-3.4788169999999998,2.861386]
["Lao PDR","LAO","Houaphanh",-6.4818470000000001,1.7766690000000001,-4.7051780000000001,2.4]
["Lao PDR","LAO","Khammouane",-5.2455639999999999,2.1141100000000002,-3.1314540000000002,1.574257]
["Lao PDR","LAO","Luang Namtha",-4.7816890000000001,1.838908,-2.9427810000000001,1.74]
["Lao PDR","LAO","Luang Prabang",-5.7697130000000003,1.9887630000000001,-3.7809499999999998,1.831683]
["Lao PDR","LAO","Oudomxay",-5.2826389999999996,1.700186,-3.5824530000000001,1.3030299999999999]
["Lao PDR","LAO","Phongsaly",-4.7772810000000003,1.6164510000000001,-3.1608299999999998,0.92]
["Lao PDR","LAO","Saravanh",-5.4879559999999996,1.91974,-3.5682149999999999,1.7326729999999999]
["Lao PDR","LAO","Savannakhet",-5.6322789999999996,1.8964490000000001,-3.7358310000000001,2.6]
["Lao PDR","LAO","Saysomboun",-5.2709330000000003,2.0476930000000002,-3.2232400000000001,4.75]
["Lao PDR","LAO","Sekong",-5.4831490000000001,1.811124,-3.6720250000000001,1.43]
["Lao PDR","LAO","Vientiane",-4.9735940000000003,1.9371419999999999,-3.0364529999999998,3.53]
["Lao PDR","LAO","Vientiane Capital",-5.9747380000000003,2.8472840000000001,-3.1274540000000002,5.19]
["Lao PDR","LAO","Xayaboury",-5.2394129999999999,1.667915,-3.5714980000000001,3.0396040000000002]
["Lao PDR","LAO","Xieng Khouang",-5.01424,1.7026730000000001,-3.3115670000000001,2.79]
["Sri Lanka","LKA","Central",-5.2463810000000004,1.9311860000000001,-3.3151950000000001,4.606185]
["Sri Lanka","LKA","North"]
["Central",-5.1121439999999998,1.5981780000000001,-3.5139659999999999,-0.47063519999999998,4.5456969999999997]
["Sri Lanka","LKA","North"]
["Western",-4.5567970000000004,1.655508,-2.9012889999999998,-0.5371108,4.8850090000000002]
["Sri Lanka","LKA","Sabaraga-"]
["muwa",-5.043139,1.666606,-3.3765329999999998,-0.39105960000000001,4.6467239999999999]
["Sri Lanka","LKA","Southern",-5.0732650000000001,1.8509119999999999,-3.222353,4.8889509999999996]
["Sri Lanka","LKA","Uva",-5.4801900000000003,1.5624279999999999,-3.9177620000000002,4.2568650000000003]
["Sri Lanka","LKA","Western",-5.0279699999999998,2.6436639999999998,-2.384306,5.7775160000000003]
["Lithuania","LTU","Alytus",-4.0753570000000003,0.63751250000000004,-3.4378449999999998,10.105420000000001]
["Lithuania","LTU","Kaunas",-3.7563610000000001,0.74541659999999998,-3.0109439999999998,10.830299999999999]
["Lithuania","LTU","Klaipeda",-3.665251,0.71238100000000004,-2.9528699999999999,10.51252]
["Lithuania","LTU","Marijampole",-4.1684380000000001,0.56311350000000004,-3.6053250000000001,9.8574669999999998]
["Lithuania","LTU","Panevezys",-3.9025400000000001,0.62274960000000001,-3.2797909999999999,10.040050000000001]
["Lithuania","LTU","Siauliai",-4.0368769999999996,0.66966179999999997,-3.3672149999999998,9.9766840000000006]
["Lithuania","LTU","Taurage",-4.2345360000000003,0.52647809999999995,-3.7080579999999999,9.4548170000000002]
["Lithuania","LTU","Telsiai",-4.0484270000000002,0.57958419999999999,-3.4688430000000001,9.6579090000000001]
["Lithuania","LTU","Utena",-4.1740789999999999,0.65676610000000002,-3.5173130000000001,9.8896350000000002]
["Lithuania","LTU","Vilnius",-3.4153060000000002,0.80219050000000003,-2.6131160000000002,11.31166]
["Latvia","LVA","Aizkraukle district",-4.5466340000000001,3.4858449999999999,-1.060789,8.9001599999999996]
["Latvia","LVA","Aluksne district",-4.5164150000000003,3.3555640000000002,-1.1608510000000001,8.8487980000000004]
["Latvia","LVA","Balvi district",-4.8402609999999999,3.421265,-1.4189959999999999,8.3633430000000004]
["Latvia","LVA","Bauska district",-4.6859890000000002,3.4715739999999999,-1.214415,8.5246089999999999]
["Latvia","LVA","Cesis district",-4.1663059999999996,3.4156339999999998,-0.75067229999999996,8.9864339999999991]
["Latvia","LVA","Daugavpils city under state jurisdiction",-4.2102680000000001,3.4555959999999999,-0.75467220000000002,9.9910759999999996]
["Latvia","LVA","Daugavpils district",-5.4246939999999997,3.5321090000000002,-1.892584,8.145581]
["Latvia","LVA","Dobele district",-4.7807120000000003,3.6099130000000001,-1.170798,8.6392480000000003]
["Latvia","LVA","Gulbene district",-4.442977,3.4199760000000001,-1.023001,8.8208570000000002]
["Latvia","LVA","Jekabpils district",-4.4201079999999999,3.4889619999999999,-0.93114540000000001,8.6556990000000003]
["Latvia","LVA","Jelgava city under state jurisdiction",-4.141216,3.4644430000000002,-0.67677339999999997,9.923254]
["Latvia","LVA","Jelgava district",-4.8397399999999999,3.4719350000000002,-1.3678049999999999,8.385707]
["Latvia","LVA","Jurmala city under state jurisdiction",-4.09619,3.4182239999999999,-0.67796610000000002,10.33165]
["Latvia","LVA","Kraslava district",-5.0198999999999998,3.4651109999999998,-1.5547899999999999,8.1875199999999992]
["Latvia","LVA","Kuldiga district",-4.5200060000000004,3.4867029999999999,-1.0333030000000001,8.5835659999999994]
["Latvia","LVA","Liepaja city under state jurisdiction",-4.0409800000000002,3.4177590000000002,-0.62322060000000001,9.82226]
["Latvia","LVA","Liepaja district",-4.8181839999999996,3.4417740000000001,-1.3764099999999999,8.009938]
["Latvia","LVA","Limbazi district",-4.4414069999999999,3.4505859999999999,-0.99082170000000003,8.6964030000000001]
["Latvia","LVA","Ludza district",-4.9298739999999999,3.4608289999999999,-1.4690460000000001,8.5046440000000008]
["Latvia","LVA","Madona district",-4.4067480000000003,3.4649719999999999,-0.94177569999999999,8.6612310000000008]
["Latvia","LVA","Ogre district",-4.3306190000000004,3.423867,-0.90675130000000004,9.6293159999999993]
["Latvia","LVA","Preili district",-4.6428960000000004,3.4498190000000002,-1.1930769999999999,8.4711020000000001]
["Latvia","LVA","Rezekne city under state jurisdiction",-4.1174590000000002,3.4758589999999998,-0.64159999999999995,10.03825]
["Latvia","LVA","Rezekne district",-5.1577960000000003,3.5235400000000001,-1.6342559999999999,8.1216530000000002]
["Latvia","LVA","Riga city under state jurisdiction",-3.3614389999999998,3.4380999999999999,7.6660900000000004E-2,11.0085]
["Latvia","LVA","Saldus district",-4.2820320000000001,3.5040990000000001,-0.77793350000000006,8.5272539999999992]
["Latvia","LVA","Talsi district",-4.2831799999999998,3.4539840000000002,-0.82919529999999997,8.4768109999999997]
["Latvia","LVA","Tukums district",-4.3677659999999996,3.481843,-0.88592360000000003,8.851782]
["Latvia","LVA","Valka district",-4.5593430000000001,3.6154649999999999,-0.94387739999999998,8.8143309999999992]
["Latvia","LVA","Valmiera district",-4.1989770000000002,3.439635,-0.75934299999999999,9.0764770000000006]
["Latvia","LVA","Ventspils city under state jurisdiction",-3.9609260000000002,3.4789460000000001,-0.4819792,9.5841360000000009]
["Latvia","LVA","Ventspils district",-4.7389270000000003,3.4032279999999999,-1.335699,7.9611660000000004]
["Morocco","MAR","Chaouia-Ouardigha",null,1.0267360000000001,-2.925516,2.4138000000000002]
["Morocco","MAR","Doukala-Abda",null,0.93472770000000005,-3.0345680000000002,1.8037810000000001]
["Morocco","MAR","Fès-Boulemane",null,1.153389,-2.385837,2.6297999999999999]
["Morocco","MAR","Gharb-Chrarda-Béni Hssen",null,0.83917160000000002,-3.131955,2.0048010000000001]
["Morocco","MAR","Grand Casablanca",null,1.641988,-1.7223619999999999,3.668167]
["Morocco","MAR","Guelmim-Es-Semara",null,0.4755567,-3.083297,2.4314429999999998]
["Morocco","MAR","Marrakech-Tensift-Al Haouz",null,0.86075880000000005,-2.9267919999999998,1.5973599999999999]
["Morocco","MAR","Meknès-Tafilalet",null,0.73915730000000002,-2.9744350000000002,2.3018299999999998]
["Morocco","MAR","Oriental",null,0.80685510000000005,-2.7882370000000001,2.3864390000000002]
["Morocco","MAR","Rabat-Salé-Zemmour-Zaer",null,1.140541,-2.401265,3.8139820000000002]
["Morocco","MAR","Souss-Massa-Daraa",null,0.85242390000000001,-2.844846,1.8053999999999999]
["Morocco","MAR","Tadla-Azilal",null,0.65137429999999996,-3.3163490000000002,1.8498000000000001]
["Morocco","MAR","Tanger-Tétouan",null,1.128668,-2.5349879999999998,2.1915809999999998]
["Morocco","MAR","Taza-Al Hoceima-Taounate",null,0.73005149999999996,-3.5682580000000002,1.6446000000000001]
["Moldova","MDA","Center",null,null,-3.972756,6.4177439999999999]
["Moldova","MDA","Chisinau",null,null,-2.5708479999999998,8.7165300000000006]
["Moldova","MDA","North",null,null,-3.501709,6.6508690000000001]
["Moldova","MDA","South",null,null,-4.1555289999999996,6.6159239999999997]
["Madagascar","MDG","Antananarivo",-3.226664,null,null,4.2602960000000003]
["Madagascar","MDG","Antsiranana",-3.4287459999999998,null,null,1.732178]
["Madagascar","MDG","Fianarantsoa",-2.4422980000000001,null,null,2.0512999999999999]
["Madagascar","MDG","Mahajanga",-4.1702349999999999,null,null,1.7043699999999999]
["Madagascar","MDG","Toamasina",-4.1576829999999996,null,null,2.1479729999999999]
["Madagascar","MDG","Toliara",-4.4971120000000004,null,null,1.5104960000000001]
["Mexico","MEX","Aguascalientes",null,1.2580579999999999,-1.9962420000000001,7.596349]
["Mexico","MEX","Baja California Norte",null,1.8445659999999999,-1.7167079999999999,7.8508680000000002]
["Mexico","MEX","Baja California Sur",null,1.3818159999999999,-1.729576,8.0204500000000003]
["Mexico","MEX","Campeche",null,1.236837,-1.9824470000000001,6.8498979999999996]
["Mexico","MEX","Chiapas",null,0.32886539999999997,-3.164723,4.9949349999999999]
["Mexico","MEX","Chihuahua",null,1.830802,-1.7569220000000001,7.2558610000000003]
["Mexico","MEX","Coahuila",null,1.57521,-1.8479779999999999,7.9736570000000002]
["Mexico","MEX","Colima",null,1.0224869999999999,-2.0532859999999999,7.3805670000000001]
["Mexico","MEX","Distrito Federal",null,1.6966829999999999,-1.4275850000000001,9.3631729999999997]
["Mexico","MEX","Durango",null,1.0991040000000001,-2.4026450000000001,6.8493430000000002]
["Mexico","MEX","Guanajuato",null,1.077879,-2.2218140000000002,6.0668689999999996]
["Mexico","MEX","Guerrero",null,0.1158059,-3.0698629999999998,5.8386110000000002]
["Mexico","MEX","Hidalgo",null,0.67097709999999999,-2.6813989999999999,6.3593909999999996]
["Mexico","MEX","Jalisco",null,1.1434230000000001,-2.0925760000000002,7.2020299999999997]
["Mexico","MEX","Mexico",null,0.7072058,-2.7104010000000001,7.6826040000000004]
["Mexico","MEX","Michoacan",null,0.3700193,-2.738216,5.8274109999999997]
["Mexico","MEX","Morelos",null,0.51831629999999995,-2.4869240000000001,7.3604060000000002]
["Mexico","MEX","Nayarit",null,0.63520339999999997,-2.5470969999999999,6.9261879999999998]
["Mexico","MEX","Nuevo Leon",null,1.822492,-1.652048,8.4082059999999998]
["Mexico","MEX","Oaxaca",null,7.2921000000000001E-3,-3.1760130000000002,5.290781]
["Mexico","MEX","Puebla",null,0.55583179999999999,-2.6583290000000002,6.3943380000000003]
["Mexico","MEX","Queretaro",null,1.4056109999999999,-1.934382,7.3535969999999997]
["Mexico","MEX","Quintana Roo",null,1.403092,-1.972232,7.3678860000000004]
["Mexico","MEX","San Luis Potosi",null,1.084317,-2.329698,6.555218]
["Mexico","MEX","Sinaloa",null,1.1943280000000001,-2.279344,7.5857869999999998]
["Mexico","MEX","Sonora",null,1.478429,-1.879475,7.8167]
["Mexico","MEX","Tabasco",null,1.033855,-2.5926650000000002,6.8805670000000001]
["Mexico","MEX","Tamaulipas",null,1.544022,-1.8406180000000001,7.692151]
["Mexico","MEX","Tlaxcala",null,0.36166100000000001,-2.704885,7.1850360000000002]
["Mexico","MEX","Veracruz",null,0.74980480000000005,-2.6956150000000001,6.1292929999999997]
["Mexico","MEX","Yucatan",null,0.90670669999999998,-2.145086,6.4523330000000003]
["Mexico","MEX","Zacatecas",null,0.56625219999999998,-2.7716229999999999,5.9292210000000001]
["Macedonia, FYR","MKD","East",-3.4434800000000001,2.3751549999999999,-1.068325,7.2061890000000002]
["Macedonia, FYR","MKD","Northeast",-3.7236159999999998,2.1119910000000002,-1.6116250000000001,6.0079859999999998]
["Macedonia, FYR","MKD","Pelagonian",-3.3692139999999999,2.161781,-1.207433,6.7412679999999998]
["Macedonia, FYR","MKD","Polog",-3.8474599999999999,2.0025010000000001,-1.844959,5.9815120000000004]
["Macedonia, FYR","MKD","Skopje",-3.0667559999999998,2.1667360000000002,-0.90002070000000001,6.7779759999999998]
["Macedonia, FYR","MKD","Southeast",-3.3488250000000002,2.2017920000000002,-1.1470340000000001,5.3782370000000004]
["Macedonia, FYR","MKD","Southwest",-3.4411520000000002,2.074954,-1.366198,5.0266770000000003]
["Macedonia, FYR","MKD","Vardar",-3.3209879999999998,2.1168589999999998,-1.204129,6.8671290000000003]
["Mongolia","MNG","Arkhangai",-5.210153,2.5061640000000001,-2.7039900000000001,6.9619749999999998]
["Mongolia","MNG","Bayan-Oigii",-5.189171,2.5327630000000001,-2.6564079999999999,6.9186180000000004]
["Mongolia","MNG","Bayankhongor",-5.0471349999999999,2.4216500000000001,-2.6254849999999998,6.9895829999999997]
["Mongolia","MNG","Bulgan",-5.0175900000000002,2.507565,-2.5100250000000002,7.4130589999999996]
["Mongolia","MNG","Chentij {Chentij}",-4.8664550000000002,2.3850760000000002,-2.481379,7.2398670000000003]
["Mongolia","MNG","Chovd",-4.8244189999999998,2.3213010000000001,-2.5031189999999999,7.1844580000000002]
["Mongolia","MNG","Chovsgol",-5.5228539999999997,2.6732930000000001,-2.8495599999999999,6.9871369999999997]
["Mongolia","MNG","Darkhan-Uul",-4.4488760000000003,2.3882319999999999,-2.0606439999999999,8.915438]
["Mongolia","MNG","Dornod",-4.7194330000000004,2.4162699999999999,-2.3031640000000002,7.643205]
["Mongolia","MNG","Dornogovi",-4.6545389999999998,2.289682,-2.3648570000000002,7.8105880000000001]
["Mongolia","MNG","Dundgovi",-4.7189290000000002,2.2679,-2.4510299999999998,7.012721]
["Mongolia","MNG","Govi-Altai",-4.9377550000000001,2.5005649999999999,-2.4371900000000002,7.0093690000000004]
["Mongolia","MNG","Govisumber",-4.5007640000000002,2.2978290000000001,-2.2029350000000001,7.012721]
["Mongolia","MNG","Omnogovi",-4.4253489999999998,2.2563719999999998,-2.1689759999999998,7.1447010000000004]
["Mongolia","MNG","Orkhon",-4.2617750000000001,2.2526679999999999,-2.0091070000000002,8.9679970000000004]
["Mongolia","MNG","Ovorkhangai",-5.3009570000000004,2.479444,-2.8215129999999999,6.658169]
["Mongolia","MNG","Selenge",-4.3428339999999999,2.2135060000000002,-2.129327,8.1536089999999994]
["Mongolia","MNG","Sukhbaatar",-4.9821340000000003,2.3816229999999998,-2.600511,6.9001739999999998]
["Mongolia","MNG","Tov",-4.7160500000000001,2.4265639999999999,-2.2894860000000001,7.5760430000000003]
["Mongolia","MNG","Ulaanbaatar",-3.9427270000000001,2.202261,-1.7404660000000001,9.5872890000000002]
["Mongolia","MNG","Uvs",-5.0548080000000004,2.5572729999999999,-2.4975350000000001,6.9812019999999997]
["Mongolia","MNG","Zavkhan",-4.905259,2.4556809999999998,-2.4495779999999998,7.14872]
["Mozambique","MOZ","Cabo Delgado",-7.1303960000000002,1.5399069999999999,-5.5904889999999998,0.51567370000000001]
["Mozambique","MOZ","Gaza",-6.1065240000000003,2.0884909999999999,-4.0180319999999998,0.6597653]
["Mozambique","MOZ","Inhambane",-6.5765380000000002,2.1288589999999998,-4.4476779999999998,0.84253060000000002]
["Mozambique","MOZ","Manica",-6.576702,1.646863,-4.9298390000000003,1.0747409999999999]
["Mozambique","MOZ","Maputo",-5.4099599999999999,2.800497,-2.609464,2.5947819999999999]
["Mozambique","MOZ","Nampula",-7.4848489999999996,2.0693220000000001,-5.415527,0.67999010000000004]
["Mozambique","MOZ","Niassa",-7.4390619999999998,1.7895350000000001,-5.649527,0.69826440000000001]
["Mozambique","MOZ","Sofala",-5.7687580000000001,1.7559959999999999,-4.0127620000000004,1.0755399999999999]
["Mozambique","MOZ","Tete",-7.1249349999999998,1.657762,-5.4671729999999998,0.76334610000000003]
["Mozambique","MOZ","Zambézia",-8.4486749999999997,2.812478,-5.6361970000000001,0.50898509999999997]
["Malaysia","MYS","Johor",-6.4492729999999998,4.3078430000000001,-2.141429,5.958094]
["Malaysia","MYS","Kedah",-6.7288579999999998,3.864487,-2.8643709999999998,5.6221120000000004]
["Malaysia","MYS","Kelantan",-6.9801650000000004,2.6840060000000001,-4.2961580000000001,5.5972549999999996]
["Malaysia","MYS","Melaka",-6.412261,4.2554829999999999,-2.1567780000000001,6.4131600000000004]
["Malaysia","MYS","Negeri Sembilan",-6.6118880000000004,4.0729129999999998,-2.5389750000000002,6.0351699999999999]
["Malaysia","MYS","Pahang",-7.1496919999999999,3.546923,-3.6027680000000002,5.4772829999999999]
["Malaysia","MYS","Perak",-6.4348419999999997,3.544171,-2.8906710000000002,5.3650500000000001]
["Malaysia","MYS","Perlis",-6.7620389999999997,3.0434009999999998,-3.7186379999999999,5.5147589999999997]
["Malaysia","MYS","Pulau Pinang",-6.5028389999999998,4.6020060000000003,-1.9008320000000001,6.6933819999999997]
["Malaysia","MYS","Sabah",-7.7779819999999997,3.9193030000000002,-3.858679,4.5653350000000001]
["Malaysia","MYS","Sarawak",-7.1551260000000001,3.9170530000000001,-3.2380740000000001,4.5961550000000004]
["Malaysia","MYS","Selangor",-7.1523820000000002,4.7242889999999997,-2.4280940000000002,7.9752179999999999]
["Malaysia","MYS","Terengganu",-6.5657550000000002,2.8182809999999998,-3.7474729999999998,5.9420210000000004]
["Malaysia","MYS","Wilayah Persekutuan",-6.4700499999999996,3.4172760000000002,-3.0527739999999999,8.0773189999999992]
["Netherlands","NLD","Drenthe",-5.868493,1.960259,-3.1370209999999998,10.313689999999999]
["Netherlands","NLD","Flevoland",-5.8549369999999996,2.0496829999999999,-3.255633,9.5781749999999999]
["Netherlands","NLD","Friesland",-5.5837859999999999,1.909718,-3.0130129999999999,10.55003]
["Netherlands","NLD","Gelderland",-5.6689579999999999,2.0398559999999999,-3.0060280000000001,10.2643]
["Netherlands","NLD","Groningen",-5.8311640000000002,2.0965029999999998,-3.174417,10.914210000000001]
["Netherlands","NLD","Limburg (NL)",-5.7723500000000003,2.127904,-2.8837670000000002,9.9025920000000003]
["Netherlands","NLD","Noord-Brabant",-5.5351020000000002,2.1547990000000001,-2.60216,9.8531420000000001]
["Netherlands","NLD","Noord-Holland",-5.7619179999999997,2.0521199999999999,-3.2708699999999999,11.79326]
["Netherlands","NLD","Overijssel",-5.7099659999999997,2.224504,-2.7690039999999998,10.093970000000001]
["Netherlands","NLD","Utrecht",-5.8867209999999996,2.1342850000000002,-3.351232,10.80752]
["Netherlands","NLD","Zeeland",-5.8280830000000003,1.975373,-2.9640469999999999,10.326409999999999]
["Netherlands","NLD","Zuid-Holland",-5.9814980000000002,2.101362,-3.3754810000000002,10.302339999999999]
["Norway","NOR","Akershus",-2.3391259999999998,1.601909,-0.73721650000000005,12.550380000000001]
["Norway","NOR","Aust-Agder",-2.295696,1.5465310000000001,-0.74916419999999995,12.051259999999999]
["Norway","NOR","Buskerud",-2.1960350000000002,1.507377,-0.68865790000000005,11.890370000000001]
["Norway","NOR","Finnmark",-2.2340499999999999,1.5550390000000001,-0.67901129999999998,11.43867]
["Norway","NOR","Hedmark",-2.2311540000000001,1.451038,-0.78011549999999996,11.45153]
["Norway","NOR","Hordaland",-2.3957480000000002,1.7263949999999999,-0.66935359999999999,12.27819]
["Norway","NOR","More og Romsdal",-2.2902089999999999,1.6232759999999999,-0.66693329999999995,11.823370000000001]
["Norway","NOR","Nord-Trondelag",-2.1658590000000002,1.407443,-0.75841639999999999,11.875299999999999]
["Norway","NOR","Nordland",-2.342438,1.5892580000000001,-0.75318039999999997,11.498749999999999]
["Norway","NOR","Oppland",-2.1046490000000002,1.3522209999999999,-0.75242810000000004,11.66559]
["Norway","NOR","Oslo",-2.0723950000000002,1.742839,-0.32955630000000002,13.209619999999999]
["Norway","NOR","Ostfold",-2.3174779999999999,1.5602799999999999,-0.75719800000000004,11.608140000000001]
["Norway","NOR","Rogaland",-2.3360910000000001,1.741797,-0.59429449999999995,12.1373]
["Norway","NOR","Sogn og Fjordane",-2.0666159999999998,1.394855,-0.67176040000000004,12.00285]
["Norway","NOR","Sor-Trondelag",-2.312535,1.6732720000000001,-0.63926309999999997,12.30045]
["Norway","NOR","Telemark",-2.308659,1.5771500000000001,-0.73150959999999998,11.759779999999999]
["Norway","NOR","Troms",-2.3506010000000002,1.640717,-0.70988390000000001,11.861359999999999]
["Norway","NOR","Vest-Agder",-2.262502,1.6369640000000001,-0.62553859999999994,12.15249]
["Norway","NOR","Vestfold",-2.277984,1.5429820000000001,-0.7350023,12.07095]
["Nepal","NPL","Central",-8.6815809999999995,3.9179270000000002,-4.7636539999999998,3.0014889999999999]
["Nepal","NPL","Eastern",-8.9238859999999995,4.1800439999999996,-4.743843,2.689422]
["Nepal","NPL","Far Western",-9.4405260000000002,3.4104939999999999,-6.0300320000000003,2.301758]
["Nepal","NPL","Mid-western",-9.8276380000000003,3.2695690000000002,-6.5580679999999996,2.5062880000000001]
["Nepal","NPL","Western",-9.0626949999999997,3.6515919999999999,-5.4111029999999998,2.806794]
["New Zealand","NZL","Auckland Region",-2.5008210000000002,1.5473509999999999,-0.95347020000000005,10.22466]
["New Zealand","NZL","Bay of Plenty Region",-2.6336870000000001,1.4571289999999999,-1.176558,8.9918420000000001]
["New Zealand","NZL","Canterbury Region",-2.6681720000000002,1.6334439999999999,-1.0347280000000001,9.4825350000000004]
["New Zealand","NZL","Gisborne Region",-2.811849,1.5630550000000001,-1.248794,8.6309760000000004]
["New Zealand","NZL","Hawke's Bay Region",-2.698639,1.571526,-1.127113,8.8408350000000002]
["New Zealand","NZL","Manawatu-Wanganui Region",-2.7249509999999999,1.587229,-1.1377219999999999,9.1193899999999992]
["New Zealand","NZL","Northland Region",-2.658013,1.3381339999999999,-1.3198799999999999,8.7502759999999995]
["New Zealand","NZL","Otago Region",-2.6397529999999998,1.5879840000000001,-1.051769,9.7828470000000003]
["New Zealand","NZL","Southland Region",-2.6377470000000001,1.6066290000000001,-1.0311170000000001,8.4673719999999992]
["New Zealand","NZL","Taranaki Region",-2.7003110000000001,1.5525709999999999,-1.14774,8.7406450000000007]
["New Zealand","NZL","Waikato Region",-2.6624400000000001,1.4842329999999999,-1.1782060000000001,9.1508800000000008]
["New Zealand","NZL","Wellington Region",-2.5258310000000002,1.6450720000000001,-0.88075970000000003,10.454319999999999]
["New Zealand","NZL","West Coast Region",-2.6064660000000002,1.481681,-1.1247860000000001,8.39344]
["Pakistan","PAK","Balochistan",null,1.1993339999999999,-3.615189,1.8177970000000001]
["Pakistan","PAK","NWFP",null,1.3016380000000001,-2.6413790000000001,1.9473849999999999]
["Pakistan","PAK","Punjab",null,1.2528760000000001,-2.5616319999999999,2.5030429999999999]
["Pakistan","PAK","Sindh",null,1.285604,-2.9502169999999999,2.8359610000000002]
["Panama","PAN","Bocas del Toro",-4.2563009999999997,1.605958,-2.6503429999999999,4.9736729999999998]
["Panama","PAN","Chiriquí",-3.8351820000000001,1.129543,-2.7056390000000001,6.8287719999999998]
["Panama","PAN","Coclé",-4.5398199999999997,1.3033710000000001,-3.2364489999999999,6.2376620000000003]
["Panama","PAN","Colón",-4.1978809999999998,1.9455,-2.2523819999999999,7.8389499999999996]
["Panama","PAN","Darién",-3.89181,-0.28362969999999998,-4.17544,3.624708]
["Panama","PAN","Herrera",-3.869494,0.92530140000000005,-2.9441929999999998,6.4277709999999999]
["Panama","PAN","Los Santos",-3.7955429999999999,0.50581810000000005,-3.2897249999999998,6.1795400000000003]
["Panama","PAN","Panamá",-4.1227299999999998,2.291442,-1.831288,8.7324699999999993]
["Panama","PAN","Veraguas",-4.1582369999999997,0.90159089999999997,-3.2566449999999998,5.7179450000000003]
["Peru","PER","Amazonas",-4.9141209999999997,0.30776720000000002,-4.9141209999999997,4.1694659999999999]
["Peru","PER","Ancash",-4.8517729999999997,1.0399959999999999,-4.8517729999999997,4.9365230000000002]
["Peru","PER","Apurímac",-5.3197270000000003,0.35810320000000001,-5.3197270000000003,4.4845350000000002]
["Peru","PER","Arequipa",-4.1711640000000001,1.1572210000000001,-4.1711640000000001,7.9366649999999996]
["Peru","PER","Ayacucho",-5.0697229999999998,0.28519709999999998,-5.0697229999999998,4.2706569999999999]
["Peru","PER","Cajamarca",-5.0960840000000003,0.39461499999999999,-5.0960840000000003,4.1176019999999998]
["Peru","PER","Cusco",-4.834174,0.79661579999999999,-4.834174,4.5137210000000003]
["Peru","PER","Huancavelica",-5.242496,0.16878960000000001,-5.242496,3.6934490000000002]
["Peru","PER","Huánuco",-4.9681610000000003,0.54606500000000002,-4.9681610000000003,4.3286199999999999]
["Peru","PER","Ica",-4.3615890000000004,0.94093629999999995,-4.3615890000000004,7.5416559999999997]
["Peru","PER","Junín",-4.3115350000000001,0.91249380000000002,-4.3115350000000001,6.2132319999999996]
["Peru","PER","La Libertad",-4.909071,1.2406219999999999,-4.909071,6.6615089999999997]
["Peru","PER","Lambayeque",-4.682455,1.130932,-4.682455,7.0452849999999998]
["Peru","PER","Lima",-4.6457889999999997,1.828506,-4.6457889999999997,8.2755749999999999]
["Peru","PER","Loreto",-5.3044919999999998,1.2294609999999999,-5.3044919999999998,5.7710480000000004]
["Peru","PER","Madre de Dios",-4.7909579999999998,0.60043100000000005,-4.7909579999999998,6.3126509999999998]
["Peru","PER","Moquegua",-4.5101589999999998,1.012443,-4.5101589999999998,6.4421590000000002]
["Peru","PER","Pasco",-4.7928579999999998,0.74470389999999997,-4.7928579999999998,6.0410659999999998]
["Peru","PER","Piura",-5.066986,1.044807,-5.066986,5.8048900000000003]
["Peru","PER","Puno",-4.8527199999999997,0.40180250000000001,-4.8527199999999997,5.3323640000000001]
["Peru","PER","San Martín",-5.1559749999999998,0.63629829999999998,-5.1559749999999998,5.1754910000000001]
["Peru","PER","Tacna",-4.7196749999999996,1.4308559999999999,-4.7196749999999996,8.0645749999999996]
["Peru","PER","Tumbes",-4.7401070000000001,0.80013480000000003,-4.7401070000000001,7.4473770000000004]
["Peru","PER","Ucayali",-5.1133249999999997,1.1917599999999999,-5.1133249999999997,6.7848519999999999]
["Philippines","PHL","Bicol",-7.6632600000000002,2.3387959999999999,-5.3244629999999997,6.5651029999999997]
["Philippines","PHL","Cagayan Valley",-6.3401969999999999,2.4731200000000002,-3.8670770000000001,6.5573410000000001]
["Philippines","PHL","Calabarzon",-6.8708819999999999,3.1623000000000001,-3.7085819999999998,7.5773489999999999]
["Philippines","PHL","Caraga",-6.4166650000000001,3.0255209999999999,-3.3911440000000002,6.2103659999999996]
["Philippines","PHL","Central Luzon",-8.2057249999999993,2.4619789999999999,-5.7437449999999997,7.2456620000000003]
["Philippines","PHL","Central Visayas",-6.6110389999999999,2.7043050000000002,-3.9067340000000002,6.1385079999999999]
["Philippines","PHL","Cordillera",-3.3832620000000002,3.341564,-4.1698300000000001E-2,7.0250019999999997]
["Philippines","PHL","Davao",-6.5947430000000002,2.8181050000000001,-3.7766380000000002,6.1949519999999998]
["Philippines","PHL","Eastern Visayas",-6.0387919999999999,3.4494919999999998,-2.589299,5.0588300000000004]
["Philippines","PHL","Ilocos",-7.7528889999999997,2.7814109999999999,-4.9714780000000003,7.1973560000000001]
["Philippines","PHL","Metro Manila",-4.3520149999999997,3.2092779999999999,-1.142736,8.4702269999999995]
["Philippines","PHL","Mimaropa",-5.0161049999999996,3.6471110000000002,-1.368994,5.6155920000000004]
["Philippines","PHL","Muslim Mindanao",-7.3412189999999997,2.671576,-4.6696429999999998,4.749962]
["Philippines","PHL","Northern Mindanao",-7.1776350000000004,2.7333750000000001,-4.4442599999999999,6.2564979999999997]
["Philippines","PHL","Soccsksargen",-6.3070490000000001,2.8303560000000001,-3.4766940000000002,5.9708540000000001]
["Philippines","PHL","Western Visayas",-7.4960290000000001,2.5898249999999998,-4.9062039999999998,6.1743880000000004]
["Philippines","PHL","Zamboanga Peninsula",-7.1293749999999996,2.6899519999999999,-4.4394229999999997,5.4870809999999999]
["Poland","POL","Dolnoslaskie",-4.5327469999999996,3.1857039999999999,-1.9805269999999999,10.756460000000001]
["Poland","POL","Kujawsko-Pomorskie",-4.5395070000000004,3.0992709999999999,-1.938409,10.54627]
["Poland","POL","Lodzkie",-4.1949969999999999,3.1870370000000001,-1.847345,11.09324]
["Poland","POL","Lubelskie",-4.8861020000000002,2.9621559999999998,-2.4648469999999998,10.462210000000001]
["Poland","POL","Lubuskie",-4.6369740000000004,3.0497260000000002,-1.917845,9.8862059999999996]
["Poland","POL","Malopolskie",-4.475352,3.1512690000000001,-2.136965,11.23129]
["Poland","POL","Mazowieckie",-4.335629,3.4929230000000002,-2.0811709999999999,10.160220000000001]
["Poland","POL","Opolskie",-5.3625670000000003,1.5575399999999999,-2.7370540000000001,10.4046]
["Poland","POL","Podkarpackie",-4.7911710000000003,3.3848220000000002,-2.0080209999999998,10.08398]
["Poland","POL","Podlaskie",-5.5468010000000003,1.582465,-2.964712,9.5487540000000006]
["Poland","POL","Pomorskie",-4.3077649999999998,3.002516,-1.970324,10.06058]
["Poland","POL","Slaskie",-4.5665279999999999,3.5493519999999998,-1.9652210000000001,10.826779999999999]
["Poland","POL","Swietokrzyskie",-4.7440519999999999,2.9784519999999999,-2.1914500000000001,9.6637500000000003]
["Poland","POL","Warminsko-Mazurskie",-4.8225360000000004,3.1777690000000001,-2.1296789999999999,10.21724]
["Poland","POL","Wielkopolskie",-4.3283009999999997,3.2208459999999999,-1.7471429999999999,10.5823]
["Poland","POL","Zachodniopomorskie",-4.4574490000000004,2.5807500000000001,-2.1857959999999999,10.998659999999999]
["Portugal","PRT","Acores",-5.1041239999999997,1.2844310000000001,-3.3982619999999999,7.0195879999999997]
["Portugal","PRT","Alentejo",-4.8882989999999999,1.098393,-2.991752,7.5010070000000004]
["Portugal","PRT","Algarve",-4.9785919999999999,1.130433,-3.715903,7.111421]
["Portugal","PRT","Centro",-4.6531989999999999,1.1960809999999999,-2.4639329999999999,7.1459789999999996]
["Portugal","PRT","Lisboa",-4.899775,1.388552,-3.0367760000000001,8.2152229999999999]
["Portugal","PRT","Madeira",-5.2074850000000001,1.4073359999999999,-3.5946199999999999,7.2113290000000001]
["Portugal","PRT","Norte",-4.4702840000000004,1.3756649999999999,-2.1903239999999999,7.3807219999999996]
["Paraguay","PRY","Asuncion",-5.9456819999999997,null,null,9.2484640000000002]
["Paraguay","PRY","Central",-7.2206229999999998,null,null,7.1652189999999996]
["Romania","ROM","Bucuresti - Ilfov",-5.3291300000000001,2.1106609999999999,-2.4605060000000001,10.66887]
["Romania","ROM","Centru",-5.5821019999999999,2.2286579999999998,-2.3835130000000002,9.546443]
["Romania","ROM","Nord-Est",-6.1801110000000001,2.133813,-3.0795530000000002,9.3248599999999993]
["Romania","ROM","Nord-Vest",-5.6466349999999998,2.073137,-2.5301079999999998,9.9270119999999995]
["Romania","ROM","Sud - Muntenia",-6.2186320000000004,2.2887270000000002,-2.7688649999999999,9.4872709999999998]
["Romania","ROM","Sud-Est",-6.0990849999999996,2.1541350000000001,-2.8133270000000001,9.5796030000000005]
["Romania","ROM","Sud-Vest Oltenia",-6.3043519999999997,2.272011,-2.958561,9.6951090000000004]
["Romania","ROM","Vest",-5.7425790000000001,2.3175059999999998,-2.2989700000000002,9.7467849999999991]
["Russia","RUS","Adygeya Republic",-3.9989699999999999,2.8930630000000002,-1.242008,7.9671919999999998]
["Russia","RUS","Altai Krai",-3.7591589999999999,2.807423,-1.0293060000000001,7.4464220000000001]
["Russia","RUS","Altai Republic",-3.0141909999999998,2.161321,-0.92272690000000002,7.5403159999999998]
["Russia","RUS","Amur Region",-4.1506030000000003,3.3904619999999999,-0.83392350000000004,7.7816599999999996]
["Russia","RUS","Arkhangelsk Region",-3.891257,3.1454689999999998,-0.81907969999999997,7.445786]
["Russia","RUS","Astrakhan Region",-3.960359,3.1332049999999998,-0.91687160000000001,8.0532599999999999]
[null,"RUS","Belgorod Region",-3.916391,2.9941879999999998,-0.97487040000000003,7.9879790000000002]
["Russia","RUS","Bryansk Region",-4.1372080000000002,3.2993990000000002,-0.91404529999999995,7.5616250000000003]
["Russia","RUS","Chechen Republic",-4.8354379999999999,3.29426,-1.750847,7.3921910000000004]
["Russia","RUS","Chelyabinsk region",-3.5268950000000001,2.7769089999999998,-0.79669000000000001,7.8156699999999999]
["Russia","RUS","Chita Region",-4.2546350000000004,3.3990499999999999,-0.95233769999999995,7.5241540000000002]
["Russia","RUS","Chukotka Autonomous District",-3.5321069999999999,3.2482280000000001,-0.34508709999999998,8.3246439999999993]
["Russia","RUS","Chuvash Republic",-3.9644050000000002,3.118992,-0.90251650000000005,7.6791410000000004]
["Russia","RUS","Dagestan Republic",-4.6553870000000002,3.5122599999999999,-1.323693,8.0749300000000002]
["Russia","RUS","Irkutsk Region",-3.6178409999999999,2.8437570000000001,-0.86698260000000005,8.0055960000000006]
["Russia","RUS","Ivanovo Region",-3.644962,2.822616,-0.87679640000000003,7.7062910000000002]
["Russia","RUS","Jewish Autonomous Region",-4.0805850000000001,3.1945220000000001,-0.95638820000000002,7.2496929999999997]
["Russia","RUS","Kabardino-Balkar Republic",-4.3270439999999999,3.1621459999999999,-1.2761530000000001,8.4376049999999996]
["Russia","RUS","Kaliningrad Oblast",-2.9050449999999999,2.2146889999999999,-0.76302040000000004,8.5140189999999993]
["Russia","RUS","Kaluga Region",-3.6529729999999998,2.9233129999999998,-0.82617910000000006,8.1849830000000008]
["Russia","RUS","Kamchatka Region",-3.343102,2.7244830000000002,-0.76798409999999995,8.6735450000000007]
["Russia","RUS","Karachay-Cherkessia Republic",-4.2049570000000003,3.1421039999999998,-1.1883870000000001,8.3068779999999993]
["Russia","RUS","Kemerovo Region",-4.0123620000000004,3.258874,-0.79261369999999998,7.6093890000000002]
["Russia","RUS","Khabarovsk Krai",-3.6003959999999999,2.964251,-0.70417070000000004,8.3713960000000007]
["Russia","RUS","Kirov Region",-3.539037,2.7514439999999998,-0.8507093,7.3176860000000001]
["Russia","RUS","Komi Republic",-3.7217479999999998,2.9789110000000001,-0.80542990000000003,7.7916970000000001]
["Russia","RUS","Kostroma region",-3.6697129999999998,2.8706900000000002,-0.8914995,7.6461490000000003]
["Russia","RUS","Krasnodar",-3.6801089999999999,2.818816,-0.97948760000000001,7.9505379999999999]
["Russia","RUS","Krasnoyarsk Krai",-3.6837949999999999,2.962304,-0.78604359999999995,7.9972859999999999]
["Russia","RUS","Kurgan Region",-4.0847689999999997,3.1900909999999998,-1.0303599999999999,7.247617]
["Russia","RUS","Kursk Region",-3.9823309999999998,3.1860400000000002,-0.88564750000000003,7.4876240000000003]
["Russia","RUS","Leningrad Region",-3.5789339999999998,2.8090579999999998,-0.92505959999999998,7.935346]
["Russia","RUS","Lipetsk Region",-4.0306649999999999,3.1886000000000001,-0.89919280000000001,7.635059]
["Russia","RUS","Magadan Region",-3.1736650000000002,2.6048079999999998,-0.63864430000000005,8.5700389999999995]
["Russia","RUS","Moscow",-1.820398,1.837572,1.27341E-2,9.9150100000000005]
["Russia","RUS","Moscow Region",-3.829593,2.5744020000000001,-1.296033,8.8197720000000004]
["Russia","RUS","Murmansk region",-3.6227420000000001,2.9746450000000002,-0.69027240000000001,8.3637320000000006]
["Russia","RUS","Nizhny Novgorod Region",-3.6619760000000001,3.003263,-0.71058239999999995,7.9091459999999998]
["Russia","RUS","Novgorod Region",-3.8090510000000002,3.0425330000000002,-0.84421840000000004,7.6715520000000001]
["Russia","RUS","Novosibirsk Region",-2.842549,2.049099,-0.82557049999999998,8.0508810000000004]
["Russia","RUS","Omsk Region",-3.7578019999999999,2.9048159999999998,-0.91644400000000004,7.8424659999999999]
["Russia","RUS","Orel Region",-3.9236580000000001,3.150064,-0.87275199999999997,7.69726]
["Russia","RUS","Orenburgskaya",-4.0083570000000002,3.238016,-0.91429510000000003,7.6569539999999998]
["Russia","RUS","Penza Region",-4.0658570000000003,3.184183,-0.93830740000000001,7.7154170000000004]
["Russia","RUS","Perm Region",-3.7337579999999999,2.9710160000000001,-0.79923750000000005,7.406034]
["Russia","RUS","Primorsky Krai",-3.4228049999999999,2.6475469999999999,-0.8202874,8.3055350000000008]
["Russia","RUS","Pskov region",-3.7593260000000002,2.9266920000000001,-0.95238149999999999,7.5487349999999998]
["Russia","RUS","Republic of Bashkortostan",-3.9030390000000001,3.025763,-0.93557380000000001,7.4168580000000004]
["Russia","RUS","Republic of Buryatia",-3.970828,3.0911029999999999,-0.97916440000000005,8.0234989999999993]
["Russia","RUS","Republic of Ingushetia",-4.3439189999999996,2.3107989999999998,-2.0838239999999999,7.7473470000000004]
["Russia","RUS","Republic of Kalmykia",-3.0601479999999999,1.996481,-1.1966289999999999,8.0944749999999992]
["Russia","RUS","Republic of Karelia",-3.4406400000000001,2.7531810000000001,-0.77605360000000001,7.6581299999999999]
["Russia","RUS","Republic of Khakassia",-3.9676209999999998,3.2500529999999999,-0.87173560000000005,7.8232670000000004]
["Russia","RUS","Republic of Mordovia",-3.9711850000000002,3.0681440000000002,-0.97902250000000002,7.811191]
["Russia","RUS","Republic of North Ossetia - Alania",-4.1270559999999996,3.2091120000000002,-1.0153540000000001,8.6184159999999999]
["Russia","RUS","Rostov Region",-3.7809179999999998,2.9299019999999998,-0.94603649999999995,8.105321]
["Russia","RUS","Ryazan Region",-3.5315940000000001,2.689324,-0.92973510000000004,7.7078680000000004]
["Russia","RUS","Sakhalin Oblast",-3.4758800000000001,2.932617,-0.65023609999999998,8.0917949999999994]
["Russia","RUS","Samara Region",-3.3680300000000001,2.6561870000000001,-0.74486969999999997,8.3704260000000001]
["Russia","RUS","Saratov Region",-3.815185,2.970704,-0.91917309999999997,8.0925650000000005]
["Russia","RUS","Smolensk Region",-3.6995840000000002,2.9492560000000001,-0.84819460000000002,7.7952310000000002]
["Russia","RUS","St. Petersburg",-2.36774,1.7578419999999999,-0.61457189999999995,9.6653079999999996]
["Russia","RUS","Stavropol Territory",-3.8910100000000001,3.2264729999999999,-0.97422589999999998,8.0012629999999998]
["Russia","RUS","Sverdlovsk Region",-3.1664590000000001,2.4004490000000001,-0.79397439999999997,7.7601129999999996]
["Russia","RUS","Tambov Region",-4.0805530000000001,3.1435819999999999,-1.065755,7.5394750000000004]
["Russia","RUS","The Republic of Mari El",-3.8303950000000002,3.0031490000000001,-0.8939705,7.6297269999999999]
["Russia","RUS","The Republic of Sakha (Yakutia)",-3.7243490000000001,3.0724309999999999,-0.74269779999999996,8.5074710000000007]
["Russia","RUS","The Republic of Tatarstan",-3.6186829999999999,2.8528120000000001,-0.80849979999999999,8.0004410000000004]
["Russia","RUS","Tomsk Region",-3.4183159999999999,2.6683849999999998,-0.80636249999999998,8.3085489999999993]
["Russia","RUS","Tula Region",-3.732707,3.0580039999999999,-0.779308,7.8370800000000003]
["Russia","RUS","Tuva Republic",-4.4345179999999997,3.4488430000000001,-1.158331,7.8161750000000003]
["Russia","RUS","Tver Region",-3.4069199999999999,2.5478779999999999,-0.94252769999999997,7.714753]
["Russia","RUS","Tyumen Region",-3.4901249999999999,2.944836,-0.58841410000000005,8.4185079999999992]
["Russia","RUS","Udmurt Republic",-3.6651579999999999,2.8973,-0.8140039,7.8410489999999999]
["Russia","RUS","Ulyanovsk Region",-3.8238189999999999,2.9637169999999999,-0.92608820000000003,7.8084470000000001]
["Russia","RUS","Vladimir Region",-3.7736809999999998,3.0280480000000001,-0.80913469999999998,7.8026939999999998]
["Russia","RUS","Volgograd Region",-3.9013939999999998,3.085537,-0.89266769999999995,8.0943210000000008]
["Russia","RUS","Vologda Region",-3.5965889999999998,2.85568,-0.80652829999999998,7.620539]
["Russia","RUS","Voronezh Region",-3.7249430000000001,2.8595519999999999,-0.93506840000000002,8.0397239999999996]
["Russia","RUS","Yaroslavl Region",-3.3991449999999999,2.6925080000000001,-0.75440099999999999,7.8151200000000003]
["Senegal","SEN","Dakar",-6.7340439999999999,3.4525429999999999,-3.281501,3.0187469999999998]
["Senegal","SEN","Diourbel",-9.052467,1.8874709999999999,-7.1649969999999996,0.43707839999999998]
["Senegal","SEN","Kaolack",-12.926209999999999,4.5503619999999998,-8.3758510000000008,0.76431039999999995]
["Senegal","SEN","Saint Louis",null,null,-3.1440260000000002,1.0713459999999999]
["Senegal","SEN","Thies",-11.336,null,null,1.3170710000000001]
["El Salvador","SLV","Ahuachapán",-4.0303820000000004,0.76633130000000005,-3.2640500000000001,7.5570880000000002]
["El Salvador","SLV","Cabañas",-4.0721410000000002,0.67643799999999998,-3.3957030000000001,7.3548920000000004]
["El Salvador","SLV","Chalatenango",-3.9633349999999998,0.70338590000000001,-3.2599490000000002,7.5324520000000001]
["El Salvador","SLV","Cuscatlán",-3.9135420000000001,0.69835709999999995,-3.2151839999999998,7.5808150000000003]
["El Salvador","SLV","La Libertad",-3.6978559999999998,1.9192260000000001,-1.7786299999999999,8.8800500000000007]
["El Salvador","SLV","La Paz",-3.7591559999999999,1.3758440000000001,-2.3833129999999998,7.6559210000000002]
["El Salvador","SLV","La Unión",-4.0427609999999996,0.85034509999999996,-3.1924160000000001,7.1852859999999996]
["El Salvador","SLV","Morazán",-3.889643,0.53586860000000003,-3.3537750000000002,7.3977250000000003]
["El Salvador","SLV","San Miguel",-3.6059809999999999,1.014751,-2.5912299999999999,8.3880230000000005]
["El Salvador","SLV","San Salvador",-3.4470019999999999,1.635451,-1.81155,9.4580120000000001]
["El Salvador","SLV","San Vicente",-3.7578230000000001,0.67527910000000002,-3.082544,7.9121940000000004]
["El Salvador","SLV","Santa Ana",-3.4964620000000002,1.0148980000000001,-2.4815640000000001,8.1516870000000008]
["El Salvador","SLV","Sonsonate",-3.8023739999999999,0.95862230000000004,-2.8437519999999998,7.7511289999999997]
["El Salvador","SLV","Usulután",-3.5958009999999998,0.65595919999999996,-2.9398420000000001,7.9493340000000003]
[null,"SRB","Central Serbia",null,2.4967459999999999,-1.556287,7.5348319999999998]
["Serbia","SRB","Vojvodina",null,2.3458380000000001,-4.5214100000000004,8.4349100000000004]
["Slovenia","SVN","Osrednjeslovenska",-4.0626199999999999,1.8771720000000001,-1.295731,10.40361]
["Sweden","SWE","Mellersta Norrland",-4.8975429999999998,1.5087619999999999,-2.601766,11.341839999999999]
["Sweden","SWE","Norra Mellansverige",-4.8845840000000003,1.622471,-2.248812,11.110200000000001]
["Sweden","SWE","Oestra Mellansverige",-5.03728,1.623796,-2.3835410000000001,11.67984]
["Sweden","SWE","Oevre Norrland",-4.9872360000000002,1.6089500000000001,-2.616304,11.999219999999999]
["Sweden","SWE","Smaaland Med Oearna",-4.6457670000000002,1.732267,-2.009112,10.64912]
["Sweden","SWE","Stockholm",-5.0346669999999998,1.505509,-2.8662290000000001,12.026859999999999]
["Sweden","SWE","Sydsverige",-4.9983079999999998,1.526254,-2.4485570000000001,10.807029999999999]
["Sweden","SWE","Vaestsverige",-4.9009470000000004,1.6116090000000001,-2.265952,11.714359999999999]
["Syrian Arab Republic","SYR","Aleppo",-4.9491230000000002,3.365135,-1.583988,3.804932]
["Syrian Arab Republic","SYR","Damascus",-4.9359970000000004,3.7663479999999998,-1.169648,5.7133330000000004]
["Syrian Arab Republic","SYR","Deir Al-Zour",-6.1665890000000001,4.1595769999999996,-2.0070109999999999,3.588813]
["Syrian Arab Republic","SYR","Hama",-5.3261419999999999,3.8170869999999999,-1.509055,4.4605889999999997]
["Syrian Arab Republic","SYR","Hasakeh",-6.1088639999999996,4.1594329999999999,-1.9494309999999999,3.5066799999999998]
["Syrian Arab Republic","SYR","Homs",-5.3054500000000004,3.8860890000000001,-1.4193610000000001,4.9205240000000003]
["Syrian Arab Republic","SYR","Idlib",-5.571148,3.794057,-1.777091,3.8402090000000002]
["Syrian Arab Republic","SYR","Lattakia",-5.3628210000000003,4.12765,-1.235171,5.7236450000000003]
["Syrian Arab Republic","SYR","Quneitra",-5.9458289999999998,4.3951710000000004,-1.5506580000000001,4.168539]
["Syrian Arab Republic","SYR","Raqqah",-6.1252740000000001,4.0963339999999997,-2.02894,3.0796299999999999]
["Syrian Arab Republic","SYR","Rural Damascus",-4.8872350000000004,3.5383779999999998,-1.348857,4.8356529999999998]
["Syrian Arab Republic","SYR","Shield",-5.8597760000000001,4.1783780000000004,-1.6813990000000001,4.5886469999999999]
["Syrian Arab Republic","SYR","Swaida",-5.4144990000000002,3.8840849999999998,-1.530413,5.6340820000000003]
["Syrian Arab Republic","SYR","Tartus",-5.33908,4.0682669999999996,-1.270813,5.3669419999999999]
["Thailand","THA","Bangkok",-4.8461610000000004,3.37642,-1.469741,7.0780810000000001]
["Thailand","THA","Central",-5.4970509999999999,3.132971,-2.36408,4.7191099999999997]
["Thailand","THA","North",-4.9279080000000004,0.89403869999999996,-4.0338690000000001,3.3296990000000002]
["Thailand","THA","Northeast",-4.6194420000000003,0.52939119999999995,-4.090052,3.4977269999999998]
["Thailand","THA","South",-5.4507510000000003,1.6490720000000001,-3.801679,4.526135]
["Turkey","TUR","Aegean",-4.0719050000000001,0.93841110000000005,-3.1334930000000001,6.9071850000000001]
["Turkey","TUR","Central Anatolia",-3.1965129999999999,1.0127200000000001,-2.1837930000000001,6.5908629999999997]
["Turkey","TUR","East Black Sea",-4.2914370000000002,0.73605699999999996,-3.55538,6.8858600000000001]
["Turkey","TUR","East Marmara",-4.158398,0.88507230000000003,-3.273326,7.2682719999999996]
["Turkey","TUR","Istanbul",-3.960842,1.135211,-2.8256299999999999,7.6191089999999999]
["Turkey","TUR","Meditterranean",-4.239655,0.85295989999999999,-3.3866960000000002,6.7980460000000003]
["Turkey","TUR","Middle East Anatolia",-4.6189929999999997,0.70943650000000003,-3.9095559999999998,5.777088]
["Turkey","TUR","Northeast Anatolia",-5.1137370000000004,0.78971999999999998,-4.3240170000000004,6.206213]
["Turkey","TUR","Southeast Anatolia",-4.7036959999999999,0.74168670000000003,-3.9620099999999998,5.2925959999999996]
["Turkey","TUR","West Black Sae",-4.1309589999999998,0.94823380000000002,-3.1827239999999999,6.4663769999999996]
["Turkey","TUR","West Marmara",-4.5185940000000002,0.76092219999999999,-3.7576719999999999,7.0224770000000003]
["Tanzania","TZA","Arusha",-5.3702449999999997,1.1883729999999999,-4.1818720000000003,4.7853859999999999]
["Tanzania","TZA","Dar -es salaam",-3.4319440000000001,1.316621,-2.1153240000000002,6.0370030000000003]
["Tanzania","TZA","Dodoma",-6.1788869999999996,1.3796660000000001,-4.7992210000000002,3.3226270000000002]
["Tanzania","TZA","Iringa",-5.0232049999999999,1.3073680000000001,-3.7158370000000001,4.0439280000000002]
["Tanzania","TZA","Kagera",-5.5102969999999996,1.2238709999999999,-4.2864259999999996,3.5893290000000002]
["Tanzania","TZA","Kigoma",-6.1663940000000004,1.2916780000000001,-4.8747160000000003,3.371683]
["Tanzania","TZA","Kilimanjaro",-5.7882990000000003,1.3733869999999999,-4.4149120000000002,4.5063639999999996]
["Tanzania","TZA","Lindi",-6.0634040000000002,1.1931659999999999,-4.8702379999999996,3.2941009999999999]
["Tanzania","TZA","Manyara",-6.1538440000000003,1.1557850000000001,-4.9980580000000003,3.1976969999999998]
["Tanzania","TZA","Mara",-5.543914,1.3688549999999999,-4.1750590000000001,3.911902]
["Tanzania","TZA","Mbeya",-5.0586640000000003,1.035266,-4.0233980000000003,3.2301850000000001]
["Tanzania","TZA","Morogoro",-5.5830310000000001,1.4309480000000001,-4.1520820000000001,3.8892319999999998]
["Tanzania","TZA","Mtwara",-6.2971539999999999,1.4907710000000001,-4.8063830000000003,2.777358]
["Tanzania","TZA","Mwanza",-6.2901020000000001,1.264367,-5.0257350000000001,3.5808270000000002]
["Tanzania","TZA","Pwani",-5.0793369999999998,1.3237429999999999,-3.7555939999999999,3.5196160000000001]
["Tanzania","TZA","Rukwa",-5.5865200000000002,1.369116,-4.217403,2.8463069999999999]
["Tanzania","TZA","Ruvuma",-4.9051289999999996,1.2899039999999999,-3.6152250000000001,4.4059460000000001]
["Tanzania","TZA","Shinyanga",-5.5961980000000002,1.385953,-4.2102440000000003,3.2945350000000002]
["Tanzania","TZA","Singida",-5.34314,1.2690619999999999,-4.0740790000000002,3.1418370000000002]
["Tanzania","TZA","Tabora",-6.7206039999999998,1.2343580000000001,-5.4862469999999997,2.4769350000000001]
["Tanzania","TZA","Tanga",-5.8390719999999998,1.3580350000000001,-4.4810379999999999,3.5015849999999999]
["Uganda","UGA","Central",-8.2695530000000002,2.8244950000000002,-5.4450580000000004,3.4648240000000001]
["Uganda","UGA","East",-9.4275059999999993,2.589432,-6.8380749999999999,2.3462999999999998]
["Uganda","UGA","North",-10.381919999999999,2.58514,-7.7967820000000003,2.2596949999999998]
["Uganda","UGA","West",-9.641413,2.780532,-6.860881,2.029798]
["Ukraine","UKR","Cherkasy",-5.1419170000000003,3.1433360000000001,-1.9985809999999999,8.6620740000000005]
["Ukraine","UKR","Chernihiv",-5.1676760000000002,3.098716,-2.0689609999999998,8.2470090000000003]
["Ukraine","UKR","Chernivtsi",-5.3491980000000003,2.8347250000000002,-2.5144730000000002,8.0823070000000001]
["Ukraine","UKR","Dnipropetrovsk",-4.8725399999999999,3.4548589999999999,-1.417681,9.0426579999999994]
["Ukraine","UKR","Donetsk",-5.1071730000000004,3.6171440000000001,-1.490029,8.7867920000000002]
["Ukraine","UKR","Ivano-Frankivsk",-5.1564120000000004,2.7260930000000001,-2.43032,8.4848300000000005]
["Ukraine","UKR","Kharkiv",-4.7381279999999997,3.0660400000000001,-1.6720889999999999,9.2242540000000002]
["Ukraine","UKR","Kherson",-5.143732,2.9165329999999998,-2.2271990000000002,8.5447989999999994]
["Ukraine","UKR","Khmelnytskiy",-5.2950520000000001,3.0582129999999998,-2.2368380000000001,8.3109479999999998]
["Ukraine","UKR","Kirovohrad",-5.116816,2.8776009999999999,-2.239214,8.6693359999999995]
["Ukraine","UKR","Kyiv",-4.8207969999999998,3.1316670000000002,-1.68913,8.6014320000000009]
["Ukraine","UKR","Kyiv city",-3.6591520000000002,3.2602850000000001,-0.39886719999999998,10.448399999999999]
["Ukraine","UKR","Luhansk",-5.2092989999999997,3.4538690000000001,-1.75543,8.7124220000000001]
["Ukraine","UKR","Lviv",-4.8157420000000002,3.0698500000000002,-1.7458910000000001,8.7687360000000005]
["Ukraine","UKR","Mykolayiv",-4.9130589999999996,2.9105249999999998,-2.0025330000000001,8.7513989999999993]
["Ukraine","UKR","Odesa",-4.7171589999999997,2.988559,-1.7286010000000001,8.8592680000000001]
["Ukraine","UKR","Poltava",-4.9939460000000002,3.2050350000000001,-1.7889109999999999,8.6827419999999993]
["Ukraine","UKR","Rivne",-5.3937910000000002,3.1395300000000002,-2.2542599999999999,8.5758150000000004]
["Ukraine","UKR","Sevastopol",-4.6854290000000001,2.8076500000000002,-1.8777790000000001,9.9454039999999999]
["Ukraine","UKR","Sumy",-5.1525939999999997,3.1344989999999999,-2.0180950000000002,8.6875579999999992]
["Ukraine","UKR","Ternopil",-5.4319329999999999,3.0490219999999999,-2.382911,8.4003270000000008]
["Ukraine","UKR","Vinnytsya",-5.294581,3.1285799999999999,-2.1660010000000001,8.2032880000000006]
["Ukraine","UKR","Volyn",-5.2857779999999996,3.2768980000000001,-2.00888,8.5733189999999997]
["Ukraine","UKR","Zakarpattya",-5.2134510000000001,2.8145910000000001,-2.3988589999999999,10.3019]
["Ukraine","UKR","Zaporizhzhya",-4.8199569999999996,3.2077420000000001,-1.612215,8.9124099999999995]
["Ukraine","UKR","Zhytomyr",-5.2733340000000002,3.1605780000000001,-2.1127560000000001,8.4885959999999994]
["United States","USA","Alabama",-3.8837920000000001,2.7981820000000002,-1.0856110000000001,11.821899999999999]
["United States","USA","Alaska",-3.563977,2.5661399999999999,-0.99783619999999995,12.26549]
["United States","USA","Arizona",-4.09884,2.6941320000000002,-1.4047080000000001,11.99596]
["United States","USA","Arkansas",-4.4619080000000002,2.8633579999999998,-1.5985499999999999,11.711729999999999]
["United States","USA","California",-3.737069,2.7293660000000002,-1.007703,11.88003]
["United States","USA","Colorado",-3.4420440000000001,2.5854870000000001,-0.8565564,12.58282]
["United States","USA","Connecticut",-3.6628029999999998,2.7942429999999998,-0.86856029999999995,12.560230000000001]
["United States","USA","Delaware",-3.5992649999999999,2.7594129999999999,-0.83985189999999998,12.23813]
[null,"USA","District of Columbia",-3.3797769999999998,3.0114719999999999,-0.36830560000000001,12.832509999999999]
["United States","USA","Florida",-4.3571949999999999,2.6836500000000001,-1.6735450000000001,12.11703]
["United States","USA","Georgia",-3.7662990000000001,2.730988,-1.0353110000000001,12.031470000000001]
["United States","USA","Hawaii",-3.686369,2.7302680000000001,-0.95610139999999999,12.32723]
["United States","USA","Idaho",-3.4702739999999999,2.4517820000000001,-1.018492,12.034050000000001]
["United States","USA","Illinois",-3.8414969999999999,2.7870339999999998,-1.0544640000000001,12.247490000000001]
["United States","USA","Indiana",-3.8839779999999999,2.8574389999999998,-1.02654,11.994809999999999]
["United States","USA","Iowa",-3.6947969999999999,2.7664300000000002,-0.92836660000000004,12.270580000000001]
["United States","USA","Kansas",-3.7706,2.7664620000000002,-1.004138,12.34267]
["United States","USA","Kentucky",-3.8627199999999999,2.8066689999999999,-1.056052,11.66037]
["United States","USA","Louisiana",-3.8216540000000001,2.7561140000000002,-1.065539,11.75287]
["United States","USA","Maine",-3.5035099999999999,2.4912019999999999,-1.012308,12.30048]
["United States","USA","Maryland",-3.7217690000000001,2.7512850000000002,-0.97048400000000001,12.53129]
["United States","USA","Massachusetts",-3.6430600000000002,2.8156819999999998,-0.82737839999999996,12.636620000000001]
["United States","USA","Michigan",-4.4766830000000004,2.8070210000000002,-1.669662,12.225529999999999]
["United States","USA","Minnesota",-3.692517,2.793555,-0.89896240000000005,12.52074]
["United States","USA","Mississippi",-3.9732470000000002,2.7428149999999998,-1.230432,11.61472]
["United States","USA","Missouri",-3.8167779999999998,2.7738,-1.042978,12.10295]
["United States","USA","Montana",-3.2837619999999998,2.2715380000000001,-1.0122249999999999,12.397819999999999]
["United States","USA","Nebraska",-3.6233659999999999,2.6957080000000002,-0.92765830000000005,12.270210000000001]
["United States","USA","Nevada",-3.6882269999999999,2.9823970000000002,-0.70583070000000003,11.824310000000001]
["United States","USA","New Hampshire",-3.5457830000000001,2.6591659999999999,-0.88661710000000005,12.52744]
["United States","USA","New Jersey",-3.6177480000000002,2.6994039999999999,-0.9183443,12.499129999999999]
["United States","USA","New Mexico",-3.7755839999999998,2.630042,-1.1455409999999999,11.88927]
["United States","USA","New York",-3.6548720000000001,2.641527,-1.0133449999999999,12.295439999999999]
["United States","USA","North Carolina",-3.7414559999999999,2.7397480000000001,-1.001708,11.98854]
["United States","USA","North Dakota",-3.6060050000000001,2.664526,-0.94147959999999997,12.257389999999999]
["United States","USA","Ohio",-3.8050579999999998,2.8595190000000001,-0.94553920000000002,12.17314]
["United States","USA","Oklahoma",-4.4340089999999996,2.8043439999999999,-1.6296649999999999,12.032360000000001]
["United States","USA","Oregon",-3.5355590000000001,2.5506720000000001,-0.98488679999999995,12.29158]
["United States","USA","Pennsylvania",-3.761047,2.7964889999999998,-0.96455760000000001,12.265599999999999]
["United States","USA","Rhode Island",-3.5956730000000001,2.6286649999999998,-0.96700839999999999,12.12445]
["United States","USA","South Carolina",-3.7717869999999998,2.7093889999999998,-1.062398,11.936170000000001]
["United States","USA","South Dakota",-3.5102509999999998,2.5674610000000002,-0.94279080000000004,12.162140000000001]
["United States","USA","Tennessee",-3.8743799999999999,2.8451780000000002,-1.029202,11.869440000000001]
["United States","USA","Texas",-4.5654880000000002,2.9619439999999999,-1.603545,11.66718]
["United States","USA","Utah",-3.5851739999999999,2.696234,-0.88893990000000001,12.347300000000001]
["United States","USA","Vermont",-3.3751570000000002,2.4501300000000001,-0.92502740000000006,12.584619999999999]
["United States","USA","Virginia",-3.6904270000000001,2.7705129999999998,-0.91991449999999997,12.403589999999999]
["United States","USA","Washington",-3.597845,2.613105,-0.98473999999999995,12.401070000000001]
["United States","USA","West Virginia",-3.8837000000000002,2.6932079999999998,-1.190493,11.74295]
["United States","USA","Wisconsin",-3.812443,2.8442919999999998,-0.96815070000000003,12.295640000000001]
["United States","USA","Wyoming",-3.2603569999999999,2.3940000000000001,-0.86635770000000001,12.26925]
["Vietnam","VNM","Central Highland",-3.420623,0.67556830000000001,-2.7450549999999998,5.0160819999999999]
["Vietnam","VNM","Mekong River Delta",-3.090144,0.90767989999999998,-2.182464,4.2301450000000003]
["Vietnam","VNM","North Central Coast",-3.175265,0.65185530000000003,-2.5234100000000002,5.7307689999999996]
["Vietnam","VNM","North East",-3.3250259999999998,0.62793500000000002,-2.6970909999999999,5.304265]
["Vietnam","VNM","North West",-3.7776719999999999,0.59471540000000001,-3.1829559999999999,4.3370069999999998]
["Vietnam","VNM","Red River Delta",-2.946421,0.87042310000000001,-2.0759979999999998,6.6169669999999998]
["Vietnam","VNM","South Central Coast",-3.058751,0.68391930000000001,-2.3748309999999999,5.4452150000000001]
["Vietnam","VNM","South East",-2.970723,0.88179669999999999,-2.0889259999999998,6.1672770000000003]

{"sheet":"Data Figures 1 -3","index":14,"n_rows":28,"n_cols":7,"rows_kept":28,"cut":false,"hidden":false,"merged":[]}
["Country","Top Manager Informal has College","Top Manager Formal has College","Value Added Informal","Value Added Formall","Value Added Small Formall","Fraction VA Informal / Formal"]
["Afghanistan",".",".",37417.46484375,70515.7265625,63195.59765625,0.53062581452076352]
["Angola",".",1,9905.80078125,105458.203125,179706.28125,9.3931059772643932E-2]
["Argentina",".",".",1937.626708984375,43823.1015625,30498.685546875,4.4214732410506233E-2]
["Bangladesh",4.5685280114412308E-2,0.71161049604415894,1584.25146484375,8530.8662109375,null,0.1857081597191815]
["Botswana",".",1,4230.01416015625,30050.69921875,16595.58984375,0.14076258689904131]
["Brazil",0.127976194024086,0.65146356821060181,7901.8681640625,27568.14453125,15746.8232421875,0.28663039527761108]
["Burkina Faso",3.6036036908626556E-2,1,19031.732421875,121129.2578125,63199.73046875,0.15711920278860167]
["Cambodia",1.8604651093482971E-2,0.34362933039665222,2415.090576171875,8620.3740234375,7829.1171875,0.28016076444080118]
["Cameroon",0.104347825050354,1,12776.595703125,38173.40625,11033.7529296875,0.33469886390148901]
["Cape Verde 06",8.9108914136886597E-2,0.32608696818351746,6247.1796875,9191.9462890625,6932.47119140625,0.67963622621832775]
["Cape Verde 09",3.8961037993431091E-2,1,36097.64453125,51546.1953125,35246.3359375,0.7002969726942444]
["Congo, Dem. Rep.",".",1,3753.49267578125,344411.75,230065,1.0898271257531865E-2]
["Egypt, Arab Rep.",3.3689839765429497E-3,".",2947.053466796875,25514.693359375,17325.158203125,0.11550416951078205]
["Guatemala 03",7.7519379556179047E-2,0.74005305767059326,1924.60107421875,13085.2470703125,10911.9873046875,0.14708175274620833]
["Guatemala 10",".",".",2675.93505859375,39346.76953125,25115.884765625,6.8009015491563241E-2]
["India",0,0.8928571343421936,3118.3955078125,17569.01171875,14628.326171875,0.17749407637337314]
["Indonesia",0,0.63849765062332153,2768.63330078125,17834.126953125,null,0.15524355680871241]
["Kenya",5.5248618125915527E-2,0.70967739820480347,3687.610107421875,35844.55859375,26235.154296875,0.10287782168601907]
["Mali",".",1,4095.55322265625,21846.849609375,8885.353515625,0.1874665361773146]
["Nepal",0.20000000298023224,".",4769.0888671875,18299.419921875,17937.65625,0.26061421004315904]
["Niger",4.6875E-2,0.5116279125213623,12624.357421875,322051.125,523259.59375,3.91998550598915E-2]
["Pakistan",6.1320755630731583E-2,0.86792451143264771,2381.677001953125,33029.01953125,null,7.2108619503516616E-2]
["Peru",".",null,5135.36767578125,41633.05859375,28518.388671875,0.12334831619966968]
["Rwanda",".",1,1290.1427001953125,46876,null,2.7522457125081331E-2]
["Senegal",0.15979380905628204,0.48469388484954834,3604.744140625,26043.349609375,19013.380859375,0.13841323004500833]
["Tanzania",1.3029315508902073E-2,0.64367818832397461,1521.7054443359375,20682.337890625,11124.4501953125,7.3575117686560193E-2]
["Uganda",0.19230769574642181,0.34196892380714417,3547.262939453125,23334.47265625,14862.29296875,0.15201813178764989]

{"sheet":"Data Figure 4","index":15,"n_rows":176,"n_cols":4,"rows_kept":176,"cut":false,"hidden":false,"merged":[]}
["CountryName","CountryCode","self employment","gdp per capita (ny_gdp_pcap_pp_kd)"]
["Aruba","ABW",8.8999995999999992,36016.5]
["Angola","AGO",79.199996999999996,7345.68]
["Albania","ALB",56.299999,9243.3700000000008]
["United Arab Emirates","ARE",4.4000000999999997,57044.6]
["Argentina","ARG",23]
["Armenia","ARM",30.4,7290.64]
["American Samoa","ASM",3.5]
["Antigua and Barbuda","ATG",11.7,19714.2]
["Australia","AUS",11.2,42278.3]
["Austria","AUT",13.3,43138.9]
["Azerbaijan","AZE",57.599997999999999,15888.2]
["Burundi","BDI",94.699996999999996,736.84299999999996]
["Belgium","BEL",14.3,39497.5]
["Benin","BEN",89.900002000000001,1686.55]
["Burkina Faso","BFA",90.400002000000001,1527.86]
["Bangladesh","BGD",85.300003000000004,2363.83]
["Bulgaria","BGR",11.6,15738.3]
["Bahrain","BHR",3.8,40658]
["Bahamas, The","BHS",14.2,22705.200000000001]
["Bosnia and Herzegovina","BIH",27.4,9183.52]
["Belarus","BLR",3.0999998999999998,16868.5]
["Belize","BLZ",30.6,8438.06]
["Bolivia","BOL",59.799999,5650.43]
["Brazil","BRA",29.4,14300.6]
["Barbados","BRB",15.2,15298.7]
["Brunei Darussalam","BRN",5.0999999000000003,71080.2]
["Bhutan","BTN",72.5,7490.48]
["Botswana","BWA",39.5,14443.4]
["Canada","CAN",9,40588]
["Switzerland","CHE",15.3,51292.6]
["Chile","CHL",26.6,21099.200000000001]
["Cote d'Ivoire","CIV",76.300003000000004,2747]
["Cameroon","CMR",79.699996999999996,2550.9299999999998]
["Congo, Rep.","COG",76.199996999999996,5631.3]
["Colombia","COL",53.5,11687.2]
["Cape Verde","CPV",42.099997999999999]
["Costa Rica","CRI",23.9,13091.1]
["Cuba","CUB",22.700001,18796.2]
["Cayman Islands","CYM",8.6999998000000005]
["Cyprus","CYP",16.600000000000001,29697.8]
["Czech Republic","CZE",18.399999999999999,26733.4]
["Germany","DEU",11.6,41966.400000000001]
["Djibouti","DJI",42.400002000000001]
["Dominica","DMA",30.9,9628.92]
["Denmark","DNK",9.1000004000000008,41524.300000000003]
["Dominican Republic","DOM",40.299999,11015.7]
["Algeria","DZA",33,12778.5]
["Ecuador","ECU",54.900002000000001,9900.08]
["Egypt, Arab Rep.","EGY",37.799999,10685]
["Spain","ESP",17.5,31198.400000000001]
["Estonia","EST",8.6000004000000008,24194.7]
["Ethiopia","ETH",91.800003000000004,1218.33]
["Finland","FIN",13.6,38103.800000000003]
["Fiji","FJI",41.900002000000001,7552.21]
["France","FRA",11.5,36073.599999999999]
["Gabon","GAB",54,17996.7]
["United Kingdom","GBR",14.6,34693.9]
["Georgia","GEO",61.099997999999999,6690.88]
["Ghana","GHA",81.699996999999996,3638.47]
["Equatorial Guinea","GNQ",77.800003000000004,37478.800000000003]
["Greece","GRC",36.799999,25391.4]
["Grenada","GRD",24,11785.5]
["Guatemala","GTM",54.299999,6989.52]
["Guam","GUM",1.9]
["Guyana","GUY",47.599997999999999,6053.66]
["Hong Kong SAR, China","HKG",10.199999999999999,50291.199999999997]
["Honduras","HND",55.700001,4422.54]
["Croatia","HRV",21.200001,19946.2]
["Haiti","HTI",79.5,1574.51]
["Hungary","HUN",11.7,22146.1]
["Indonesia","IDN",60.599997999999999,8856.2000000000007]
["Isle of Man","IMY",14.6]
["India","IND",81.900002000000001,5050.1099999999997]
["Ireland","IRL",16.399999999999999,42918.6]
["Iran, Islamic Rep.","IRN",46.799999,15461.3]
["Iceland","ISL",12.1,38553.300000000003]
["Israel","ISR",12.6,30599.8]
["Italy","ITA",24.799999,33668.199999999997]
["Jamaica","JAM",40.599997999999999,8421.42]
["Jordan","JOR",15.9,11340.2]
["Japan","JPN",11.9,35006.199999999997]
["Kazakhstan","KAZ",31.700001,21505.7]
["Kenya","KEN",63.400002000000001,2108.9299999999998]
["Kyrgyz Republic","KGZ",49.200001,2846.53]
["Cambodia","KHM",64.099997999999999,2789.08]
["Korea, Rep.","KOR",28.200001,29494.9]
["Kosovo","KSV",25.5,8291.2199999999993]
["Kuwait","KWT",3.2,84187.7]
["Lao PDR","LAO",88.300003000000004,4388.17]
["Lebanon","LBN",38.700001,16509]
["Liberia","LBR",81.699996999999996,782.38699999999994]
["St. Lucia","LCA",11.9,10242.1]
["Sri Lanka","LKA",43.599997999999999,8862.16]
["Lesotho","LSO",69.5,2367.9699999999998]
["Lithuania","LTU",11.1,23553.9]
["Luxembourg","LUX",8.8999995999999992,86587.4]
["Latvia","LVA",11.4,21229.200000000001]
["Macao SAR, China","MAC",7.5,126975]
["Morocco","MAR",53.299999,6877.97]
["Moldova","MDA",29.200001,4146.33]
["Madagascar","MDG",86.400002000000001,1377.81]
["Maldives","MDV",38.299999,11269.8]
["Mexico","MEX",33.700001,16143.8]
["Marshall Islands","MHL",27.700001,3526.27]
["Macedonia, FYR","MKD",26.799999,11708]
["Mali","MLI",82.900002000000001,1606.93]
["Malta","MLT",13.3,28398.3]
["Montenegro","MNE",17.700001,14039.8]
["Mongolia","MNG",56.099997999999999,8288.36]
["Mozambique","MOZ",91.199996999999996,971.21299999999997]
["Mauritius","MUS",20.6,16193.8]
["Malawi","MWI",83.900002000000001,738.95500000000004]
["Malaysia","MYS",25.1,21897.3]
["Namibia","NAM",36.799999,9135.85]
["New Caledonia","NCL",16.200001]
["Niger","NER",85.400002000000001,883.98199999999997]
["Nicaragua","NIC",54,4254.09]
["Netherlands","NLD",15.3,42452.6]
["Norway","NOR",6.9000000999999997,62858]
["Nepal","NPL",75.400002000000001,2130.63]
["New Zealand","NZL",16.5,32360.2]
["Oman","OMN",3.5,46430.400000000001]
["Pakistan","PAK",64,4360.3500000000004]
["Panama","PAN",31.9,16655.2]
["Peru","PER",51.799999,11602.6]
["Philippines","PHL",43.400002000000001,6004.78]
["Poland","POL",22.4,22142.6]
["Puerto Rico","PRI",15.6,33933.4]
["Portugal","PRT",21.700001,25096.3]
["Paraguay","PRY",48.700001,7215.48]
["French Polynesia","PYF",15.9]
["Qatar","QAT",1.1000000000000001,133713]
["Romania","ROM",32.700001]
["Russia","RUS",7.3000002000000004,23184]
["Rwanda","RWA",92.599997999999999,1378.63]
["Saudi Arabia","SAU",8.1000004000000008,50790.7]
["Senegal","SEN",77.699996999999996,2173.52]
["Singapore","SGP",15.3,71474.899999999994]
["Sierra Leone","SLE",92.400002000000001,1585.96]
["El Salvador","SLV",41.799999,7445.3]
["San Marino","SMR",9.1999998000000005]
["Serbia","SRB",30.4,11586.8]
["Sao Tome and Principe","STP",27.5,2837.11]
["Suriname","SUR",17.5,15174.5]
["Slovak Republic","SVK",15.4,25537.200000000001]
["Slovenia","SVN",16.200001,27394.400000000001]
["Sweden","SWE",10.4,41839.699999999997]
["Swaziland","SWZ",22.200001,5912.33]
["Seychelles","SYC",11.1,23151.8]
["Syrian Arab Republic","SYR",34.200001]
["Turks and Caicos Islands","TCA",5]
["Chad","TCD",93.900002000000001,2003.4]
["Togo","TGO",89.099997999999999,1285.8399999999999]
["Thailand","THA",56.299999,13586.1]
["Tajikistan","TJK",47.799999,2320.33]
["Tonga","TON",56.299999,5127.1099999999997]
["Trinidad and Tobago","TTO",20.100000000000001,29085.8]
["Tunisia","TUN",28.799999,10611.9]
["Turkey","TUR",37.099997999999999,18167.5]
["Tuvalu","TUV",3.7,3488.66]
["Tanzania","TZA",89.5,1654.49]
["Uganda","UGA",76.400002000000001,1334.14]
["Ukraine","UKR",18.799999,8332.32]
["Uruguay","URY",26.9,17965.5]
["United States","USA",6.8000002000000004,50859.4]
["St. Vincent and the Grenadines","VCT",20.5,10271.4]
["Venezuela","VEN",41.599997999999999,17642.400000000001]
["Vietnam","VNM",65.300003000000004,4912.32]
["Vanuatu","VUT",71.400002000000001,2894.34]
["West Bank and Gaza","WBG",33.099997999999999]
["Samoa","WSM",48.299999,4934.9799999999996]
["Yemen, Rep.","YEM",34.099997999999999,3996.39]
["South Africa","ZAF",14.7,11988.8]
["Zambia","ZMB",82,2990.05]
["Zimbabwe","ZWE",62.299999,1337.24]

{"sheet":"Data Figure 5","index":16,"n_rows":1521,"n_cols":9,"rows_kept":1521,"cut":false,"hidden":false,"merged":[]}
["CountryCode","CountryName","year","self employment","Δ self employment","gdp per capita (ny_gdp_pcap_pp_kd)","Growth gdp per capita ","Labor Force","Growth Labor Force"]
["AUS","Australia",1990,15.1,null,28335.3,null,8500000]
["AUS","Australia",1991,15.7,0.59999939999999996,27878.3,-1.6262100000000002E-2,8500000,5.3812E-3]
["AUS","Australia",1992,16.100000000000001,0.40000059999999998,27660,-7.8601999999999995E-3,8600000,8.8506000000000001E-3]
["AUS","Australia",1993,16.5,0.39999960000000001,28516.7,3.05023E-2,8700000,6.1060000000000003E-3]
["AUS","Australia",1994,15.9,-0.60000039999999999,29358.799999999999,2.9101399999999999E-2,8800000,1.84519E-2]
["AUS","Australia",1995,15.4,-0.5,30163.5,2.70414E-2,9000000,2.5597100000000001E-2]
["AUS","Australia",1996,15.1,-0.29999920000000002,30958.7,2.6020999999999999E-2,9200000,1.23552E-2]
["AUS","Australia",1997,15.1,0,31808.400000000001,2.7076699999999999E-2,9200000,8.9171000000000007E-3]
["AUS","Australia",1998,14.6,-0.5,32902.800000000003,3.3825899999999999E-2,9300000,1.1840099999999999E-2]
["AUS","Australia",1999,14.5,-0.1000004,34140.6,3.69301E-2,9400000,1.14909E-2]
["AUS","Australia",2000,14.1,-0.39999960000000001,35033.4,2.58169E-2,9600000,2.29882E-2]
["AUS","Australia",2001,13.8,-0.30000019999999999,35220.800000000003,5.3328999999999998E-3,9800000,1.9871699999999999E-2]
["AUS","Australia",2002,13.9,9.9999400000000002E-2,36155,2.6179299999999999E-2,9900000,1.69687E-2]
["AUS","Australia",2003,13.4,-0.5,36836.800000000003,1.8682500000000001E-2,10000000,1.9326699999999999E-2]
["AUS","Australia",2004,13.2,-0.19999980000000001,37922.400000000001,2.9044199999999999E-2,10000000,1.50206E-2]
["AUS","Australia",2005,12.9,-0.30000019999999999,38617.9,1.81732E-2,11000000,3.8355399999999998E-2]
["AUS","Australia",2006,12.5,-0.39999960000000001,39210.199999999997,1.52216E-2,11000000,2.9545999999999999E-2]
["AUS","Australia",2007,12,-0.5,40442.1,3.09334E-2,11000000,2.1083999999999999E-2]
["AUS","Australia",2008,11.8,-0.19999980000000001,41133.699999999997,1.6956300000000001E-2,11000000,3.5187000000000003E-2]
["AUS","Australia",2009,11.6,-0.19999980000000001,40958.699999999997,-4.2629E-3,12000000,2.7889400000000002E-2]
["AUS","Australia",2010,11.6,0,41168.300000000003,5.1031000000000002E-3,12000000,2.2642700000000002E-2]
["AUS","Australia",2011,11.2,-0.40000059999999998,41588.199999999997,1.0149E-2,12000000,1.9677500000000001E-2]
["AUS","Australia",2012,null,null,42278.3,1.6457599999999999E-2,12000000,1.6937500000000001E-2]
["AUS","Australia",2013]
["AUT","Austria",1990,14.2,null,30196.7,null,3500000]
["AUT","Austria",1991,13.9,-0.30000019999999999,30925.7,2.3853300000000001E-2,3600000,1.47496E-2]
["AUT","Austria",1992,13.4,-0.5,31227.5,9.7132E-3,3700000,2.6164699999999999E-2]
["AUT","Austria",1993,13.1,-0.29999920000000002,31134.2,-2.9916999999999999E-3,3700000,1.04545E-2]
["AUT","Austria",1994,13.8,0.69999979999999995,31759.7,1.9888900000000001E-2,3800000,3.4106600000000001E-2]
["AUT","Austria",1995,14.3,0.5,32557.1,2.4798400000000002E-2,3800000,6.8072999999999996E-3]
["AUT","Austria",1996,14.4,9.9999400000000002E-2,33315.199999999997,2.30169E-2,3800000,-1.06827E-2]
["AUT","Austria",1997,13.9,-0.5,34045.800000000003,2.16942E-2,3800000,3.1269000000000002E-3]
["AUT","Austria",1998,13.8,-9.9999400000000002E-2,35295.9,3.6058399999999997E-2,3800000,1.3660000000000001E-4]
["AUT","Austria",1999,13.7,-0.1000004,36474,3.2834099999999998E-2,3800000,6.9506999999999998E-3]
["AUT","Austria",2000,13.5,-0.19999980000000001,37720.9,3.3615100000000002E-2,3900000,1.7382999999999999E-3]
["AUT","Austria",2001,13.4,-0.1000004,37899,4.7092000000000002E-3,3900000,8.7434999999999995E-3]
["AUT","Austria",2002,13.5,0.1000004,38351.699999999997,1.1875200000000001E-2,4000000,2.13554E-2]
["AUT","Austria",2003,13,-0.5,38495.800000000003,3.7507999999999999E-3,4000000,1.3843899999999999E-2]
["AUT","Austria",2004,13,0,39248.400000000001,1.9362399999999998E-2,4000000,-5.6181E-3]
["AUT","Austria",2005,13.3,0.30000019999999999,39917.800000000003,1.6910600000000001E-2,4100000,2.2672500000000002E-2]
["AUT","Austria",2006,13.5,0.19999980000000001,41178.400000000001,3.1092600000000001E-2,4200000,2.3191099999999999E-2]
["AUT","Austria",2007,14.3,0.80000020000000005,42539.1,3.25089E-2,4200000,2.64444E-2]
["AUT","Austria",2008,13.7,-0.60000039999999999,42963,9.9162999999999994E-3,4300000,1.1254200000000001E-2]
["AUT","Austria",2009,13.4,-0.30000019999999999,41181,-4.2363199999999997E-2,4300000,1.1771E-2]
["AUT","Austria",2010,13.8,0.40000059999999998,41787.199999999997,1.46132E-2,4300000,4.1379999999999998E-4]
["AUT","Austria",2011,13.7,-0.1000004,42887.7,2.5994300000000001E-2,4400000,8.5632999999999994E-3]
["AUT","Austria",2012,13.3,-0.39999960000000001,43138.9,5.8393000000000004E-3,4400000,8.9578999999999995E-3]
["AUT","Austria",2013]
["BEL","Belgium",1990,18.899999999999999,null,30332,null,4000000]
["BEL","Belgium",1991,17.299999,-1.6,30773.4,1.44482E-2,4000000,2.2792799999999998E-2]
["BEL","Belgium",1992,17.899999999999999,0.60000039999999999,31117.9,1.1134099999999999E-2,4100000,8.4072000000000001E-3]
["BEL","Belgium",1993,17.899999999999999,0,30698.5,-1.3571700000000001E-2,4100000,6.0708999999999997E-3]
["BEL","Belgium",1994,17.700001,-0.19999890000000001,31591.599999999999,2.8677899999999999E-2,4200000,1.58336E-2]
["BEL","Belgium",1995,17.899999999999999,0.19999890000000001,32277.3,2.14729E-2,4200000,6.7383E-3]
["BEL","Belgium",1996,18,0.1000004,32673.200000000001,1.21899E-2,4200000,2.7525000000000002E-3]
["BEL","Belgium",1997,17.200001,-0.79999920000000002,33811.599999999999,3.4251200000000002E-2,4200000,3.5690000000000001E-3]
["BEL","Belgium",1998,17.399999999999999,0.19999890000000001,34390.300000000003,1.6970599999999999E-2,4300000,9.8767999999999998E-3]
["BEL","Belgium",1999,17.299999,-0.1000004,35526.199999999997,3.2495499999999997E-2,4400000,2.7238499999999999E-2]
["BEL","Belgium",2000,16,-1.2999989999999999,36740.699999999997,3.3614199999999997E-2,4400000,1.2596100000000001E-2]
["BEL","Belgium",2001,15.2,-0.80000020000000005,36910.300000000003,4.6043000000000004E-3,4300000,-2.48857E-2]
["BEL","Belgium",2002,15.4,0.19999980000000001,37244.800000000003,9.0218E-3,4400000,2.1297E-2]
["BEL","Belgium",2003,15.2,-0.19999980000000001,37388.400000000001,3.8500000000000001E-3,4400000,8.1112000000000007E-3]
["BEL","Belgium",2004,14.7,-0.5,38445.9,2.78902E-2,4500000,2.14133E-2]
["BEL","Belgium",2005,15.2,0.5,38904.5,1.18589E-2,4600000,2.7356999999999999E-2]
["BEL","Belgium",2006,15.1,-9.9999400000000002E-2,39679.4,1.9720999999999999E-2,4600000,4.6246000000000004E-3]
["BEL","Belgium",2007,14.8,-0.30000019999999999,40524.699999999997,2.1080999999999999E-2,4700000,2.3323900000000002E-2]
["BEL","Belgium",2008,14.2,-0.60000039999999999,40601.9,1.9035E-3,4800000,1.05731E-2]
["BEL","Belgium",2009,14.8,0.60000039999999999,39148.6,-3.6451299999999999E-2,4800000,3.5932999999999998E-3]
["BEL","Belgium",2010,14.4,-0.40000059999999998,39693.800000000003,1.38292E-2,4900000,2.4972899999999999E-2]
["BEL","Belgium",2011,14.3,-9.9999400000000002E-2,39839.599999999999,3.6678000000000001E-3,4900000,-4.1825999999999999E-3]
["BEL","Belgium",2012,14.3,0,39497.5,-8.6230999999999999E-3,4900000,7.9378000000000001E-3]
["BEL","Belgium",2013]
["BHS","Bahamas, The",1991,12.3,null,22679.5,null,129172]
["BHS","Bahamas, The",1992,13.1,0.80000020000000005,21402.400000000001,-5.79567E-2,133508,3.3568000000000001E-2]
["BHS","Bahamas, The",1993,13,-0.1000004,21071.7,-1.55716E-2,137841,3.35511E-2]
["BHS","Bahamas, The",1994,14.3,1.3,21363.7,1.37606E-2,141932,3.1671600000000001E-2]
["BHS","Bahamas, The",1995,14.3,0,21962.400000000001,2.7636500000000001E-2,142857,7.1602000000000002E-3]
["BHS","Bahamas, The",1996,16.5,2.2000000000000002,22597.200000000001,2.8495800000000002E-2,142951,7.226E-4]
["BHS","Bahamas, The",1997,14.9,-1.6,22808.6,9.3106999999999999E-3,142057,-6.9194E-3]
["BHS","Bahamas, The",1998,14.8,-9.9999400000000002E-2,23630.5,3.5402299999999998E-2,140367,-1.30823E-2]
["BHS","Bahamas, The",1999,15.9,1.0999989999999999,25015.4,5.6950599999999997E-2,144087,2.87952E-2]
["BHS","Bahamas, The",2000,null,null,25675.599999999999,2.60506E-2,148465,3.3897999999999998E-2]
["BHS","Bahamas, The",2001,13.9,null,25893.5,8.4524000000000005E-3,153379,3.8038099999999998E-2]
["BHS","Bahamas, The",2002,15.4,1.5,26074.6,6.9695E-3,158951,4.3135199999999999E-2]
["BHS","Bahamas, The",2003,14.3,-1.0999989999999999,25207.7,-3.3812500000000002E-2,165011,4.6918700000000001E-2]
["BHS","Bahamas, The",2004,15,0.69999979999999995,24895.8,-1.2451200000000001E-2,171296,4.8654700000000002E-2]
["BHS","Bahamas, The",2005,null,null,25217.9,1.28565E-2,177842,5.0680900000000001E-2]
["BHS","Bahamas, The",2006,null,null,25349.3,5.1974999999999999E-3,183850,4.65099E-2]
["BHS","Bahamas, The",2007,null,null,25232.799999999999,-4.6071999999999997E-3,190063,4.8099500000000003E-2]
["BHS","Bahamas, The",2008,13.4,null,24201.3,-4.1738499999999998E-2,196207,4.7563300000000003E-2]
["BHS","Bahamas, The",2009,null,null,22788.400000000001,-6.0155899999999998E-2,201976,4.4663700000000001E-2]
["BHS","Bahamas, The",2010,null,null,22630.1,-6.9695E-3,207048,3.9262900000000003E-2]
["BHS","Bahamas, The",2011,14.2,null,22639.3,4.0630000000000001E-4,211650,3.5624000000000003E-2]
["BHS","Bahamas, The",2012,null,null,22705.200000000001,2.9068000000000002E-3,216028,3.3897299999999998E-2]
["BHS","Bahamas, The",2013]
["BOL","Bolivia",1990,43.099997999999999,null,3739.99,null,2700000]
["BOL","Bolivia",1991,43.5,0.40000150000000001,3844.89,2.76613E-2,2700000,3.1444899999999998E-2]
["BOL","Bolivia",1992,44.599997999999999,1.099998,3816.82,-7.3289999999999996E-3,2800000,3.17466E-2]
["BOL","Bolivia",1993,43.799999,-0.79999920000000002,3887.29,1.82972E-2,2900000,3.3914399999999997E-2]
["BOL","Bolivia",1994,45.799999,2,3975.49,2.2435199999999999E-2,3000000,3.3229399999999999E-2]
["BOL","Bolivia",1995,48.299999,2.5,4067.96,2.2992100000000001E-2,3100000,3.61077E-2]
["BOL","Bolivia",1996,50.599997999999999,2.2999990000000001,4152.0600000000004,2.0464900000000001E-2,3200000,4.9691300000000001E-2]
["BOL","Bolivia",1997,52.900002000000001,2.3000029999999998,4264.0600000000004,2.66161E-2,3400000,5.1608899999999999E-2]
["BOL","Bolivia",1998,null,null,4384.17,2.7777699999999999E-2,3400000,2.9662600000000001E-2]
["BOL","Bolivia",1999,69.199996999999996,null,4311.79,-1.66473E-2,3500000,3.0324899999999998E-2]
["BOL","Bolivia",2000,68.400002000000001,-0.79999540000000002,4329.9799999999996,4.2113999999999997E-3,3600000,3.09111E-2]
["BOL","Bolivia",2001,67.5,-0.90000150000000001,4314.62,-3.5542999999999998E-3,3700000,3.5426100000000002E-2]
["BOL","Bolivia",2002,68.5,1,4334.72,4.6473E-3,3800000,3.8239000000000002E-2]
["BOL","Bolivia",2003,64,-4.5,4366.6099999999997,7.3299000000000003E-3,3900000,3.7096400000000002E-2]
["BOL","Bolivia",2004,64,0,4464.26,2.2117600000000001E-2,4000000,3.7983299999999998E-2]
["BOL","Bolivia",2005,65.199996999999996,1.199997,4578.38,2.52409E-2,4100000,3.8898599999999998E-2]
["BOL","Bolivia",2006,65.400002000000001,0.2000046,4715.99,2.9613500000000001E-2,4200000,4.2045800000000001E-2]
["BOL","Bolivia",2007,62.700001,-2.7000009999999999,4850.1899999999996,2.8059000000000001E-2,4300000,4.5304400000000002E-2]
["BOL","Bolivia",2008,62.900002000000001,0.20000080000000001,5065.87,4.3508499999999999E-2,4400000,4.1630399999999998E-2]
["BOL","Bolivia",2009,59.799999,-3.1000019999999999,5152.46,1.6948700000000001E-2,4600000,4.7070500000000001E-2]
["BOL","Bolivia",2010,null,null,5278.89,2.4240500000000002E-2,4700000,4.53999E-2]
["BOL","Bolivia",2011,null,null,5461.75,3.4054800000000003E-2,4800000,4.3487499999999998E-2]
["BOL","Bolivia",2012,null,null,5650.43,3.3962199999999998E-2,4900000,4.3944799999999999E-2]
["BOL","Bolivia",2013]
["BRA","Brazil",1990,34.200001,null,9996.84,null,63000000]
["BRA","Brazil",1991,null,null,9980.91,-1.5945E-3,66000000,6.08456E-2]
["BRA","Brazil",1992,39.400002000000001,null,9777.23,-2.06175E-2,70000000,6.3250500000000001E-2]
["BRA","Brazil",1993,39.200001,-0.20000080000000001,10076.1,3.0107499999999999E-2,72000000,2.4165699999999998E-2]
["BRA","Brazil",1994,null,null,10452.299999999999,3.6662100000000003E-2,74000000,2.9875200000000001E-2]
["BRA","Brazil",1995,39.900002000000001,null,10748.3,2.7922599999999999E-2,76000000,3.0695299999999998E-2]
["BRA","Brazil",1996,38.299999,-1.6000019999999999,10812.3,5.9376000000000003E-3,75000000,-6.0302999999999997E-3]
["BRA","Brazil",1997,null,null,11007.6,1.7901400000000001E-2,78000000,4.23481E-2]
["BRA","Brazil",1998,null,null,10846,-1.4787700000000001E-2,80000000,2.99835E-2]
["BRA","Brazil",1999,null,null,10713.6,-1.2289E-2,82000000,4.3012399999999999E-2]
["BRA","Brazil",2000,30.299999,null,11014.9,2.77348E-2,84000000,2.1144900000000001E-2]
["BRA","Brazil",2001,37.900002000000001,7.6000019999999999,11004.4,-9.5370000000000003E-4,85000000,1.98113E-2]
["BRA","Brazil",2002,38,9.9998500000000004E-2,11143.9,1.2599900000000001E-2,88000000,4.3089299999999997E-2]
["BRA","Brazil",2003,37.900002000000001,-9.9998500000000004E-2,11125.4,-1.6632000000000001E-3,89000000,2.8230999999999999E-2]
["BRA","Brazil",2004,37.099997999999999,-0.80000309999999997,11616.8,4.3223400000000002E-2,92000000,4.0229599999999997E-2]
["BRA","Brazil",2005,32.599997999999999,-4.5,11846.2,1.9555099999999999E-2,95000000,4.22137E-2]
["BRA","Brazil",2006,31.700001,-0.89999770000000001,12184.4,2.8147700000000001E-2,96000000,1.7932500000000001E-2]
["BRA","Brazil",2007,30.799999,-0.90000150000000001,12800.3,4.9317399999999997E-2,97000000,1.4781799999999999E-2]
["BRA","Brazil",2008,29.700001,-1.099998,13337.9,4.11358E-2,98000000,2.7693700000000002E-2]
["BRA","Brazil",2009,29.4,-0.30000110000000002,13175.6,-1.2245199999999999E-2,100000000,2.5645100000000001E-2]
["BRA","Brazil",2010,null,null,14043.4,6.3787499999999997E-2,100000000,2.8476100000000001E-2]
["BRA","Brazil",2011,null,null,14300.7,1.8160800000000001E-2,100000000,2.2065999999999999E-2]
["BRA","Brazil",2012,null,null,14300.6,-1.1399999999999999E-5,100000000,2.47999E-2]
["BRA","Brazil",2013]
["BRB","Barbados",1990,12.5,null,13025,null,136229]
["BRB","Barbados",1991,12.7,0.19999980000000001,12604.9,-3.27835E-2,134263,-1.4428099999999999E-2]
["BRB","Barbados",1992,13,0.30000019999999999,11941.1,-5.4094299999999998E-2,136285,1.4840300000000001E-2]
["BRB","Barbados",1993,14.2,1.2,12024.6,6.9617999999999998E-3,137799,1.11147E-2]
["BRB","Barbados",1994,13,-1.2,12467.9,3.6205300000000003E-2,139068,9.3144000000000005E-3]
["BRB","Barbados",1995,12.7,-0.30000019999999999,12618.9,1.20363E-2,140969,1.39557E-2]
["BRB","Barbados",1996,12.7,0,12815.3,1.54457E-2,140056,-6.7019000000000002E-3]
["BRB","Barbados",1997,12,-0.69999979999999995,13597.6,5.9252699999999998E-2,140992,6.8701999999999999E-3]
["BRB","Barbados",1998,12.5,0.5,14116,3.7417400000000003E-2,142391,1.02699E-2]
["BRB","Barbados",1999,14,1.5,14435.7,2.2398899999999999E-2,143663,9.3384999999999996E-3]
["BRB","Barbados",2000,12.7,-1.3,14714.2,1.91021E-2,145446,1.30861E-2]
["BRB","Barbados",2001,14.1,1.4000010000000001,14279.8,-2.9963500000000001E-2,147131,1.2370000000000001E-2]
["BRB","Barbados",2002,14.1,0,14310.4,2.1372000000000001E-3,146807,-2.3812999999999998E-3]
["BRB","Barbados",2003,14.4,0.29999920000000002,14521.6,1.46532E-2,148665,1.36417E-2]
["BRB","Barbados",2004,15.2,0.80000020000000005,14656.1,9.2181999999999993E-3,151651,2.1923100000000001E-2]
["BRB","Barbados",2005,null,null,15165.9,3.41949E-2,153373,1.2636100000000001E-2]
["BRB","Barbados",2006,null,null,15952.3,5.0555200000000002E-2,154889,1.11284E-2]
["BRB","Barbados",2007,null,null,16139.4,1.1658699999999999E-2,156407,1.1145E-2]
["BRB","Barbados",2008,null,null,16115.6,-1.4744000000000001E-3,158148,1.2775699999999999E-2]
["BRB","Barbados",2009,null,null,15372.5,-4.7206900000000003E-2,159858,1.25524E-2]
["BRB","Barbados",2010,null,null,15335.1,-2.4385000000000001E-3,161078,8.9581999999999995E-3]
["BRB","Barbados",2011,null,null,15374.2,2.5473000000000002E-3,162471,1.0223400000000001E-2]
["BRB","Barbados",2012,null,null,15298.7,-4.9229E-3,163584,8.1700000000000002E-3]
["BRB","Barbados",2013]
["CAN","Canada",1990,14.4,null,30318.5,null,15000000]
["CAN","Canada",1991,14.9,0.5,29283.1,-3.4749000000000002E-2,15000000,6.7067000000000003E-3]
["CAN","Canada",1992,15.1,0.20000080000000001,29179,-3.5601000000000001E-3,15000000,-2.5024000000000001E-3]
["CAN","Canada",1993,15.8,0.69999979999999995,29536.400000000001,1.21727E-2,15000000,6.9154999999999998E-3]
["CAN","Canada",1994,15.9,9.9999400000000002E-2,30659.200000000001,3.73116E-2,15000000,7.5573000000000003E-3]
["CAN","Canada",1995,15.8,-9.9999400000000002E-2,31260.3,1.94159E-2,15000000,3.6722E-3]
["CAN","Canada",1996,16.600000000000001,0.80000020000000005,31426,5.2861999999999996E-3,15000000,1.0101300000000001E-2]
["CAN","Canada",1997,17.100000000000001,0.5,32409.599999999999,3.0820799999999999E-2,15000000,1.71123E-2]
["CAN","Canada",1998,17.100000000000001,0,33446.800000000003,3.1500800000000002E-2,16000000,1.7483499999999999E-2]
["CAN","Canada",1999,17,-0.1000004,35006.199999999997,4.5568499999999998E-2,16000000,1.9293500000000002E-2]
["CAN","Canada",2000,16.200001,-0.79999920000000002,36514.300000000003,4.2179099999999997E-2,16000000,1.6961899999999999E-2]
["CAN","Canada",2001,15.2,-1.0000009999999999,36792.400000000001,7.5855000000000002E-3,16000000,1.6972299999999999E-2]
["CAN","Canada",2002,15.1,-9.9999400000000002E-2,37530.199999999997,1.9854500000000001E-2,17000000,2.9873400000000001E-2]
["CAN","Canada",2003,15.3,0.19999980000000001,37857.1,8.6736999999999995E-3,17000000,2.8118600000000001E-2]
["CAN","Canada",2004,15.4,9.9999400000000002E-2,38649,2.0702399999999999E-2,18000000,1.62594E-2]
["CAN","Canada",2005,15.5,0.1000004,39425.199999999997,1.9885099999999999E-2,18000000,9.0091000000000008E-3]
["CAN","Canada",2006,15.2,-0.30000019999999999,40216.5,1.9870800000000001E-2,18000000,1.40039E-2]
["CAN","Canada",2007,15.5,0.30000019999999999,40704.5,1.2063000000000001E-2,18000000,2.54021E-2]
["CAN","Canada",2008,15.4,-0.1000004,40543.699999999997,-3.9576999999999998E-3,19000000,2.1218500000000001E-2]
["CAN","Canada",2009,9.5,-5.9,38972,-3.95374E-2,19000000,8.2740999999999995E-3]
["CAN","Canada",2010,9.1999998000000005,-0.30000019999999999,39779.4,2.0504000000000001E-2,19000000,1.26864E-2]
["CAN","Canada",2011,9,-0.19999980000000001,40384.199999999997,1.5090900000000001E-2,19000000,1.01335E-2]
["CAN","Canada",2012,null,null,40588,5.0343999999999996E-3,19000000,1.39197E-2]
["CAN","Canada",2013]
["CHE","Switzerland",1991,15.2,null,43964.3,null,3900000]
["CHE","Switzerland",1992,15.2,0,43463.199999999997,-1.1462200000000001E-2,3900000,9.5163999999999995E-3]
["CHE","Switzerland",1993,16.399999999999999,1.2,43014.9,-1.03683E-2,3900000,5.8060000000000004E-3]
["CHE","Switzerland",1994,15.9,-0.5,43215.199999999997,4.6462999999999999E-3,3900000,-5.6305000000000001E-3]
["CHE","Switzerland",1995,16.299999,0.39999960000000001,43133.8,-1.8854E-3,3900000,2.4830999999999998E-3]
["CHE","Switzerland",1996,17.799999,1.5,43151.9,4.1869999999999999E-4,3900000,6.8355999999999998E-3]
["CHE","Switzerland",1997,18.399999999999999,0.60000039999999999,43927.199999999997,1.7808000000000001E-2,3900000,-2.1538E-3]
["CHE","Switzerland",1998,17.799999,-0.60000039999999999,44994.400000000001,2.4003E-2,4000000,1.1125100000000001E-2]
["CHE","Switzerland",1999,18,0.20000080000000001,45405.5,9.0951999999999995E-3,4000000,6.0052999999999999E-3]
["CHE","Switzerland",2000,18,0,46808.6,3.0434599999999999E-2,4000000,1.3051E-3]
["CHE","Switzerland",2001,17.200001,-0.79999920000000002,47091.6,6.0271999999999999E-3,4100000,1.49207E-2]
["CHE","Switzerland",2002,16.899999999999999,-0.30000110000000002,46823.3,-5.7124999999999997E-3,4100000,9.1097000000000001E-3]
["CHE","Switzerland",2003,17.5,0.60000039999999999,46487,-7.2087999999999996E-3,4100000,1.25904E-2]
["CHE","Switzerland",2004,16.200001,-1.2999989999999999,47286.400000000001,1.7048799999999999E-2,4200000,2.8067000000000001E-3]
["CHE","Switzerland",2005,16,-0.20000080000000001,48250.6,2.0187400000000001E-2,4200000,5.5703999999999997E-3]
["CHE","Switzerland",2006,15.9,-0.1000004,49747.6,3.0552900000000001E-2,4200000,1.68717E-2]
["CHE","Switzerland",2007,16.100000000000001,0.20000080000000001,51201.1,2.8799100000000001E-2,4300000,1.8384899999999999E-2]
["CHE","Switzerland",2008,15.9,-0.20000080000000001,51648.800000000003,8.7060999999999996E-3,4400000,2.6096500000000002E-2]
["CHE","Switzerland",2009,15.3,-0.59999939999999996,50019.5,-3.2053900000000003E-2,4500000,1.9199000000000001E-2]
["CHE","Switzerland",2010,15.3,0,50963.1,1.86892E-2,4500000,7.9284999999999998E-3]
["CHE","Switzerland",2011,15.4,9.9999400000000002E-2,51301.9,6.6261000000000002E-3,4600000,1.8658600000000001E-2]
["CHE","Switzerland",2012,15.3,-9.9999400000000002E-2,51292.6,-1.8220000000000001E-4,4600000,1.42477E-2]
["CHE","Switzerland",2013]
["CHL","Chile",1990,25.200001,null,9204.64,null,5000000]
["CHL","Chile",1991,27.5,2.2999990000000001,9759.1200000000008,5.84936E-2,5100000,1.7129800000000001E-2]
["CHL","Chile",1992,25,-2.5,10757.5,9.7398799999999994E-2,5300000,4.2069200000000001E-2]
["CHL","Chile",1993,27.1,2.1,11301.3,4.9320200000000002E-2,5500000,4.7032999999999998E-2]
["CHL","Chile",1994,24.799999,-2.300001,11739.2,3.8016300000000003E-2,5600000,1.85671E-2]
["CHL","Chile",1995,27.6,2.800001,12775.1,8.4565199999999993E-2,5600000,7.6480000000000005E-4]
["CHL","Chile",1996,29.9,2.2999990000000001,13514.3,5.6242899999999998E-2,5700000,1.08786E-2]
["CHL","Chile",1997,29.6,-0.29999920000000002,14203.4,4.9736000000000002E-2,5800000,2.78493E-2]
["CHL","Chile",1998,30.799999,1.199999,14467.8,1.84431E-2,6000000,2.4347899999999999E-2]
["CHL","Chile",1999,30.799999,0,14176.1,-2.0369499999999999E-2,6100000,2.0636000000000002E-2]
["CHL","Chile",2000,30.6,-0.19999890000000001,14632.4,3.1680100000000003E-2,6100000,9.9828E-3]
["CHL","Chile",2001,31.4,0.79999920000000002,14943.5,2.1041899999999999E-2,6100000,7.7454999999999998E-3]
["CHL","Chile",2002,31.5,0.1000004,15093.4,9.9783000000000007E-3,6200000,1.4546E-2]
["CHL","Chile",2003,31.799999,0.29999920000000002,15517.8,2.7732799999999998E-2,6400000,3.5762799999999997E-2]
["CHL","Chile",2004,31.799999,0,16279.6,4.7925000000000002E-2,6600000,3.8760900000000001E-2]
["CHL","Chile",2005,29.799999,-2,17006.400000000001,4.3674499999999998E-2,6800000,3.9276100000000001E-2]
["CHL","Chile",2006,28.9,-0.89999960000000001,17576.099999999999,3.2950399999999998E-2,7000000,3.97437E-2]
["CHL","Chile",2007,27.9,-1,18300.900000000001,4.0411000000000002E-2,7200000,4.0117899999999998E-2]
["CHL","Chile",2008,27.200001,-0.69999889999999998,18721.2,2.2705099999999999E-2,7500000,5.8300900000000003E-2]
["CHL","Chile",2009,27.700001,0.5,18352.099999999999,-1.99118E-2,7600000,2.1871399999999999E-2]
["CHL","Chile",2010,26.5,-1.2000010000000001,19229.7,4.6714800000000001E-2,8100000,9.2775300000000005E-2]
["CHL","Chile",2011,26.6,0.1000004,20169.3,4.7706600000000002E-2,8300000,5.8469500000000001E-2]
["CHL","Chile",2012,null,null,21099.200000000001,4.5072599999999997E-2,8500000,2.2618800000000001E-2]
["CHL","Chile",2013]
["COL","Colombia",1992,32.299999,null,8032.18,null,12000000]
["COL","Colombia",1993,31.6,-0.69999889999999998,8070.09,4.7083000000000003E-3,12000000,2.6318000000000001E-2]
["COL","Colombia",1994,30.4,-1.2000010000000001,8385.2800000000007,3.8313899999999998E-2,13000000,5.2104699999999997E-2]
["COL","Colombia",1995,33.799999,3.4,8662.7000000000007,3.2548899999999999E-2,14000000,5.5877700000000002E-2]
["COL","Colombia",1996,33.5,-0.29999920000000002,8683.56,2.4052000000000001E-3,14000000,5.7831399999999998E-2]
["COL","Colombia",1997,35.099997999999999,1.599998,8823.7999999999993,1.6020800000000002E-2,15000000,5.9828899999999997E-2]
["COL","Colombia",1998,35.900002000000001,0.80000309999999997,8720.67,-1.17559E-2,16000000,6.1776200000000003E-2]
["COL","Colombia",1999,38.599997999999999,2.6999970000000002,8212.23,-6.0071899999999998E-2,17000000,6.5807900000000003E-2]
["COL","Colombia",2000,47.799999,9.2000010000000003,8432.5300000000007,2.6472099999999998E-2,17000000,6.5444600000000006E-2]
["COL","Colombia",2001,52,4.2000010000000003,8434.35,2.165E-4,18000000,6.4880099999999996E-2]
["COL","Colombia",2002,51.599997999999999,-0.40000150000000001,8507.6,8.6459999999999992E-3,19000000,6.8847199999999997E-2]
["COL","Colombia",2003,49.700001,-1.8999980000000001,8702.49,2.2649800000000001E-2,20000000,6.82479E-2]
["COL","Colombia",2004,50.900002000000001,1.2000010000000001,9025.2900000000009,3.6421799999999997E-2,20000000,-1.2899799999999999E-2]
["COL","Colombia",2005,50.700001,-0.20000080000000001,9306.43,3.0674900000000001E-2,20000000,2.5219399999999999E-2]
["COL","Colombia",2006,49.200001,-1.5,9780.85,4.9720800000000002E-2,20000000,-1.5569400000000001E-2]
["COL","Colombia",2007,45.799999,-3.4000020000000002,10301.4,5.18541E-2,20000000,1.3722399999999999E-2]
["COL","Colombia",2008,51.400002000000001,5.6000019999999999,10512.1,2.0249400000000001E-2,20000000,4.74136E-2]
["COL","Colombia",2009,52.400002000000001,1,10534.2,2.0980999999999999E-3,22000000,9.9201300000000006E-2]
["COL","Colombia",2010,53.599997999999999,1.199997,10801.2,2.5024399999999999E-2,22000000,4.6286800000000003E-2]
["COL","Colombia",2011,53.599997999999999,0,11363.8,5.07803E-2,23000000,3.7893299999999998E-2]
["COL","Colombia",2012,53.5,-9.9998500000000004E-2,11687.2,2.8064700000000001E-2,23000000,3.7622200000000001E-2]
["COL","Colombia",2013]
["CRI","Costa Rica",1990,30,null,7301.68,null,1200000]
["CRI","Costa Rica",1991,30.4,0.39999960000000001,7305.73,5.5409999999999997E-4,1200000,2.0473600000000002E-2]
["CRI","Costa Rica",1992,28.1,-2.2999990000000001,7783.01,6.3283900000000004E-2,1200000,1.9733299999999999E-2]
["CRI","Costa Rica",1993,28.1,0,8161.28,4.7458599999999997E-2,1300000,4.3223699999999997E-2]
["CRI","Costa Rica",1994,28.1,0,8342.59,2.1972700000000001E-2,1300000,3.8615499999999997E-2]
["CRI","Costa Rica",1995,28.6,0.5,8458.77,1.38292E-2,1400000,5.5230500000000002E-2]
["CRI","Costa Rica",1996,28.799999,0.19999890000000001,8322.23,-1.6272499999999999E-2,1400000,2.3597000000000002E-3]
["CRI","Costa Rica",1997,30.1,1.300001,8566.8799999999992,2.8973599999999999E-2,1500000,8.4248500000000004E-2]
["CRI","Costa Rica",1998,29.1,-1,9057.1299999999992,5.56479E-2,1600000,7.3833200000000002E-2]
["CRI","Costa Rica",1999,29,-0.1000004,9569.26,5.50041E-2,1600000,3.1844299999999999E-2]
["CRI","Costa Rica",2000,29.200001,0.20000080000000001,9523.7999999999993,-4.7625999999999996E-3,1600000,1.2512799999999999E-2]
["CRI","Costa Rica",2001,31.200001,2,9425.08,-1.04189E-2,1700000,0.10359549999999999]
["CRI","Costa Rica",2002,31.700001,0.5,9508.25,8.7852E-3,1800000,3.8066599999999999E-2]
["CRI","Costa Rica",2003,30.5,-1.2000010000000001,9929.7000000000007,4.3371199999999999E-2,1800000,3.7288399999999999E-2]
["CRI","Costa Rica",2004,31.200001,0.70000079999999998,10169.299999999999,2.3845700000000001E-2,1800000,1.81348E-2]
["CRI","Costa Rica",2005,28.6,-2.6,10584,3.9967500000000003E-2,1900000,9.6598500000000004E-2]
["CRI","Costa Rica",2006,29.299999,0.69999889999999998,11323.6,6.7543000000000006E-2,2000000,4.0911599999999999E-2]
["CRI","Costa Rica",2007,27,-2.2999990000000001,12028.4,6.03876E-2,2100000,6.81287E-2]
["CRI","Costa Rica",2008,27.1,0.1000004,12167.6,1.1501300000000001E-2,2100000,2.52631E-2]
["CRI","Costa Rica",2009,27.299999,0.19999890000000001,11864.1,-2.5255199999999998E-2,2100000,3.5638099999999999E-2]
["CRI","Costa Rica",2010,23.9,-3.4,12269.9,3.3629399999999997E-2,2200000,4.6909800000000001E-2]
["CRI","Costa Rica",2011,24,0.1000004,12630.1,2.8934499999999998E-2,2200000,4.3517899999999998E-2]
["CRI","Costa Rica",2012,23.9,-0.1000004,13091.1,3.5847700000000003E-2,2300000,4.2981400000000003E-2]
["CRI","Costa Rica",2013]
["CUB","Cuba",1995,16,null,9102.06,null,4600000]
["CUB","Cuba",1996,15.7,-0.30000019999999999,9771.98,7.1018200000000004E-2,4700000,5.7967000000000001E-3]
["CUB","Cuba",1997,16.399999999999999,0.69999979999999995,10004.5,2.3516700000000001E-2,4700000,3.9392000000000003E-3]
["CUB","Cuba",1998,17.299999,0.89999960000000001,9984.16,-2.0360999999999999E-3,4700000,2.3237000000000002E-3]
["CUB","Cuba",1999,18.5,1.2000010000000001,10566.3,5.6673000000000001E-2,4700000,2.8135E-3]
["CUB","Cuba",2000,19,0.5,11154.4,5.4162000000000002E-2,4700000,1.5732999999999999E-3]
["CUB","Cuba",2001,19.899999999999999,0.89999960000000001,11471.2,2.8005599999999999E-2,4700000,2.3825000000000001E-3]
["CUB","Cuba",2002,19.799999,-0.1000004,11597,1.091E-2,4700000,3.0929999999999998E-3]
["CUB","Cuba",2003,20.299999,0.5,12000.5,3.42026E-2,4700000,3.3002000000000001E-3]
["CUB","Cuba",2004,20.200001,-9.9998500000000004E-2,12662.2,5.3668E-2,4700000,8.5939999999999996E-4]
["CUB","Cuba",2005,19.600000000000001,-0.60000039999999999,14057.2,0.104517,4800000,1.55712E-2]
["CUB","Cuba",2006,18,-1.6,15740.8,0.1131172,4900000,1.2630600000000001E-2]
["CUB","Cuba",2007,16.899999999999999,-1.1000000000000001,16883,7.0055000000000006E-2,5000000,2.76765E-2]
["CUB","Cuba",2008,16.700001,-0.19999890000000001,17586.400000000001,4.0814400000000001E-2,5100000,1.7162E-2]
["CUB","Cuba",2009,16.200001,-0.5,17853.099999999999,1.50537E-2,5200000,3.4930700000000002E-2]
["CUB","Cuba",2010,16.200001,0,18290.900000000001,2.4227100000000001E-2,5300000,6.8146999999999999E-3]
["CUB","Cuba",2011,22.700001,6.5,18796.2,2.7249300000000001E-2,5300000,6.6950000000000004E-3]
["CUB","Cuba",2012,null,null,null,null,5300000,4.4356999999999999E-3]
["CUB","Cuba",2013]
["CZE","Czech Republic",1993,13,null,16159.8,null,5100000]
["CZE","Czech Republic",1994,13.2,0.19999980000000001,16624,2.8316500000000001E-2,5100000,1.0986299999999999E-2]
["CZE","Czech Republic",1995,13.9,0.69999979999999995,17669,6.0968399999999999E-2,5200000,2.9767000000000001E-3]
["CZE","Czech Republic",1996,13.9,0,18492.7,4.5560799999999999E-2,5200000,1.06E-4]
["CZE","Czech Republic",1997,12.2,-1.7,18354.8,-7.4844000000000004E-3,5200000,2.8942999999999998E-3]
["CZE","Czech Republic",1998,13.4,1.2,18328.8,-1.4153E-3,5200000,4.2259999999999997E-3]
["CZE","Czech Republic",1999,14.5,1.1000000000000001,18655.7,1.7675400000000001E-2,5200000,3.8991999999999998E-3]
["CZE","Czech Republic",2000,15,0.5,19491.099999999999,4.3808E-2,5200000,-6.4622000000000004E-3]
["CZE","Czech Republic",2001,15.3,0.30000019999999999,20170.5,3.4260699999999998E-2,5200000,-5.9122000000000003E-3]
["CZE","Czech Republic",2002,15.9,0.59999939999999996,20643.8,2.3194300000000001E-2,5100000,-9.4470000000000003E-4]
["CZE","Czech Republic",2003,17.399999999999999,1.5,21427.4,3.7256200000000003E-2,5100000,-2.9832999999999999E-3]
["CZE","Czech Republic",2004,16.899999999999999,-0.5,22436.799999999999,4.6032000000000003E-2,5100000,-1.1015E-3]
["CZE","Czech Republic",2005,16,-0.89999960000000001,23918.7,6.3959100000000005E-2,5200000,8.0441000000000002E-3]
["CZE","Czech Republic",2006,16.100000000000001,0.1000004,25528.6,6.5140699999999996E-2,5200000,2.1397999999999999E-3]
["CZE","Czech Republic",2007,16.200001,0.1000004,26835.7,4.9931499999999997E-2,5200000,1.3885E-3]
["CZE","Czech Republic",2008,16.100000000000001,-0.1000004,27438.799999999999,2.2225399999999999E-2,5200000,4.9021000000000004E-3]
["CZE","Czech Republic",2009,16.799999,0.69999889999999998,26053.200000000001,-5.1816000000000001E-2,5300000,8.2879000000000008E-3]
["CZE","Czech Republic",2010,17.700001,0.90000150000000001,26618.9,2.1479600000000001E-2,5200000,-2.7634000000000001E-3]
["CZE","Czech Republic",2011,18,0.29999920000000002,27047,1.5955E-2,5200000,4.528E-4]
["CZE","Czech Republic",2012,18.399999999999999,0.39999960000000001,26733.4,-1.1662499999999999E-2,5300000,7.5630000000000003E-3]
["CZE","Czech Republic",2013]
["DEU","Germany",1990,11,null,30635.9,null,37000000]
["DEU","Germany",1991,9.6999998000000005,-1.3,31967.1,4.2534799999999998E-2,40000000,7.0924200000000007E-2]
["DEU","Germany",1992,10,0.30000019999999999,32331.5,1.13344E-2,40000000,-2.1327999999999998E-3]
["DEU","Germany",1993,10.3,0.30000019999999999,31797.8,-1.6645400000000001E-2,40000000,-1.2388E-3]
["DEU","Germany",1994,10.6,0.30000019999999999,32470.9,2.0948399999999999E-2,40000000,-2.3010000000000001E-3]
["DEU","Germany",1995,10.7,9.9999400000000002E-2,32918.6,1.36919E-2,40000000,1.3974E-3]
["DEU","Germany",1996,10.6,-9.9999400000000002E-2,33083,4.9820000000000003E-3,40000000,5.7453000000000001E-3]
["DEU","Germany",1997,10.9,0.29999920000000002,33608.5,1.5760400000000001E-2,40000000,6.7878000000000001E-3]
["DEU","Germany",1998,11,0.1000004,34229.1,1.8296199999999999E-2,41000000,7.8565000000000006E-3]
["DEU","Germany",1999,10.8,-0.19999980000000001,34847,1.7890900000000001E-2,40000000,-4.1142000000000001E-3]
["DEU","Germany",2000,10.9,9.9999400000000002E-2,35863.9,2.8764700000000001E-2,40000000,-1.2472E-3]
["DEU","Germany",2001,11.1,0.20000080000000001,36345.800000000003,1.3347599999999999E-2,40000000,4.9417999999999997E-3]
["DEU","Germany",2002,11.1,0,36288.400000000001,-1.5793000000000001E-3,40000000,-4.417E-4]
["DEU","Germany",2003,11.4,0.29999920000000002,36132.199999999997,-4.3153999999999996E-3,40000000,-5.3876999999999996E-3]
["DEU","Germany",2004,12.1,0.70000079999999998,36559.699999999997,1.17617E-2,41000000,1.25498E-2]
["DEU","Germany",2005,12.4,0.29999920000000002,36830.9,7.391E-3,41000000,1.38958E-2]
["DEU","Germany",2006,12.1,-0.29999920000000002,38236.699999999997,3.7459399999999997E-2,42000000,9.2349000000000007E-3]
["DEU","Germany",2007,12,-0.1000004,39539.599999999999,3.35045E-2,42000000,6.8282000000000004E-3]
["DEU","Germany",2008,11.7,-0.30000019999999999,40043.9,1.26753E-2,42000000,2.1223000000000001E-3]
["DEU","Germany",2009,11.6,-9.9999400000000002E-2,38079.800000000003,-5.0292000000000003E-2,42000000,1.1766000000000001E-3]
["DEU","Germany",2010,11.6,0,39668.5,4.0872600000000002E-2,42000000,1.9880000000000001E-4]
["DEU","Germany",2011,11.7,9.9999400000000002E-2,40980.400000000001,3.2536500000000003E-2,42000000,1.3419E-2]
["DEU","Germany",2012,11.6,-9.9999400000000002E-2,41966.400000000001,2.3776100000000001E-2,42000000,-1.9535500000000001E-2]
["DEU","Germany",2013]
["DNK","Denmark",1990,11.4,null,32716.7,null,2900000]
["DNK","Denmark",1991,10.8,-0.59999939999999996,33056.199999999997,1.03245E-2,2900000,-1.0824000000000001E-3]
["DNK","Denmark",1992,10.7,-0.1000004,33598,1.62554E-2,2900000,3.1391000000000001E-3]
["DNK","Denmark",1993,10.8,0.1000004,33456.199999999997,-4.2275999999999998E-3,2900000,-7.9542999999999992E-3]
["DNK","Denmark",1994,9.8000001999999995,-1,35185.800000000003,5.0404499999999998E-2,2800000,-3.9656200000000003E-2]
["DNK","Denmark",1995,9.5,-0.30000019999999999,36075.800000000003,2.49815E-2,2800000,1.4867399999999999E-2]
["DNK","Denmark",1996,9.3000001999999995,-0.19999980000000001,36889.1,2.2292099999999999E-2,2800000,4.5288000000000004E-3]
["DNK","Denmark",1997,9.3999995999999992,9.9999400000000002E-2,37911.1,2.7327500000000001E-2,2900000,7.2031999999999999E-3]
["DNK","Denmark",1998,9.6999998000000005,0.30000019999999999,38589.699999999997,1.7743100000000001E-2,2800000,-3.8421000000000002E-3]
["DNK","Denmark",1999,9.3000001999999995,-0.39999960000000001,39447.1,2.1973599999999999E-2,2900000,1.0971399999999999E-2]
["DNK","Denmark",2000,9.1000004000000008,-0.19999980000000001,40702.699999999997,3.1335799999999997E-2,2900000,-4.9731999999999997E-3]
["DNK","Denmark",2001,8.8999995999999992,-0.20000080000000001,40843,3.4399000000000001E-3,2900000,-4.2300999999999997E-3]
["DNK","Denmark",2002,8.8999995999999992,0,40902.400000000001,1.4534000000000001E-3,2900000,9.3913999999999994E-3]
["DNK","Denmark",2003,9.1000004000000008,0.20000080000000001,40947.9,1.1100999999999999E-3,2900000,-2.4913000000000001E-3]
["DNK","Denmark",2004,8.8000001999999995,-0.30000019999999999,41780.1,2.01216E-2,2900000,1.1524400000000001E-2]
["DNK","Denmark",2005,8.8999995999999992,9.9999400000000002E-2,42683.9,2.1402399999999999E-2,2900000,-1.2432999999999999E-3]
["DNK","Denmark",2006,9.1000004000000008,0.20000080000000001,43988.1,3.0096999999999999E-2,2900000,1.05352E-2]
["DNK","Denmark",2007,9,-0.1000004,44486.9,1.1274299999999999E-2,2900000,1.5249999999999999E-4]
["DNK","Denmark",2008,8.8000001999999995,-0.19999980000000001,43879.6,-1.37453E-2,3000000,1.1184100000000001E-2]
["DNK","Denmark",2009,9.3000001999999995,0.5,41172.300000000003,-6.3682600000000006E-2,3000000,-4.6627999999999999E-3]
["DNK","Denmark",2010,9.1000004000000008,-0.19999980000000001,41558.300000000003,9.3317000000000001E-3,2900000,-7.3870000000000003E-3]
["DNK","Denmark",2011,9.1000004000000008,0,41830.9,6.5383999999999998E-3,2900000,-1.7809999999999999E-4]
["DNK","Denmark",2012,9.1000004000000008,0,41524.300000000003,-7.3565999999999996E-3,2900000,-5.4888000000000003E-3]
["DNK","Denmark",2013]
["DOM","Dominican Republic",1991,42.599997999999999,null,4717.5,null,2900000]
["DOM","Dominican Republic",1992,44.299999,1.7000010000000001,5111.1099999999997,8.0137299999999995E-2,3000000,2.0167000000000001E-2]
["DOM","Dominican Republic",1993,42.299999,-2,5374.93,5.0329199999999998E-2,3100000,2.3330500000000001E-2]
["DOM","Dominican Republic",1994,39.799999,-2.5,5396.14,3.9376999999999997E-3,3100000,2.51848E-2]
["DOM","Dominican Republic",1995,41.700001,1.900002,5590.12,3.5316500000000001E-2,3200000,2.5532800000000001E-2]
["DOM","Dominican Republic",1996,44.900002000000001,3.2000009999999999,5885.05,5.1414500000000002E-2,3300000,2.24215E-2]
["DOM","Dominican Republic",1997,46.099997999999999,1.199997,6249.93,6.0154899999999997E-2,3400000,2.4398300000000001E-2]
["DOM","Dominican Republic",1998,46.799999,0.70000079999999998,6579.67,5.14154E-2,3400000,2.2738600000000001E-2]
["DOM","Dominican Republic",1999,48,1.2000010000000001,6910.08,4.8995999999999998E-2,3500000,2.4570100000000001E-2]
["DOM","Dominican Republic",2000,43.700001,-4.2999989999999997,7186.73,3.9256100000000002E-2,3600000,2.45136E-2]
["DOM","Dominican Republic",2001,45.099997999999999,1.3999980000000001,7203.77,2.3679999999999999E-3,3700000,3.2224900000000001E-2]
["DOM","Dominican Republic",2002,46.099997999999999,1,7504.78,4.09355E-2,3800000,3.24686E-2]
["DOM","Dominican Republic",2003,45.900002000000001,-0.19999690000000001,7373.49,-1.7649700000000001E-2,3900000,3.2813799999999997E-2]
["DOM","Dominican Republic",2004,44.900002000000001,-1,7359.83,-1.8538999999999999E-3,4000000,3.3318399999999998E-2]
["DOM","Dominican Republic",2005,47.299999,2.3999980000000001,7924.53,7.3925000000000005E-2,4000000,3.1795299999999999E-2]
["DOM","Dominican Republic",2006,46.900002000000001,-0.39999770000000001,8644.42,8.6952199999999993E-2,4100000,3.2371299999999999E-2]
["DOM","Dominican Republic",2007,46.400002000000001,-0.5,9244.6200000000008,6.7127199999999998E-2,4200000,3.2858800000000001E-2]
["DOM","Dominican Republic",2008,48.299999,1.8999980000000001,9595.58,3.7261000000000002E-2,4300000,2.8604399999999999E-2]
["DOM","Dominican Republic",2009,48.700001,0.40000150000000001,9792.3700000000008,2.03009E-2,4400000,2.83705E-2]
["DOM","Dominican Republic",2010,40.299999,-8.4000020000000006,10411.799999999999,6.1335599999999997E-2,4500000,2.3227500000000002E-2]
["DOM","Dominican Republic",2011,null,null,10738.3,3.0879E-2,4600000,2.7271400000000001E-2]
["DOM","Dominican Republic",2012,null,null,11015.7,2.5506000000000001E-2,4600000,2.67891E-2]
["DOM","Dominican Republic",2013]
["ECU","Ecuador",1990,41.099997999999999,null,7346.16,null,3900000]
["ECU","Ecuador",1991,40.700001,-0.39999770000000001,7486.12,1.88732E-2,4000000,3.6110299999999998E-2]
["ECU","Ecuador",1992,44,3.2999990000000001,7473.07,-1.7451999999999999E-3,4200000,4.0361899999999999E-2]
["ECU","Ecuador",1993,43.299999,-0.70000079999999998,7453.04,-2.6827000000000001E-3,4300000,4.1337800000000001E-2]
["ECU","Ecuador",1994,42,-1.2999989999999999,7602.65,1.9873600000000002E-2,4500000,3.8639300000000001E-2]
["ECU","Ecuador",1995,41.900002000000001,-9.9998500000000004E-2,7608.78,8.0679999999999999E-4,4600000,4.3093199999999998E-2]
["ECU","Ecuador",1996,42.700001,0.79999920000000002,7578.9,-3.9348999999999999E-3,4800000,4.0123499999999999E-2]
["ECU","Ecuador",1997,40.799999,-1.900002,7744.64,2.1633099999999999E-2,4900000,4.0803300000000001E-2]
["ECU","Ecuador",1998,41.400002000000001,0.60000229999999999,7836.13,1.17435E-2,5100000,4.3625400000000002E-2]
["ECU","Ecuador",1999,40.700001,-0.70000079999999998,7316.18,-6.8656900000000007E-2,5300000,5.0925600000000001E-2]
["ECU","Ecuador",2000,46.700001,6,7250.84,-8.9712000000000004E-3,5500000,4.6056699999999999E-2]
["ECU","Ecuador",2001,49.5,2.7999990000000001,7395.79,1.9793499999999999E-2,6000000,0.1389649]
["ECU","Ecuador",2002,null,null,7551.55,2.0842599999999999E-2,6100000,1.28199E-2]
["ECU","Ecuador",2003,46,null,7611.28,7.8773000000000003E-3,6100000,9.6325000000000004E-3]
["ECU","Ecuador",2004,50.200001,4.2000010000000003,8084.48,6.0316099999999997E-2,6400000,8.5839399999999996E-2]
["ECU","Ecuador",2005,47.700001,-2.5,8359,3.3392900000000003E-2,6500000,1.34056E-2]
["ECU","Ecuador",2006,48.200001,0.5,8573.77,2.5368700000000001E-2,6800000,6.8603899999999995E-2]
["ECU","Ecuador",2007,46.900002000000001,-1.2999989999999999,8611.16,4.3515999999999997E-3,6700000,-1.32575E-2]
["ECU","Ecuador",2008,45.099997999999999,-1.800003,9004.6,4.4675800000000002E-2,6700000,1.01461E-2]
["ECU","Ecuador",2009,46.599997999999999,1.5,8905.86,-1.10264E-2,6900000,3.0163499999999999E-2]
["ECU","Ecuador",2010,45.200001,-1.3999980000000001,9019.32,1.2659999999999999E-2,7000000,4.8986099999999998E-2]
["ECU","Ecuador",2011,47.400002000000001,2.2000009999999999,9569.4,5.9202200000000003E-2,7200000,4.4325900000000001E-2]
["ECU","Ecuador",2012,54.900002000000001,7.5,9900.08,3.3970800000000002E-2,7400000,4.4868900000000003E-2]
["ECU","Ecuador",2013]
["EGY","Egypt, Arab Rep.",1993,44.200001,null,6214.69,null,17000000]
["EGY","Egypt, Arab Rep.",1994,43.599997999999999,-0.60000229999999999,6362.47,2.3501399999999999E-2,18000000,4.17989E-2]
["EGY","Egypt, Arab Rep.",1995,42.900002000000001,-0.69999690000000003,6555.91,2.99501E-2,18000000,-1.2065999999999999E-3]
["EGY","Egypt, Arab Rep.",1996,null,null,6777.14,3.3187899999999999E-2,18000000,1.2112299999999999E-2]
["EGY","Egypt, Arab Rep.",1997,40,null,7039.31,3.7955299999999997E-2,18000000,1.2312200000000001E-2]
["EGY","Egypt, Arab Rep.",1998,40.200001,0.20000080000000001,7210.27,2.39954E-2,18000000,1.2784800000000001E-2]
["EGY","Egypt, Arab Rep.",1999,38.900002000000001,-1.2999989999999999,7531.4,4.3575299999999997E-2,19000000,6.00896E-2]
["EGY","Egypt, Arab Rep.",2000,40.099997999999999,1.199997,7811.04,3.6457099999999999E-2,20000000,1.82182E-2]
["EGY","Egypt, Arab Rep.",2001,38.5,-1.599998,7958.7,1.87283E-2,20000000,1.6943699999999999E-2]
["EGY","Egypt, Arab Rep.",2002,39.799999,1.2999989999999999,8016.3,7.2106999999999996E-3,20000000,1.51582E-2]
["EGY","Egypt, Arab Rep.",2003,42.099997999999999,2.2999990000000001,8137.73,1.5033700000000001E-2,21000000,5.5673500000000001E-2]
["EGY","Egypt, Arab Rep.",2004,43.5,1.400002,8331.67,2.35538E-2,22000000,5.9274100000000003E-2]
["EGY","Egypt, Arab Rep.",2005,40,-3.5,8560.3799999999992,2.7079599999999999E-2,23000000,5.36786E-2]
["EGY","Egypt, Arab Rep.",2006,38.200001,-1.7999989999999999,8994.23,4.9439400000000001E-2,23000000,7.6619999999999998E-4]
["EGY","Egypt, Arab Rep.",2007,41.5,3.2999990000000001,9470.98,5.1649100000000003E-2,24000000,6.0501300000000001E-2]
["EGY","Egypt, Arab Rep.",2008,null,null,9979.0400000000009,5.2254700000000001E-2,25000000,3.6679999999999997E-2]
["EGY","Egypt, Arab Rep.",2009,39.400002000000001,null,10272.1,2.8943099999999999E-2,25000000,3.3755899999999998E-2]
["EGY","Egypt, Arab Rep.",2010,37.799999,-1.6000019999999999,10620.8,3.3386199999999998E-2,26000000,3.7481399999999998E-2]
["EGY","Egypt, Arab Rep.",2011,null,null,10628.7,7.4580000000000002E-4,27000000,3.5146799999999999E-2]
["EGY","Egypt, Arab Rep.",2012,null,null,10685,5.2833999999999997E-3,27000000,3.5737499999999998E-2]
["EGY","Egypt, Arab Rep.",2013]
["ESP","Spain",1990,26.200001,null,23643.200000000001,null,16000000]
["ESP","Spain",1991,25.299999,-0.90000150000000001,24190,2.2862400000000001E-2,16000000,9.1336000000000004E-3]
["ESP","Spain",1992,25.299999,0,24334.400000000001,5.9500000000000004E-3,16000000,6.0171000000000001E-3]
["ESP","Spain",1993,25.700001,0.40000150000000001,24008.6,-1.3477299999999999E-2,16000000,1.1522900000000001E-2]
["ESP","Spain",1994,25.9,0.19999890000000001,24514.7,2.0861600000000001E-2,16000000,1.4693299999999999E-2]
["ESP","Spain",1995,25.1,-0.79999920000000002,25131.8,2.48623E-2,17000000,9.5546999999999993E-3]
["ESP","Spain",1996,24.700001,-0.39999960000000001,25688.3,2.1900200000000002E-2,17000000,1.5026299999999999E-2]
["ESP","Spain",1997,23.6,-1.1000000000000001,26614.6,3.5422299999999997E-2,17000000,1.46813E-2]
["ESP","Spain",1998,22.700001,-0.89999960000000001,27706.6,4.0211700000000003E-2,17000000,1.49009E-2]
["ESP","Spain",1999,21.4,-1.300001,28868.9,4.1095699999999999E-2,18000000,2.0303100000000001E-2]
["ESP","Spain",2000,20.100000000000001,-1.2999989999999999,30072.3,4.0839199999999999E-2,18000000,3.4215599999999999E-2]
["ESP","Spain",2001,19.899999999999999,-0.20000080000000001,30798.9,2.3872399999999998E-2,18000000,9.2639999999999997E-4]
["ESP","Spain",2002,19,-0.89999960000000001,31117.8,1.0301599999999999E-2,19000000,4.5070100000000002E-2]
["ESP","Spain",2003,18.200001,-0.79999920000000002,31504.2,1.2342499999999999E-2,20000000,4.7542899999999999E-2]
["ESP","Spain",2004,18.100000000000001,-0.1000004,31974.5,1.48182E-2,20000000,4.9529799999999999E-2]
["ESP","Spain",2005,18.200001,0.1000004,32565.599999999999,1.8316300000000001E-2,21000000,4.5203E-2]
["ESP","Spain",2006,17.799999,-0.40000150000000001,33324.9,2.3049400000000001E-2,22000000,4.3606800000000001E-2]
["ESP","Spain",2007,17.600000000000001,-0.19999890000000001,33851.9,1.56898E-2,22000000,3.68876E-2]
["ESP","Spain",2008,17.600000000000001,0,33613.199999999997,-7.0762999999999998E-3,23000000,4.1184999999999999E-2]
["ESP","Spain",2009,16.899999999999999,-0.70000079999999998,32040,-4.7934499999999998E-2,23000000,1.36919E-2]
["ESP","Spain",2010,16.799999,-0.1000004,31828.6,-6.6185000000000003E-3,23000000,9.7338000000000008E-3]
["ESP","Spain",2011,16.5,-0.29999920000000002,31731.7,-3.0508000000000002E-3,24000000,5.4498000000000003E-3]
["ESP","Spain",2012,17.5,1,31198.400000000001,-1.69477E-2,24000000,6.2719999999999996E-4]
["ESP","Spain",2013]
["EST","Estonia",1993,7.4000000999999997,null,9423.0499999999993,null,761737]
["EST","Estonia",1994,8.1000004000000008,0.70000030000000002,9468.6299999999992,4.8246000000000001E-3,729698,-4.2060199999999999E-2]
["EST","Estonia",1995,6.9000000999999997,-1.2,10071,6.1680800000000001E-2,701384,-3.71714E-2]
["EST","Estonia",1996,7.5,0.59999990000000003,10822.7,7.19833E-2,694109,-9.5504000000000006E-3]
["EST","Estonia",1997,7.8000002000000004,0.30000019999999999,12231.7,0.1223812,688310,-7.6119999999999998E-3]
["EST","Estonia",1998,8.8000001999999995,1,13190.7,7.5484300000000004E-2,677254,-1.45141E-2]
["EST","Estonia",1999,8.8999995999999992,9.9999400000000002E-2,13207.7,1.2856E-3,663454,-1.8116400000000001E-2]
["EST","Estonia",2000,7.9000000999999997,-0.99999950000000004,14501.9,9.3478199999999997E-2,660808,-3.4746E-3]
["EST","Estonia",2001,6.5999999000000003,-1.3,15478.3,6.5160800000000005E-2,664083,4.2992999999999998E-3]
["EST","Estonia",2002,6.5,-9.9999900000000003E-2,16566.099999999999,6.7921599999999999E-2,652538,-1.5155500000000001E-2]
["EST","Estonia",2003,8.1000004000000008,1.6,17930.5,7.9141600000000006E-2,672599,2.63351E-2]
["EST","Estonia",2004,9.3000001999999995,1.2,19143.8,6.5480200000000002E-2,676170,4.6880000000000003E-3]
["EST","Estonia",2005,7.8000002000000004,-1.5,20914.7,8.8468599999999994E-2,673101,-4.0289000000000002E-3]
["EST","Estonia",2006,7.8000002000000004,0,23115.4,0.1000481,694865,2.8572E-2]
["EST","Estonia",2007,8.8999995999999992,1.0999989999999999,24915.8,7.5004600000000005E-2,695556,9.0740000000000005E-4]
["EST","Estonia",2008,7.5999999000000003,-1.3,23918.3,-4.0860199999999999E-2,701849,8.2606999999999993E-3]
["EST","Estonia",2009,8,0.40000010000000003,20573.3,-0.15064810000000001,698714,-4.1151E-3]
["EST","Estonia",2010,8,0,21126.400000000001,2.65303E-2,694437,-5.6154999999999998E-3]
["EST","Estonia",2011,8.3999995999999992,0.39999960000000001,23179.3,9.2735300000000007E-2,702411,1.0468399999999999E-2]
["EST","Estonia",2012,8.6000004000000008,0.20000080000000001,24194.7,4.2872399999999998E-2,692625,-1.28468E-2]
["EST","Estonia",2013]
["FIN","Finland",1990,15.6,null,27893.7,null,2600000]
["FIN","Finland",1991,15.3,-0.30000019999999999,26077.3,-6.7336099999999996E-2,2600000,-1.5938299999999999E-2]
["FIN","Finland",1992,15.7,0.39999960000000001,25027.5,-4.1091000000000003E-2,2500000,-1.5847E-2]
["FIN","Finland",1993,16,0.30000019999999999,24704.799999999999,-1.29786E-2,2500000,-8.7659000000000001E-3]
["FIN","Finland",1994,16.299999,0.29999920000000002,25497.3,3.1575199999999998E-2,2500000,-7.5234000000000004E-3]
["FIN","Finland",1995,15.8,-0.49999900000000003,26406.6,3.5043699999999997E-2,2500000,9.6378000000000002E-3]
["FIN","Finland",1996,16.600000000000001,0.80000020000000005,27259.599999999999,3.1791699999999999E-2,2500000,3.2322000000000002E-3]
["FIN","Finland",1997,15.5,-1.1000000000000001,28865.3,5.7234800000000002E-2,2500000,-4.6756000000000002E-3]
["FIN","Finland",1998,14.6,-0.89999960000000001,30237.200000000001,4.6430600000000002E-2,2500000,8.0146999999999996E-3]
["FIN","Finland",1999,13.8,-0.80000020000000005,31346.1,3.6018399999999999E-2,2600000,1.9060500000000001E-2]
["FIN","Finland",2000,13.5,-0.30000019999999999,32946.400000000001,4.9792299999999998E-2,2600000,1.23704E-2]
["FIN","Finland",2001,13,-0.5,33622.199999999997,2.0303700000000001E-2,2600000,5.9465000000000004E-3]
["FIN","Finland",2002,12.9,-0.1000004,34156,1.57518E-2,2600000,2.6895000000000001E-3]
["FIN","Finland",2003,12.8,-9.9999400000000002E-2,34760.400000000001,1.754E-2,2600000,-3.9785999999999997E-3]
["FIN","Finland",2004,12.5,-0.30000019999999999,36089.300000000003,3.7516599999999997E-2,2600000,-1.7761000000000001E-3]
["FIN","Finland",2005,12.6,0.1000004,37014.800000000003,2.5321E-2,2600000,8.8251000000000007E-3]
["FIN","Finland",2006,12.9,0.29999920000000002,38499.300000000003,3.9323799999999999E-2,2700000,1.4535299999999999E-2]
["FIN","Finland",2007,12.6,-0.29999920000000002,40381.199999999997,4.7722800000000003E-2,2700000,1.01899E-2]
["FIN","Finland",2008,12.8,0.19999980000000001,40311.599999999999,-1.7242E-3,2700000,1.0602800000000001E-2]
["FIN","Finland",2009,13.6,0.80000020000000005,36693.599999999999,-9.4035099999999996E-2,2700000,-9.9714999999999995E-3]
["FIN","Finland",2010,13.4,-0.20000080000000001,37754.5,2.8501499999999999E-2,2700000,-4.0715999999999999E-3]
["FIN","Finland",2011,13.4,0,38604.6,2.22673E-2,2700000,5.6296999999999996E-3]
["FIN","Finland",2012,13.6,0.20000080000000001,38103.800000000003,-1.3059599999999999E-2,2700000,1.7945999999999999E-3]
["FIN","Finland",2013]
["FRA","France",1990,15.7,null,29290,null,26000000]
["FRA","France",1991,15.3,-0.39999960000000001,29519.7,7.8125E-3,26000000,-3.5771000000000002E-3]
["FRA","France",1992,15.1,-0.19999980000000001,29807.3,9.6941000000000006E-3,26000000,8.9248000000000001E-3]
["FRA","France",1993,14.2,-0.90000060000000004,29480.2,-1.1034E-2,26000000,6.0641000000000002E-3]
["FRA","France",1994,14.1,-9.9999400000000002E-2,30030.6,1.84975E-2,26000000,3.7921999999999999E-3]
["FRA","France",1995,13.6,-0.5,30534.799999999999,1.66502E-2,26000000,6.1259000000000001E-3]
["FRA","France",1996,13.2,-0.40000059999999998,30751.7,7.0771999999999996E-3,27000000,1.2386100000000001E-2]
["FRA","France",1997,13,-0.19999980000000001,31312.3,1.8065500000000002E-2,27000000,-1.9011E-3]
["FRA","France",1998,12.5,-0.5,32251,2.9539099999999999E-2,27000000,6.0528999999999999E-3]
["FRA","France",1999,12.2,-0.30000019999999999,33141.800000000003,2.7247400000000001E-2,27000000,1.13715E-2]
["FRA","France",2000,11.4,-0.80000020000000005,34127.1,2.9294000000000001E-2,27000000,7.2614000000000003E-3]
["FRA","France",2001,10.9,-0.5,34501.599999999999,1.09158E-2,27000000,3.5660000000000002E-3]
["FRA","France",2002,10.8,-9.9999400000000002E-2,34570,1.9789E-3,28000000,1.1054E-2]
["FRA","France",2003,11.5,0.69999979999999995,34634.800000000003,1.8730000000000001E-3,28000000,2.4428999999999999E-2]
["FRA","France",2004,11,-0.5,35255.800000000003,1.77708E-2,28000000,5.0825999999999996E-3]
["FRA","France",2005,10.9,-0.1000004,35630.300000000003,1.05667E-2,29000000,1.3076300000000001E-2]
["FRA","France",2006,11.4,0.5,36255.699999999997,1.7401699999999999E-2,29000000,6.3593E-3]
["FRA","France",2007,11,-0.39999960000000001,36855.699999999997,1.6411800000000001E-2,29000000,9.358E-3]
["FRA","France",2008,10.6,-0.39999960000000001,36620.800000000003,-6.3924999999999997E-3,29000000,8.6540999999999996E-3]
["FRA","France",2009,11,0.39999960000000001,35286.400000000001,-3.7117999999999998E-2,30000000,1.0279699999999999E-2]
["FRA","France",2010,11.5,0.5,35713.800000000003,1.20392E-2,30000000,6.2729999999999999E-3]
["FRA","France",2011,11.6,0.1000004,36248,1.4845799999999999E-2,30000000,2.5146000000000001E-3]
["FRA","France",2012,11.5,-0.1000004,36073.599999999999,-4.8218000000000002E-3,30000000,8.5663000000000007E-3]
["FRA","France",2013]
["GBR","United Kingdom",1990,13.3,null,23924.2,null,29000000]
["GBR","United Kingdom",1991,13,-0.30000019999999999,23542.1,-1.6100900000000001E-2,29000000,-4.2724E-3]
["GBR","United Kingdom",1992,13.2,0.19999980000000001,23782.5,1.01604E-2,29000000,-9.7573999999999994E-3]
["GBR","United Kingdom",1993,13.1,-9.9999400000000002E-2,24553.7,3.1911799999999997E-2,29000000,-6.9489E-3]
["GBR","United Kingdom",1994,13.4,0.29999920000000002,25704.400000000001,4.5800199999999999E-2,29000000,-1.6579999999999999E-4]
["GBR","United Kingdom",1995,13.5,0.1000004,26542.3,3.2078700000000002E-2,29000000,-1.1325E-3]
["GBR","United Kingdom",1996,13,-0.5,27399.200000000001,3.1770699999999999E-2,29000000,5.7727999999999998E-3]
["GBR","United Kingdom",1997,13,0,28517.599999999999,4.0009500000000003E-2,29000000,4.8066000000000003E-3]
["GBR","United Kingdom",1998,12.5,-0.5,29448.9,3.2134999999999997E-2,29000000,8.8279999999999999E-4]
["GBR","United Kingdom",1999,12.6,0.1000004,30213.3,2.5626199999999998E-2,29000000,1.14667E-2]
["GBR","United Kingdom",2000,12.3,-0.30000019999999999,31418.799999999999,3.91245E-2,30000000,7.2931000000000003E-3]
["GBR","United Kingdom",2001,12.2,-0.1000004,31988.3,1.7961499999999998E-2,30000000,1.2661E-3]
["GBR","United Kingdom",2002,12.3,0.1000004,32582.400000000001,1.8403099999999999E-2,30000000,1.04799E-2]
["GBR","United Kingdom",2003,12.8,0.5,33712.5,3.4096700000000001E-2,30000000,9.3629000000000004E-3]
["GBR","United Kingdom",2004,13.1,0.30000019999999999,34584.699999999997,2.5543199999999999E-2,30000000,8.6426999999999997E-3]
["GBR","United Kingdom",2005,13,-0.1000004,35461.300000000003,2.5029200000000001E-2,31000000,9.4122000000000008E-3]
["GBR","United Kingdom",2006,13.2,0.19999980000000001,36174.400000000001,1.9910799999999999E-2,31000000,1.7953199999999999E-2]
["GBR","United Kingdom",2007,13.4,0.19999980000000001,37128.199999999997,2.6025800000000002E-2,31000000,4.3229999999999996E-3]
["GBR","United Kingdom",2008,13.3,-9.9999400000000002E-2,36558.1,-1.5475300000000001E-2,32000000,1.4379400000000001E-2]
["GBR","United Kingdom",2009,13.6,0.30000019999999999,34408.9,-6.0586000000000001E-2,32000000,5.2134E-3]
["GBR","United Kingdom",2010,14,0.39999960000000001,34696.199999999997,8.3140999999999996E-3,32000000,3.9845999999999996E-3]
["GBR","United Kingdom",2011,14.2,0.19999980000000001,34799.9,2.9840000000000001E-3,32000000,9.1461000000000008E-3]
["GBR","United Kingdom",2012,14.6,0.40000059999999998,34693.9,-3.0508000000000002E-3,33000000,9.7853000000000002E-3]
["GBR","United Kingdom",2013]
["GEO","Georgia",1998,56,null,3079.24,null,2300000]
["GEO","Georgia",1999,56.700001,0.70000079999999998,3192.35,3.6074599999999998E-2,2300000,-4.0787000000000002E-3]
["GEO","Georgia",2000,62,5.2999989999999997,3276.2,2.5926600000000001E-2,2200000,-3.3296100000000002E-2]
["GEO","Georgia",2001,64.300003000000004,2.3000029999999998,3458.61,5.4182099999999997E-2,2300000,3.7844799999999998E-2]
["GEO","Georgia",2002,64.400002000000001,9.9998500000000004E-2,3672.54,6.0017599999999997E-2,2200000,-2.9033799999999998E-2]
["GEO","Georgia",2003,65.800003000000004,1.400002,4105.13,0.11135390000000001,2300000,2.1514100000000001E-2]
["GEO","Georgia",2004,66.199996999999996,0.39999390000000001,4356.25,5.93739E-2,2200000,-1.34424E-2]
["GEO","Georgia",2005,65.300003000000004,-0.89999390000000001,4727.25,8.1732700000000005E-2,2300000,1.4086599999999999E-2]
["GEO","Georgia",2006,65.300003000000004,0,5127.79,8.1330299999999994E-2,2300000,1.2483299999999999E-2]
["GEO","Georgia",2007,63.299999,-2.0000040000000001,5773.37,0.1185808,2300000,2.341E-4]
["GEO","Georgia",2008,64.199996999999996,0.89999770000000001,5913.16,2.3925800000000001E-2,2300000,2.9104000000000001E-3]
["GEO","Georgia",2009,63.900002000000001,-0.29999540000000002,5654.94,-4.4651999999999997E-2,2300000,1.20178E-2]
["GEO","Georgia",2010,61.900002000000001,-2,5952,5.1199000000000001E-2,2400000,1.2709E-2]
["GEO","Georgia",2011,61.599997999999999,-0.30000310000000002,6322.43,6.0375199999999997E-2,2400000,1.0545499999999999E-2]
["GEO","Georgia",2012,61.099997999999999,-0.5,6690.88,5.66416E-2,2400000,5.5913999999999998E-3]
["GEO","Georgia",2013]
["GRC","Greece",1990,47.599997999999999,null,20676.599999999999,null,4200000]
["GRC","Greece",1991,46.799999,-0.79999920000000002,21111,2.0792000000000001E-2,4100000,-1.1867000000000001E-2]
["GRC","Greece",1992,47.400002000000001,0.60000229999999999,21025.9,-4.0378999999999996E-3,4300000,2.9480900000000001E-2]
["GRC","Greece",1993,46.700001,-0.70000079999999998,20500.400000000001,-2.5311500000000001E-2,4300000,1.5874300000000001E-2]
["GRC","Greece",1994,46.700001,0,20737,1.1475600000000001E-2,4400000,2.3190599999999999E-2]
["GRC","Greece",1995,46.099997999999999,-0.60000229999999999,21010.5,1.31006E-2,4500000,2.2341099999999999E-2]
["GRC","Greece",1996,45.700001,-0.39999770000000001,21355.8,1.63021E-2,4600000,2.7753199999999999E-2]
["GRC","Greece",1997,45.200001,-0.5,21994.400000000001,2.9462800000000001E-2,4700000,7.3096999999999997E-3]
["GRC","Greece",1998,43.599997999999999,-1.6000019999999999,22611.7,2.7681399999999998E-2,4800000,2.9826800000000001E-2]
["GRC","Greece",1999,42.099997999999999,-1.5,23282.400000000001,2.92292E-2,4800000,1.32319E-2]
["GRC","Greece",2000,42,-9.9998500000000004E-2,24247.1,4.05989E-2,4900000,7.1703000000000001E-3]
["GRC","Greece",2001,39.900002000000001,-2.0999979999999998,25189.8,3.8145100000000001E-2,4800000,-1.34279E-2]
["GRC","Greece",2002,39.299999,-0.60000229999999999,25967.1,3.0388800000000001E-2,4900000,1.5648100000000002E-2]
["GRC","Greece",2003,39,-0.29999920000000002,27420.7,5.44701E-2,5000000,1.73974E-2]
["GRC","Greece",2004,36.599997999999999,-2.4000020000000002,28519.599999999999,3.9291399999999997E-2,5000000,1.9447800000000001E-2]
["GRC","Greece",2005,36.400002000000001,-0.19999690000000001,29058.9,1.8733E-2,5100000,5.7337999999999998E-3]
["GRC","Greece",2006,36.400002000000001,0,30537,4.9612999999999997E-2,5100000,1.21329E-2]
["GRC","Greece",2007,35.700001,-0.70000079999999998,31491.7,3.07856E-2,5100000,2.3862000000000002E-3]
["GRC","Greece",2008,35.400002000000001,-0.29999920000000002,31299.9,-6.1063999999999997E-3,5100000,4.2396999999999999E-3]
["GRC","Greece",2009,35.700001,0.29999920000000002,30195.5,-3.5924900000000003E-2,5200000,1.5741499999999999E-2]
["GRC","Greece",2010,36,0.29999920000000002,28639.9,-5.2890800000000002E-2,5200000,4.2681999999999998E-3]
["GRC","Greece",2011,36.5,0.5,27045.599999999999,-5.7277700000000001E-2,5100000,-3.4615899999999998E-2]
["GRC","Greece",2012,36.799999,0.29999920000000002,25391.4,-6.3114199999999995E-2,5000000,-8.3785999999999999E-3]
["GRC","Greece",2013]
["HKG","Hong Kong SAR, China",1993,11.4,null,31105.5,null,2900000]
["HKG","Hong Kong SAR, China",1994,10.9,-0.5,32248.5,3.6088000000000002E-2,3000000,2.3361400000000001E-2]
["HKG","Hong Kong SAR, China",1995,10.8,-9.9999400000000002E-2,32366.7,3.6592E-3,3100000,2.6042300000000001E-2]
["HKG","Hong Kong SAR, China",1996,10.8,0,32280,-2.6827000000000001E-3,3200000,4.6132800000000002E-2]
["HKG","Hong Kong SAR, China",1997,10.3,-0.5,33644.9,4.14133E-2,3200000,7.3775000000000004E-3]
["HKG","Hong Kong SAR, China",1998,10.4,9.9999400000000002E-2,31402.5,-6.8975400000000006E-2,3300000,1.1073E-2]
["HKG","Hong Kong SAR, China",1999,10.8,0.40000059999999998,31883.599999999999,1.5206300000000001E-2,3300000,1.29359E-2]
["HKG","Hong Kong SAR, China",2000,10.5,-0.30000019999999999,34025.699999999997,6.5023399999999995E-2,3300000,1.48278E-2]
["HKG","Hong Kong SAR, China",2001,11.9,1.4,33965.300000000003,-1.7757000000000001E-3,3400000,1.8051600000000001E-2]
["HKG","Hong Kong SAR, China",2002,12.9,1,34375.5,1.20029E-2,3500000,2.1451000000000001E-2]
["HKG","Hong Kong SAR, China",2003,12.7,-0.19999980000000001,35496.1,3.2078700000000002E-2,3500000,2.9150999999999999E-3]
["HKG","Hong Kong SAR, China",2004,12.5,-0.19999980000000001,38284.5,7.5623499999999996E-2,3500000,1.83573E-2]
["HKG","Hong Kong SAR, China",2005,12.2,-0.30000019999999999,40933.9,6.6911700000000005E-2,3600000,1.17768E-2]
["HKG","Hong Kong SAR, China",2006,12.2,0,43532.1,6.1540600000000001E-2,3600000,1.5532900000000001E-2]
["HKG","Hong Kong SAR, China",2007,11.3,-0.89999960000000001,45949.7,5.4048499999999999E-2,3700000,1.7555500000000002E-2]
["HKG","Hong Kong SAR, China",2008,11.2,-0.1000004,46647.5,1.5072800000000001E-2,3700000,7.3255999999999998E-3]
["HKG","Hong Kong SAR, China",2009,11.2,0,45402.5,-2.70519E-2,3700000,5.7140999999999997E-3]
["HKG","Hong Kong SAR, China",2010,9.8999995999999992,-1.3,48132,5.8380099999999997E-2,3700000,-7.5915000000000002E-3]
["HKG","Hong Kong SAR, China",2011,10.1,0.20000080000000001,50128.800000000003,4.0647500000000003E-2,3700000,7.3699999999999998E-3]
["HKG","Hong Kong SAR, China",2012,10.199999999999999,9.9999400000000002E-2,50291.199999999997,3.2339000000000001E-3,3700000,1.26693E-2]
["HKG","Hong Kong SAR, China",2013]
["HND","Honduras",1990,49.900002000000001,null,3205.07,null,1600000]
["HND","Honduras",1991,52.099997999999999,2.1999970000000002,3218.66,4.2315E-3,1600000,3.1704299999999998E-2]
["HND","Honduras",1992,48.900002000000001,-3.1999970000000002,3308.41,2.7502100000000002E-2,1700000,4.5007499999999999E-2]
["HND","Honduras",1993,null,null,3422.72,3.3968900000000003E-2,1800000,3.7213599999999999E-2]
["HND","Honduras",1994,49.299999,null,3293.09,-3.86086E-2,1800000,3.7899500000000003E-2]
["HND","Honduras",1995,50.200001,0.90000150000000001,3344.31,1.54343E-2,1900000,3.8478900000000003E-2]
["HND","Honduras",1996,53.900002000000001,3.7000009999999999,3384.83,1.2042000000000001E-2,2000000,9.3442600000000001E-2]
["HND","Honduras",1997,53.200001,-0.70000079999999998,3475.48,2.64292E-2,2100000,4.3360000000000003E-2]
["HND","Honduras",1998,52,-1.2000010000000001,3500.11,7.0629000000000004E-3,2200000,6.1508699999999999E-2]
["HND","Honduras",1999,53.200001,1.2000010000000001,3362.44,-4.0128700000000003E-2,2300000,8.5871199999999995E-2]
["HND","Honduras",2000,null,null,3482.63,3.5119999999999998E-2,2400000,1.31521E-2]
["HND","Honduras",2001,51.099997999999999,null,3504.69,6.3162000000000001E-3,2400000,5.9509000000000003E-3]
["HND","Honduras",2002,53.400002000000001,2.3000029999999998,3563.07,1.65205E-2,2400000,-1.15029E-2]
["HND","Honduras",2003,54,0.59999849999999999,3650.7,2.42939E-2,2400000,3.3606799999999999E-2]
["HND","Honduras",2004,51.799999,-2.2000009999999999,3801.22,4.0405299999999998E-2,2500000,3.4734099999999997E-2]
["HND","Honduras",2005,50,-1.7999989999999999,3951.53,3.8779300000000003E-2,2500000,4.8978000000000001E-2]
["HND","Honduras",2006,52.599997999999999,2.5999979999999998,4128.09,4.3712599999999997E-2,2600000,5.0967899999999997E-2]
["HND","Honduras",2007,52.400002000000001,-0.19999690000000001,4297.4399999999996,4.0203999999999997E-2,2700000,5.5628999999999998E-2]
["HND","Honduras",2008,51.700001,-0.70000079999999998,4391.25,2.1596000000000001E-2,2800000,5.4613799999999997E-2]
["HND","Honduras",2009,54.200001,2.5,4199.88,-4.4559500000000002E-2,2900000,6.1841500000000001E-2]
["HND","Honduras",2010,55.700001,1.5,4270.05,1.6570999999999999E-2,3000000,6.02397E-2]
["HND","Honduras",2011,null,null,4345.2,1.74465E-2,3100000,5.8313299999999998E-2]
["HND","Honduras",2012,null,null,4422.54,1.7642000000000001E-2,3200000,6.2456999999999999E-2]
["HND","Honduras",2013]
["HRV","Croatia",1996,28.6,null,13613.8,null,2000000]
["HRV","Croatia",1997,25.9,-2.7000009999999999,14257.2,4.61769E-2,2000000,1.31266E-2]
["HRV","Croatia",1998,24.700001,-1.199999,14768.4,3.5225899999999997E-2,2000000,-1.82334E-2]
["HRV","Croatia",1999,24.799999,9.9998500000000004E-2,14444.3,-2.2190100000000001E-2,2000000,9.1301999999999998E-3]
["HRV","Croatia",2000,23.9,-0.89999960000000001,15419.4,6.53276E-2,2000000,-3.2542500000000002E-2]
["HRV","Croatia",2001,24.299999,0.39999960000000001,15932.7,3.2749199999999999E-2,2000000,-4.9075000000000004E-3]
["HRV","Croatia",2002,24.1,-0.19999890000000001,16710,4.76303E-2,1900000,-8.0575000000000004E-3]
["HRV","Croatia",2003,24.4,0.29999920000000002,17607.5,5.2317599999999999E-2,1900000,4.6166999999999996E-3]
["HRV","Croatia",2004,24.1,-0.29999920000000002,18338.5,4.0679899999999998E-2,2000000,2.25863E-2]
["HRV","Croatia",2005,24.9,0.79999920000000002,19110.400000000001,4.1232100000000001E-2,2000000,-6.8800000000000003E-4]
["HRV","Croatia",2006,23,-1.9,20062.599999999999,4.8624000000000001E-2,2000000,-7.7009000000000001E-3]
["HRV","Croatia",2007,21.6,-1.4,21096.799999999999,5.0261500000000001E-2,2000000,4.4653000000000002E-3]
["HRV","Croatia",2008,21.6,0,21546.2,2.1080000000000002E-2,2000000,-8.2629999999999997E-4]
["HRV","Croatia",2009,21.6,0,20072,-7.0874199999999998E-2,2000000,-5.2106000000000001E-3]
["HRV","Croatia",2010,22.6,1,19840.099999999999,-1.1619600000000001E-2,1900000,-1.20222E-2]
["HRV","Croatia",2011,22.700001,0.1000004,20286.400000000001,2.22464E-2,1900000,-3.7246599999999998E-2]
["HRV","Croatia",2012,21.200001,-1.5,19946.2,-1.6913399999999999E-2,1900000,-6.4267999999999999E-3]
["HRV","Croatia",2013]
["HUN","Hungary",1992,13.8,null,14541.6,null,4500000]
["HUN","Hungary",1993,12.7,-1.1000000000000001,14474.3,-4.6376999999999998E-3,4400000,-3.7342800000000002E-2]
["HUN","Hungary",1994,12.6,-9.9999400000000002E-2,14921.3,3.04146E-2,4200000,-2.90634E-2]
["HUN","Hungary",1995,12.9,0.29999920000000002,15164.7,1.6178100000000001E-2,4200000,-1.5207099999999999E-2]
["HUN","Hungary",1996,17.799999,4.9000000000000004,15215.2,3.3245000000000002E-3,4100000,-9.0565999999999997E-3]
["HUN","Hungary",1997,17.5,-0.29999920000000002,15722.6,3.28074E-2,4100000,-1.38814E-2]
["HUN","Hungary",1998,16,-1.5,16401.2,4.2254399999999998E-2,4100000,-1.5893000000000001E-3]
["HUN","Hungary",1999,15.7,-0.30000019999999999,16973.7,3.4308400000000003E-2,4200000,2.03045E-2]
["HUN","Hungary",2000,15.2,-0.5,17736.900000000001,4.3981600000000003E-2,4200000,5.7656000000000001E-3]
["HUN","Hungary",2001,14.6,-0.59999939999999996,18437.5,3.8744000000000001E-2,4200000,-4.9122999999999997E-3]
["HUN","Hungary",2002,13.8,-0.80000020000000005,19323.3,4.6922699999999998E-2,4200000,3.3429999999999999E-4]
["HUN","Hungary",2003,13.3,-0.5,20124.900000000001,4.0645599999999997E-2,4200000,1.5355000000000001E-2]
["HUN","Hungary",2004,14.4,1.0999989999999999,21137.1,4.9071299999999998E-2,4200000,-9.835E-4]
["HUN","Hungary",2005,13.7,-0.69999979999999995,22018.799999999999,4.0866899999999998E-2,4300000,1.02667E-2]
["HUN","Hungary",2006,12.7,-1,22912.5,3.9789199999999997E-2,4300000,8.6073E-3]
["HUN","Hungary",2007,12.4,-0.30000019999999999,22974.400000000001,2.6951000000000002E-3,4300000,-2.8495E-3]
["HUN","Hungary",2008,12.2,-0.19999980000000001,23220.400000000001,1.0652500000000001E-2,4300000,-5.2474000000000002E-3]
["HUN","Hungary",2009,12.5,0.30000019999999999,21675.3,-6.8858100000000005E-2,4300000,1.1519999999999999E-4]
["HUN","Hungary",2010,12.3,-0.19999980000000001,21997.7,1.4762900000000001E-2,4300000,8.2807000000000002E-3]
["HUN","Hungary",2011,12.1,-0.19999980000000001,22413.1,1.87073E-2,4300000,5.2170000000000003E-3]
["HUN","Hungary",2012,11.7,-0.40000059999999998,22146.1,-1.1982E-2,4400000,1.17173E-2]
["HUN","Hungary",2013]
["IDN","Indonesia",1997,64.5,null,6314.65,null,89000000]
["IDN","Indonesia",1998,67.099997999999999,2.5999979999999998,5406.28,-0.15531159999999999,91000000,1.5196299999999999E-2]
["IDN","Indonesia",1999,66.900002000000001,-0.19999690000000001,5370.84,-6.5764999999999999E-3,96000000,5.8275300000000002E-2]
["IDN","Indonesia",2000,67.199996999999996,0.29999540000000002,5554.4,3.3605599999999999E-2,98000000,1.9297000000000002E-2]
["IDN","Indonesia",2001,66.699996999999996,-0.5,5674.43,2.1381399999999998E-2,99000000,1.7403399999999999E-2]
["IDN","Indonesia",2002,67.699996999999996,1,5845.15,2.9642100000000001E-2,100000000,1.5760400000000001E-2]
["IDN","Indonesia",2003,69,1.300003,6037.33,3.2349599999999999E-2,100000000,2.13046E-2]
["IDN","Indonesia",2004,68.099997999999999,-0.90000150000000001,6250.86,3.47557E-2,100000000,2.07723E-2]
["IDN","Indonesia",2005,66.400002000000001,-1.699997,6512.89,4.1065200000000003E-2,110000000,2.2445E-2]
["IDN","Indonesia",2006,66.099997999999999,-0.30000310000000002,6773.73,3.9267499999999997E-2,110000000,1.7093899999999999E-2]
["IDN","Indonesia",2007,66,-9.9998500000000004E-2,7101.76,4.7290800000000001E-2,110000000,1.69762E-2]
["IDN","Indonesia",2008,67.400002000000001,1.400002,7423.71,4.4337300000000003E-2,110000000,1.7313499999999999E-2]
["IDN","Indonesia",2009,66.599997999999999,-0.80000309999999997,7661.27,3.1497999999999998E-2,110000000,2.1924300000000001E-2]
["IDN","Indonesia",2010,64.599997999999999,-2,8030.24,4.7037099999999998E-2,110000000,1.7639499999999999E-2]
["IDN","Indonesia",2011,60.599997999999999,-4,8441.82,4.9984000000000001E-2,120000000,2.0990000000000002E-2]
["IDN","Indonesia",2012,null,null,8856.2000000000007,4.7919299999999998E-2,120000000,2.2370600000000001E-2]
["IDN","Indonesia",2013]
["IRL","Ireland",1990,25.1,null,20993.3,null,1400000]
["IRL","Ireland",1991,23.5,-1.6,21275.8,1.33638E-2,1400000,1.90437E-2]
["IRL","Ireland",1992,23.9,0.39999960000000001,21837.599999999999,2.6062999999999999E-2,1400000,-4.6258000000000002E-3]
["IRL","Ireland",1993,23.4,-0.5,22313.8,2.15721E-2,1400000,2.2819800000000001E-2]
["IRL","Ireland",1994,22.6,-0.79999920000000002,23505.3,5.20201E-2,1400000,2.80304E-2]
["IRL","Ireland",1995,22.1,-0.5,25638.1,8.6854899999999999E-2,1500000,1.7522800000000002E-2]
["IRL","Ireland",1996,20.9,-1.2000010000000001,27903.8,8.4684400000000007E-2,1500000,3.4897900000000003E-2]
["IRL","Ireland",1997,20.700001,-0.19999890000000001,30739.3,9.6777000000000002E-2,1600000,2.7283700000000001E-2]
["IRL","Ireland",1998,20.299999,-0.40000150000000001,33137.199999999997,7.5115199999999993E-2,1600000,5.5415399999999997E-2]
["IRL","Ireland",1999,19.299999,-1,36360.5,9.2828800000000003E-2,1700000,5.3091199999999998E-2]
["IRL","Ireland",2000,19.100000000000001,-0.19999890000000001,39699.599999999999,8.7856299999999998E-2,1800000,4.3339700000000002E-2]
["IRL","Ireland",2001,18.399999999999999,-0.70000079999999998,41020.300000000003,3.27263E-2,1800000,3.1599599999999999E-2]
["IRL","Ireland",2002,18,-0.39999960000000001,42519.8,3.5903900000000002E-2,1800000,3.73929E-2]
["IRL","Ireland",2003,17.700001,-0.29999920000000002,43393.1,2.0328499999999999E-2,1900000,3.1685600000000001E-2]
["IRL","Ireland",2004,17.899999999999999,0.19999890000000001,44396.3,2.2856700000000001E-2,1900000,4.0687300000000003E-2]
["IRL","Ireland",2005,17,-0.89999960000000001,46080.800000000003,3.7241000000000003E-2,2100000,7.9105999999999996E-2]
["IRL","Ireland",2006,16.200001,-0.79999920000000002,47318.400000000001,2.6502600000000001E-2,2100000,6.06627E-2]
["IRL","Ireland",2007,17,0.79999920000000002,48261,1.9723899999999999E-2,2200000,5.8557600000000001E-2]
["IRL","Ireland",2008,17.399999999999999,0.39999960000000001,46265.5,-4.22277E-2,2200000,1.6449700000000001E-2]
["IRL","Ireland",2009,17.600000000000001,0.20000080000000001,42874,-7.61299E-2,2200000,-1.6378400000000001E-2]
["IRL","Ireland",2010,16.899999999999999,-0.70000079999999998,42187.7,-1.6138099999999999E-2,2200000,-2.3650999999999998E-2]
["IRL","Ireland",2011,16.399999999999999,-0.5,42945.9,1.7813699999999998E-2,2200000,-9.8369000000000009E-3]
["IRL","Ireland",2012,16.399999999999999,0,42918.6,-6.3610000000000001E-4,2200000,-3.3808000000000002E-3]
["IRL","Ireland",2013]
["ISL","Iceland",1990,15.1,null,29217.4,null,143061]
["ISL","Iceland",1991,20.299999,5.199999,28816.2,-1.38292E-2,145377,1.6188999999999999E-2]
["ISL","Iceland",1992,19.299999,-1,27496.2,-4.6887400000000003E-2,148973,2.5134699999999999E-2]
["ISL","Iceland",1993,18,-1.2999989999999999,27575.599999999999,2.8811000000000002E-3,148659,-2.1933E-3]
["ISL","Iceland",1994,18.399999999999999,0.39999960000000001,28324.1,2.6783899999999999E-2,149933,8.9078000000000004E-3]
["ISL","Iceland",1995,18.899999999999999,0.5,28203.8,-4.2591E-3,153845,2.7338999999999999E-2]
["ISL","Iceland",1996,18,-0.89999960000000001,29394.2,4.1341799999999998E-2,152598,-8.7112000000000005E-3]
["ISL","Iceland",1997,17.100000000000001,-0.89999960000000001,30586.799999999999,3.9771099999999997E-2,153466,6.0673999999999997E-3]
["ISL","Iceland",1998,18.399999999999999,1.2999989999999999,32172.5,5.0544699999999998E-2,158121,3.2534100000000003E-2]
["ISL","Iceland",1999,17.899999999999999,-0.5,33087.199999999997,2.8033300000000001E-2,162272,2.90166E-2]
["ISL","Iceland",2000,17.399999999999999,-0.5,34048.699999999997,2.8645500000000001E-2,165913,2.5454299999999999E-2]
["ISL","Iceland",2001,16.799999,-0.60000039999999999,34916.699999999997,2.51732E-2,168452,1.7748099999999999E-2]
["ISL","Iceland",2002,16.899999999999999,0.1000004,34654.5,-7.5369E-3,168498,3.19E-4]
["ISL","Iceland",2003,13.1,-3.7999990000000001,35253.199999999997,1.7127E-2,169974,1.03167E-2]
["ISL","Iceland",2004,13.2,9.9999400000000002E-2,37683.199999999997,6.6660899999999995E-2,168837,-7.9495E-3]
["ISL","Iceland",2005,14,0.80000020000000005,39773.199999999997,5.3976099999999999E-2,174629,4.0490199999999997E-2]
["ISL","Iceland",2006,14.5,0.5,40679.800000000003,2.2540999999999999E-2,181743,4.9727899999999998E-2]
["ISL","Iceland",2007,13.6,-0.89999960000000001,42037.4,3.2826399999999999E-2,187010,3.6811200000000002E-2]
["ISL","Iceland",2008,12.5,-1.1000000000000001,41753.1,-6.7853999999999996E-3,189358,1.6417299999999999E-2]
["ISL","Iceland",2009,11.8,-0.69999979999999995,38880.5,-7.1282399999999996E-2,186491,-2.00403E-2]
["ISL","Iceland",2010,12.4,0.59999939999999996,37340.5,-4.0411900000000001E-2,187373,6.1612000000000004E-3]
["ISL","Iceland",2011,12.3,-9.9999400000000002E-2,38224.199999999997,2.33879E-2,186475,-6.2759000000000001E-3]
["ISL","Iceland",2012,12.1,-0.19999980000000001,38553.300000000003,8.5734999999999995E-3,188184,1.19483E-2]
["ISL","Iceland",2013]
["ISR","Israel",1995,15.4,null,22537.1,null,2100000]
["ISR","Israel",1996,15.8,0.40000059999999998,23160.400000000001,2.7280800000000001E-2,2200000,2.1128299999999999E-2]
["ISR","Israel",1997,15.3,-0.5,23350.6,8.1758000000000004E-3,2200000,2.3296999999999998E-2]
["ISR","Israel",1998,15,-0.30000019999999999,23762.3,1.74799E-2,2300000,2.8809000000000001E-2]
["ISR","Israel",1999,15.1,0.1000004,23942.2,7.5436000000000001E-3,2400000,4.0085900000000001E-2]
["ISR","Israel",2000,14.2,-0.90000060000000004,25475.9,6.2089900000000003E-2,2500000,3.9921499999999999E-2]
["ISR","Israel",2001,13.5,-0.69999979999999995,24826.9,-2.5807400000000001E-2,2500000,3.0700999999999999E-2]
["ISR","Israel",2002,13.5,0,24191.8,-2.5912299999999999E-2,2600000,2.0084600000000001E-2]
["ISR","Israel",2003,13.8,0.30000019999999999,24118.2,-3.0469999999999998E-3,2600000,2.9042800000000001E-2]
["ISR","Israel",2004,13.2,-0.60000039999999999,24843.599999999999,2.9630699999999999E-2,2700000,3.6570699999999998E-2]
["ISR","Israel",2005,13.1,-9.9999400000000002E-2,25615.4,3.05939E-2,2800000,3.1141800000000001E-2]
["ISR","Israel",2006,13.1,0,26574.400000000001,3.6755599999999999E-2,2800000,3.5390400000000002E-2]
["ISR","Israel",2007,12.7,-0.40000059999999998,27913.4,4.9161000000000003E-2,2900000,4.4512400000000001E-2]
["ISR","Israel",2008,12.7,0,28643.200000000001,2.58064E-2,3000000,3.3145000000000001E-2]
["ISR","Israel",2009,12.9,0.19999980000000001,28315.7,-1.1500399999999999E-2,3100000,4.4052599999999997E-2]
["ISR","Israel",2010,12.8,-9.9999400000000002E-2,29378,3.68309E-2,3200000,3.7484999999999997E-2]
["ISR","Israel",2011,12.6,-0.19999980000000001,30159,2.62394E-2,3200000,2.83904E-2]
["ISR","Israel",2012,null,null,30599.8,1.4507300000000001E-2,3700000,0.19432459999999999]
["ISR","Israel",2013]
["ITA","Italy",1990,28.299999,null,29680.2,null,24000000]
["ITA","Italy",1991,28.4,0.1000004,30115.9,1.4574999999999999E-2,24000000,7.7194000000000004E-3]
["ITA","Italy",1992,28.9,0.5,30346.6,7.6283999999999996E-3,23000000,-3.13219E-2]
["ITA","Italy",1993,28.5,-0.39999960000000001,30069.4,-9.1763000000000001E-3,23000000,-4.0959999999999998E-3]
["ITA","Italy",1994,28.6,0.1000004,30709.9,2.10791E-2,23000000,-9.1304999999999997E-3]
["ITA","Italy",1995,29.1,0.5,31596,2.8443300000000001E-2,23000000,-5.7082000000000001E-3]
["ITA","Italy",1996,29.1,0,31945.5,1.10016E-2,23000000,4.3248000000000002E-3]
["ITA","Italy",1997,28.799999,-0.30000110000000002,32524.400000000001,1.7959599999999999E-2,23000000,2.1529000000000001E-3]
["ITA","Italy",1998,28.700001,-9.9998500000000004E-2,32985.9,1.4089600000000001E-2,23000000,5.7004000000000004E-3]
["ITA","Italy",1999,28.299999,-0.40000150000000001,33458.9,1.42384E-2,23000000,7.4047000000000002E-3]
["ITA","Italy",2000,28.200001,-9.9998500000000004E-2,34665.699999999997,3.5431900000000002E-2,23000000,1.3625E-3]
["ITA","Italy",2001,27.9,-0.30000110000000002,35289.599999999999,1.78385E-2,23000000,5.4838999999999999E-3]
["ITA","Italy",2002,27.4,-0.5,35337.199999999997,1.3466000000000001E-3,24000000,1.4068000000000001E-2]
["ITA","Italy",2003,27.299999,-0.1000004,35046.5,-8.2606999999999993E-3,24000000,1.6662900000000001E-2]
["ITA","Italy",2004,28.1,0.80000110000000002,35303.300000000003,7.3013000000000002E-3,25000000,2.5182800000000002E-2]
["ITA","Italy",2005,26.700001,-1.4,35369.599999999999,1.8759E-3,25000000,-2.5446000000000002E-3]
["ITA","Italy",2006,26.4,-0.30000110000000002,35942.199999999997,1.6059899999999998E-2,25000000,6.1529999999999996E-3]
["ITA","Italy",2007,26.1,-0.29999920000000002,36280.1,9.3583999999999994E-3,25000000,3.5607999999999998E-3]
["ITA","Italy",2008,25.5,-0.60000039999999999,35586.800000000003,-1.9295699999999999E-2,25000000,1.4662100000000001E-2]
["ITA","Italy",2009,25,-0.5,33430.1,-6.2518099999999993E-2,25000000,-6.5851E-3]
["ITA","Italy",2010,25.200001,0.20000080000000001,33842.699999999997,1.2268100000000001E-2,25000000,-1.4344E-3]
["ITA","Italy",2011,24.9,-0.30000110000000002,33869.699999999997,7.963E-4,25000000,1.9821000000000001E-3]
["ITA","Italy",2012,24.799999,-0.1000004,33668.199999999997,-5.9680999999999996E-3,25000000,-1.2373E-3]
["ITA","Italy",2013]
["JAM","Jamaica",1991,43.400002000000001,null,7696.91,null,1200000]
["JAM","Jamaica",1992,43.099997999999999,-0.30000310000000002,7792.37,1.23243E-2,1200000,1.2360700000000001E-2]
["JAM","Jamaica",1993,41.099997999999999,-2,8463.3799999999992,8.2604399999999994E-2,1200000,1.23847E-2]
["JAM","Jamaica",1994,41,-9.9998500000000004E-2,8514.27,5.9947999999999998E-3,1200000,1.1348499999999999E-2]
["JAM","Jamaica",1995,39.799999,-1.2000010000000001,8644.08,1.5131E-2,1200000,-2.1882E-3]
["JAM","Jamaica",1996,39.900002000000001,0.1000023,8531.31,-1.31311E-2,1200000,3.9720000000000001E-4]
["JAM","Jamaica",1997,39.799999,-0.1000023,8353.65,-2.10447E-2,1200000,-5.1000000000000004E-3]
["JAM","Jamaica",1998,40.400002000000001,0.60000229999999999,8086.16,-3.2544099999999999E-2,1200000,-5.9439999999999996E-3]
["JAM","Jamaica",1999,40.599997999999999,0.19999690000000001,8115.3,3.5972999999999999E-3,1200000,2.1155000000000002E-3]
["JAM","Jamaica",2000,40.599997999999999,0,8138.87,2.9001000000000001E-3,1200000,1.1249000000000001E-3]
["JAM","Jamaica",2001,40.099997999999999,-0.5,8197.15,7.1354000000000001E-3,1200000,1.5613000000000001E-3]
["JAM","Jamaica",2002,38.299999,-1.7999989999999999,null,null,1200000,6.2370000000000004E-4]
["JAM","Jamaica",2003,38.599997999999999,0.29999920000000002,null,null,1200000,6.5269999999999998E-4]
["JAM","Jamaica",2004,38.700001,0.1000023,null,null,1200000,3.9125999999999996E-3]
["JAM","Jamaica",2005,37.599997999999999,-1.1000019999999999,null,null,1200000,1.1983199999999999E-2]
["JAM","Jamaica",2006,38.5,0.90000150000000001,8954.33,null,1200000,1.0652500000000001E-2]
["JAM","Jamaica",2007,36.599997999999999,-1.900002,9047.5,1.03512E-2,1200000,1.09242E-2]
["JAM","Jamaica",2008,39.599997999999999,3,8951.11,-1.07107E-2,1200000,9.8779999999999996E-3]
["JAM","Jamaica",2009,null,null,8526.1,-4.8646000000000002E-2,1200000,-2.3406E-2]
["JAM","Jamaica",2010,null,null,8370.4500000000007,-1.8423999999999999E-2,1200000,-9.8901000000000006E-3]
["JAM","Jamaica",2011,39.900002000000001,null,8484.59,1.3543100000000001E-2,1200000,7.3191999999999997E-3]
["JAM","Jamaica",2012,40.599997999999999,0.69999690000000003,8421.42,-7.4729999999999996E-3,1200000,1.6149299999999998E-2]
["JAM","Jamaica",2013]
["JPN","Japan",1990,22.299999,null,29541.3,null,64000000]
["JPN","Japan",1991,21.200001,-1.099998,30428.7,2.9599199999999999E-2,65000000,1.96022E-2]
["JPN","Japan",1992,20.200001,-1,30601.9,5.6743999999999996E-3,66000000,1.35522E-2]
["JPN","Japan",1993,19.100000000000001,-1.1000000000000001,30578.7,-7.5909999999999997E-4,66000000,4.8180000000000002E-3]
["JPN","Japan",1994,18.600000000000001,-0.5,30737.9,5.1917999999999999E-3,67000000,5.2722999999999997E-3]
["JPN","Japan",1995,18.299999,-0.30000110000000002,31215.5,1.542E-2,67000000,5.3433999999999999E-3]
["JPN","Japan",1996,17.700001,-0.59999849999999999,31948.2,2.3201900000000001E-2,67000000,8.6595000000000005E-3]
["JPN","Japan",1997,17.5,-0.20000080000000001,32373,1.32093E-2,68000000,8.3651999999999997E-3]
["JPN","Japan",1998,17.299999,-0.20000080000000001,31644.5,-2.2761300000000002E-2,68000000,1.2032E-3]
["JPN","Japan",1999,17.200001,-9.9998500000000004E-2,31521.599999999999,-3.8918999999999998E-3,68000000,-3.2345999999999998E-3]
["JPN","Japan",2000,16.600000000000001,-0.60000039999999999,32177.3,2.0587899999999999E-2,68000000,-3.7943E-3]
["JPN","Japan",2001,15.9,-0.70000079999999998,32220.799999999999,1.3514E-3,68000000,-2.5940000000000002E-4]
["JPN","Japan",2002,15.4,-0.5,32239,5.6649999999999995E-4,67000000,-7.2880999999999996E-3]
["JPN","Japan",2003,15.1,-0.29999920000000002,32712.2,1.4571199999999999E-2,67000000,-2.65E-3]
["JPN","Japan",2004,14.9,-0.20000080000000001,33473.199999999997,2.29959E-2,67000000,-4.7755999999999996E-3]
["JPN","Japan",2005,14.7,-0.19999980000000001,33906.1,1.28489E-2,67000000,-3.3500000000000001E-5]
["JPN","Japan",2006,13.8,-0.89999960000000001,34484.699999999997,1.6920999999999999E-2,67000000,-4.1560000000000002E-4]
["JPN","Japan",2007,13.4,-0.40000059999999998,35236.6,2.15693E-2,67000000,3.1784000000000001E-3]
["JPN","Japan",2008,13,-0.39999960000000001,34887.800000000003,-9.9486999999999996E-3,67000000,-2.7828000000000002E-3]
["JPN","Japan",2009,12.7,-0.30000019999999999,32997.300000000003,-5.5710799999999998E-2,66000000,-5.2426E-3]
["JPN","Japan",2010,12.3,-0.39999960000000001,34561.5,4.63142E-2,66000000,1.9453000000000001E-3]
["JPN","Japan",2011,11.9,-0.40000059999999998,34265.699999999997,-8.5935999999999998E-3,66000000,-1.3341499999999999E-2]
["JPN","Japan",2012,null,null,35006.199999999997,2.1379499999999999E-2,65000000,-4.5259000000000002E-3]
["JPN","Japan",2013]
["KOR","Korea, Rep.",1990,39.5,null,11994.3,null,19000000]
["KOR","Korea, Rep.",1991,38.900002000000001,-0.59999849999999999,12991.7,7.9879800000000001E-2,20000000,2.4146999999999998E-2]
["KOR","Korea, Rep.",1992,39,9.9998500000000004E-2,13612.9,4.6704299999999997E-2,20000000,2.21114E-2]
["KOR","Korea, Rep.",1993,39,0,14301.8,4.9371699999999998E-2,20000000,1.5978900000000001E-2]
["KOR","Korea, Rep.",1994,38.099997999999999,-0.90000150000000001,15367.3,7.1855500000000003E-2,21000000,3.1548100000000003E-2]
["KOR","Korea, Rep.",1995,37.400002000000001,-0.69999690000000003,16608.400000000001,7.7664399999999995E-2,21000000,2.4737499999999999E-2]
["KOR","Korea, Rep.",1996,37.200001,-0.20000080000000001,17602.2,5.81179E-2,22000000,2.4439599999999999E-2]
["KOR","Korea, Rep.",1997,37.299999,9.9998500000000004E-2,18249,3.6083200000000003E-2,22000000,2.4489899999999998E-2]
["KOR","Korea, Rep.",1998,39,1.7000010000000001,16875.900000000001,-7.8226100000000007E-2,22000000,-1.94825E-2]
["KOR","Korea, Rep.",1999,38.299999,-0.70000079999999998,18345.900000000001,8.3521799999999993E-2,22000000,1.1965399999999999E-2]
["KOR","Korea, Rep.",2000,36.900002000000001,-1.3999980000000001,19737,7.3090600000000006E-2,23000000,2.29508E-2]
["KOR","Korea, Rep.",2001,36.700001,-0.20000080000000001,20369.900000000001,3.1563800000000003E-2,23000000,1.59533E-2]
["KOR","Korea, Rep.",2002,36,-0.70000079999999998,21705,6.3483200000000004E-2,23000000,2.1650599999999999E-2]
["KOR","Korea, Rep.",2003,34.900002000000001,-1.099998,22202.799999999999,2.2675500000000001E-2,23000000,-6.3049999999999998E-4]
["KOR","Korea, Rep.",2004,34,-0.90000150000000001,23141.3,4.1398999999999998E-2,24000000,2.2624700000000001E-2]
["KOR","Korea, Rep.",2005,33.599997999999999,-0.40000150000000001,24007.7,3.6756499999999998E-2,24000000,7.5094999999999997E-3]
["KOR","Korea, Rep.",2006,32.799999,-0.79999920000000002,25128.9,4.5644799999999999E-2,24000000,1.2116999999999999E-2]
["KOR","Korea, Rep.",2007,31.799999,-1,26289.3,4.51422E-2,24000000,1.48751E-2]
["KOR","Korea, Rep.",2008,31.299999,-0.5,26700.6,1.5525799999999999E-2,25000000,8.1607999999999993E-3]
["KOR","Korea, Rep.",2009,30,-1.2999989999999999,26658.799999999999,-1.5659000000000001E-3,25000000,4.8480000000000002E-4]
["KOR","Korea, Rep.",2010,28.799999,-1.2000010000000001,28212.799999999999,5.6654000000000003E-2,25000000,1.6785999999999999E-2]
["KOR","Korea, Rep.",2011,28.200001,-0.59999849999999999,29034.7,2.8718E-2,25000000,2.2177700000000002E-2]
["KOR","Korea, Rep.",2012,null,null,29494.9,1.5725099999999999E-2,26000000,2.0108500000000001E-2]
["KOR","Korea, Rep.",2013]
["LKA","Sri Lanka",1990,44.799999,null,3339.96,null,6600000]
["LKA","Sri Lanka",1991,37.599997999999999,-7.2000010000000003,3442.61,3.02715E-2,6700000,1.4963499999999999E-2]
["LKA","Sri Lanka",1992,39.900002000000001,2.3000029999999998,3561.29,3.3893600000000003E-2,6800000,9.6643000000000007E-3]
["LKA","Sri Lanka",1993,39.799999,-0.1000023,3759.56,5.4178200000000003E-2,7000000,2.4463200000000001E-2]
["LKA","Sri Lanka",1994,39.299999,-0.5,3915.73,4.0698999999999999E-2,7100000,1.8957999999999999E-2]
["LKA","Sri Lanka",1995,40.200001,0.90000150000000001,4075.29,3.99399E-2,7100000,3.7469000000000001E-3]
["LKA","Sri Lanka",1996,39.200001,-1,4184.01,2.63281E-2,7300000,2.22721E-2]
["LKA","Sri Lanka",1997,40.599997999999999,1.3999980000000001,4396.38,4.9512899999999999E-2,7400000,2.6536000000000001E-2]
["LKA","Sri Lanka",1998,44.400002000000001,3.8000029999999998,4550.01,3.4348499999999997E-2,8100000,9.3196000000000001E-2]
["LKA","Sri Lanka",1999,42.5,-1.900002,4677.95,2.7730000000000001E-2,8000000,-7.0800999999999998E-3]
["LKA","Sri Lanka",2000,43.799999,1.2999989999999999,4946.6899999999996,5.5857700000000003E-2,7900000,-8.3649999999999992E-3]
["LKA","Sri Lanka",2001,41.400002000000001,-2.3999980000000001,4949.2700000000004,5.2170000000000005E-4,7800000,-2.0980700000000001E-2]
["LKA","Sri Lanka",2002,42.099997999999999,0.69999690000000003,5111.7700000000004,3.23057E-2,7800000,4.8789000000000003E-3]
["LKA","Sri Lanka",2003,42.099997999999999,0,5344.24,4.4474600000000003E-2,7900000,1.17894E-2]
["LKA","Sri Lanka",2004,40.599997999999999,-1.5,5559.27,3.9446799999999997E-2,7900000,-1.7388E-3]
["LKA","Sri Lanka",2005,40.700001,0.1000023,5843.43,4.9850499999999999E-2,8100000,2.2343600000000002E-2]
["LKA","Sri Lanka",2006,44.400002000000001,3.7000009999999999,6223.72,6.3050300000000004E-2,8600000,8.2491400000000006E-2]
["LKA","Sri Lanka",2007,43.5,-0.90000150000000001,6586.7,5.6684499999999999E-2,8500000,-2.2785799999999998E-2]
["LKA","Sri Lanka",2008,43.5,0,6917.17,4.8954999999999999E-2,8500000,7.6521999999999996E-3]
["LKA","Sri Lanka",2009,42.400002000000001,-1.099998,7080.36,2.33183E-2,8600000,8.2796999999999992E-3]
["LKA","Sri Lanka",2010,44.5,2.0999979999999998,7572.75,6.7231200000000005E-2,8500000,-8.0683000000000005E-3]
["LKA","Sri Lanka",2011,45.099997999999999,0.59999849999999999,8112.42,6.88391E-2,8600000,1.3238E-2]
["LKA","Sri Lanka",2012,43.599997999999999,-1.5,8862.16,8.8394200000000006E-2,8400000,-3.3913699999999998E-2]
["LKA","Sri Lanka",2013]
["LTU","Lithuania",1998,19.600000000000001,null,11520.4,null,1700000]
["LTU","Lithuania",1999,20.5,0.89999960000000001,11477.9,-3.6955E-3,1700000,3.0669999999999998E-3]
["LTU","Lithuania",2000,19.700001,-0.79999920000000002,11934.7,3.9024400000000001E-2,1700000,-1.7222899999999999E-2]
["LTU","Lithuania",2001,20.200001,0.5,12844,7.3425299999999999E-2,1600000,-2.2213299999999998E-2]
["LTU","Lithuania",2002,20.799999,0.59999849999999999,13836.2,7.4410400000000002E-2,1600000,-9.6437999999999992E-3]
["LTU","Lithuania",2003,20.9,0.1000004,15378.3,0.1056728,1700000,3.6494899999999997E-2]
["LTU","Lithuania",2004,18.799999,-2.1,16695.2,8.2161899999999996E-2,1600000,-4.8863799999999999E-2]
["LTU","Lithuania",2005,16.899999999999999,-1.9,18293.3,9.1411599999999996E-2,1600000,-2.4855700000000001E-2]
["LTU","Lithuania",2006,15.7,-1.2,20045.8,9.1486899999999996E-2,1500000,-1.73402E-2]
["LTU","Lithuania",2007,13.7,-2,22281.4,0.1057329,1500000,1.3561000000000001E-3]
["LTU","Lithuania",2008,11.5,-2.2000000000000002,23170.799999999999,3.9138800000000001E-2,1500000,1.7074E-3]
["LTU","Lithuania",2009,12.1,0.60000039999999999,19975.599999999999,-0.14838119999999999,1600000,1.10502E-2]
["LTU","Lithuania",2010,11,-1.1000000000000001,20670.2,3.4183499999999999E-2,1500000,-9.7126000000000001E-3]
["LTU","Lithuania",2011,10.7,-0.30000019999999999,22410.9,8.0853499999999995E-2,1500000,-2.7436000000000001E-3]
["LTU","Lithuania",2012,11.1,0.40000059999999998,23553.9,4.9743700000000002E-2,1500000,-1.4251000000000001E-3]
["LTU","Lithuania",2013]
["LUX","Luxembourg",1990,11,null,56200.9,null,159999]
["LUX","Luxembourg",1991,10.8,-0.19999980000000001,60246.5,6.9510500000000003E-2,165615,3.5103000000000002E-2]
["LUX","Luxembourg",1992,10.199999999999999,-0.60000039999999999,60533.3,4.7502999999999998E-3,169953,2.7114599999999999E-2]
["LUX","Luxembourg",1993,11.1,0.90000060000000004,62235,2.77243E-2,170128,1.0896E-3]
["LUX","Luxembourg",1994,10.9,-0.20000080000000001,63739,2.3878099999999999E-2,171655,9.5457000000000007E-3]
["LUX","Luxembourg",1995,11.3,0.40000059999999998,63750,1.7359999999999999E-4,167651,-2.5022099999999999E-2]
["LUX","Luxembourg",1996,9.8000001999999995,-1.5,63841,1.4266999999999999E-3,171620,2.4801E-2]
["LUX","Luxembourg",1997,9.1999998000000005,-0.60000039999999999,66789.3,4.5145999999999999E-2,174176,1.5980500000000002E-2]
["LUX","Luxembourg",1998,9.3999995999999992,0.19999980000000001,70245.600000000006,5.0455100000000003E-2,176826,1.65633E-2]
["LUX","Luxembourg",1999,9.1999998000000005,-0.19999980000000001,75138.8,6.7338899999999993E-2,181873,3.1539600000000001E-2]
["LUX","Luxembourg",2000,9.3999995999999992,0.19999980000000001,80394,6.7603099999999999E-2,188849,4.3599100000000002E-2]
["LUX","Luxembourg",2001,7.3000002000000004,-2.0999989999999999,81442.899999999994,1.29623E-2,188947,6.179E-4]
["LUX","Luxembourg",2002,7.9000000999999997,0.59999990000000003,83890.5,2.9610600000000001E-2,194612,3.5402700000000002E-2]
["LUX","Luxembourg",2003,7.6999997999999996,-0.20000029999999999,84257.600000000006,4.3658999999999998E-3,194570,-2.6400000000000002E-4]
["LUX","Luxembourg",2004,8.1999998000000005,0.5,86699.1,2.85645E-2,200951,3.9886100000000001E-2]
["LUX","Luxembourg",2005,8,-0.19999980000000001,89867.8,3.5896299999999999E-2,207436,4.0530299999999998E-2]
["LUX","Luxembourg",2006,7.6999997999999996,-0.30000019999999999,92811.4,3.2229399999999998E-2,213563,3.8290999999999999E-2]
["LUX","Luxembourg",2007,7,-0.69999979999999995,97409.8,4.8357999999999998E-2,216282,1.6995400000000001E-2]
["LUX","Luxembourg",2008,6.3000002000000004,-0.69999979999999995,94981.2,-2.52485E-2,221180,3.06126E-2]
["LUX","Luxembourg",2009,8.6999998000000005,2.4,88058,-7.5682600000000003E-2,234862,8.5517300000000004E-2]
["LUX","Luxembourg",2010,8.1999998000000005,-0.5,89146.8,1.2289E-2,237978,1.9475099999999999E-2]
["LUX","Luxembourg",2011,8.6000004000000008,0.40000059999999998,88848.1,-3.356E-3,242808,3.0182E-2]
["LUX","Luxembourg",2012,8.8999995999999992,0.29999920000000002,86587.4,-2.5773999999999998E-2,252880,6.2954099999999999E-2]
["LUX","Luxembourg",2013]
["LVA","Latvia",1996,14.6,null,8742.74,null,1200000]
["LVA","Latvia",1997,19.399999999999999,4.7999989999999997,9561.7099999999991,8.9544299999999993E-2,1200000,-5.2148000000000003E-3]
["LVA","Latvia",1998,17.299999,-2.1,10108.200000000001,5.5575399999999997E-2,1100000,-5.5050000000000003E-3]
["LVA","Latvia",1999,16.899999999999999,-0.39999960000000001,10669.6,5.4059999999999997E-2,1100000,-2.21961E-2]
["LVA","Latvia",2000,14.9,-2,11517.8,7.64933E-2,1100000,-2.6752499999999999E-2]
["LVA","Latvia",2001,15,0.1000004,12606,9.0278600000000001E-2,1100000,5.5399999999999998E-3]
["LVA","Latvia",2002,13.2,-1.8,13578.8,7.4335100000000001E-2,1100000,2.8377699999999999E-2]
["LVA","Latvia",2003,13.6,0.40000059999999998,14697.3,7.9152100000000003E-2,1100000,-1.6689800000000001E-2]
["LVA","Latvia",2004,13.7,9.9999400000000002E-2,16147.9,9.4130500000000006E-2,1100000,-4.7330000000000001E-4]
["LVA","Latvia",2005,11.5,-2.2000000000000002,18053.8,0.1115637,1100000,-6.5681999999999997E-3]
["LVA","Latvia",2006,11.6,0.1000004,20449.099999999999,0.12458130000000001,1100000,2.1404599999999999E-2]
["LVA","Latvia",2007,10.8,-0.80000020000000005,22673.7,0.1032686,1100000,1.41922E-2]
["LVA","Latvia",2008,10.1,-0.69999979999999995,21940.9,-3.2853100000000003E-2,1200000,1.1878400000000001E-2]
["LVA","Latvia",2009,11.4,1.2999989999999999,18301.099999999999,-0.18139169999999999,1100000,-3.6895499999999998E-2]
["LVA","Latvia",2010,11.4,0,18621.8,1.7372100000000001E-2,1100000,-4.5509599999999997E-2]
["LVA","Latvia",2011,11.3,-9.9999400000000002E-2,19969.099999999999,6.9850899999999994E-2,1000000,-2.1307799999999998E-2]
["LVA","Latvia",2012,11.4,9.9999400000000002E-2,21229.200000000001,6.1193499999999998E-2,1000000,7.3781999999999997E-3]
["LVA","Latvia",2013]
["MAC","Macao SAR, China",1996,10.7,null,43552,null,204134]
["MAC","Macao SAR, China",1997,9.6999998000000005,-1,42704.800000000003,-1.9645699999999999E-2,206266,1.04452E-2]
["MAC","Macao SAR, China",1998,9.6999998000000005,0,40080.9,-6.3410800000000003E-2,209657,1.6611500000000001E-2]
["MAC","Macao SAR, China",1999,10.9,1.2,38508.6,-4.0018100000000001E-2,213020,1.64739E-2]
["MAC","Macao SAR, China",2000,11.8,0.90000060000000004,40094.9,4.0367100000000003E-2,216635,1.7705700000000001E-2]
["MAC","Macao SAR, China",2001,10.7,-1.1000000000000001,40676.300000000003,1.43967E-2,227948,5.5420499999999998E-2]
["MAC","Macao SAR, China",2002,10.5,-0.19999980000000001,43692.4,7.1530300000000005E-2,227935,-6.4399999999999993E-5]
["MAC","Macao SAR, China",2003,10.9,0.39999960000000001,48475.5,0.1038828,230301,1.15905E-2]
["MAC","Macao SAR, China",2004,11.6,0.70000079999999998,60456.2,0.22086049999999999,242614,6.0321600000000003E-2]
["MAC","Macao SAR, China",2005,10.4,-1.2000010000000001,64283.6,6.1386099999999999E-2,256312,6.7100300000000002E-2]
["MAC","Macao SAR, China",2006,9.3000001999999995,-1.0999989999999999,71767.5,0.1101265,273603,8.4707000000000005E-2]
["MAC","Macao SAR, China",2007,8.6000004000000008,-0.69999979999999995,79821.899999999994,0.10636619999999999,294142,0.100614]
["MAC","Macao SAR, China",2008,7.4000000999999997,-1.2,80199.7,4.7226000000000004E-3,310076,7.8053800000000007E-2]
["MAC","Macao SAR, China",2009,7.8000002000000004,0.40000010000000003,79369.7,-1.0403600000000001E-2,321595,5.6428100000000002E-2]
["MAC","Macao SAR, China",2010,7.8000002000000004,0,98732.9,0.21830179999999999,332225,5.2075299999999998E-2]
["MAC","Macao SAR, China",2011,7.5,-0.30000019999999999,117707,0.1757774,341275,4.4335699999999999E-2]
["MAC","Macao SAR, China",2012,null,null,126975,7.5792300000000007E-2,348913,3.74163E-2]
["MAC","Macao SAR, China",2013]
["MEX","Mexico",1990,28.200001,null,12383.6,null,31000000]
["MEX","Mexico",1991,44.599997999999999,16.399999999999999,12640.2,2.05107E-2,32000000,3.1351700000000003E-2]
["MEX","Mexico",1992,43.900002000000001,-0.69999690000000003,12826.3,1.4615100000000001E-2,33000000,4.2320999999999998E-2]
["MEX","Mexico",1993,44.799999,0.89999770000000001,13071.1,1.8908500000000002E-2,35000000,4.2778700000000003E-2]
["MEX","Mexico",1994,43.700001,-1.099998,13412.8,2.5802599999999998E-2,35000000,2.5650699999999999E-2]
["MEX","Mexico",1995,41.5,-2.2000009999999999,12395.1,-7.8907000000000005E-2,36000000,2.8568E-2]
["MEX","Mexico",1996,40.299999,-1.2000010000000001,12879.1,3.8301500000000002E-2,37000000,2.9704600000000001E-2]
["MEX","Mexico",1997,41.200001,0.90000150000000001,13529.9,4.9296399999999997E-2,39000000,5.7886199999999999E-2]
["MEX","Mexico",1998,38.799999,-2.4000020000000002,13925.4,2.8813399999999999E-2,40000000,2.4488200000000002E-2]
["MEX","Mexico",1999,38.299999,-0.5,14067.9,1.0182399999999999E-2,40000000,1.04207E-2]
["MEX","Mexico",2000,36.099997999999999,-2.2000009999999999,14591,3.6508600000000002E-2,41000000,2.20757E-2]
["MEX","Mexico",2001,36.5,0.40000150000000001,14300.8,-2.00901E-2,41000000,1.1981500000000001E-2]
["MEX","Mexico",2002,37,0.5,14134,-1.17331E-2,42000000,2.6747199999999999E-2]
["MEX","Mexico",2003,36.799999,-0.20000080000000001,14158.2,1.7166E-3,42000000,1.02398E-2]
["MEX","Mexico",2004,36.700001,-9.9998500000000004E-2,14587.5,2.9871000000000002E-2,44000000,5.7611299999999997E-2]
["MEX","Mexico",2005,35.700001,-1,14846.6,1.7605800000000001E-2,45000000,2.3455E-2]
["MEX","Mexico",2006,34.599997999999999,-1.1000019999999999,15396.6,3.6374099999999999E-2,46000000,4.9033300000000002E-2]
["MEX","Mexico",2007,34.5,-9.9998500000000004E-2,15683.7,1.8471700000000001E-2,47000000,3.3292099999999998E-2]
["MEX","Mexico",2008,34.099997999999999,-0.40000150000000001,15704.3,1.317E-3,49000000,3.7054400000000001E-2]
["MEX","Mexico",2009,33.799999,-0.29999920000000002,14779.2,-6.0717599999999997E-2,49000000,1.8289999999999999E-3]
["MEX","Mexico",2010,34.700001,0.90000150000000001,15335.2,3.6929099999999999E-2,50000000,5.7404299999999998E-2]
["MEX","Mexico",2011,33.700001,-1,15748.8,2.6617999999999999E-2,51000000,1.06044E-2]
["MEX","Mexico",2012,null,null,16143.8,2.4769800000000002E-2,53000000,6.8666099999999994E-2]
["MEX","Mexico",2013]
["MKD","Macedonia, FYR",1998,22.6,null,8488.56,null,830923]
["MKD","Macedonia, FYR",1999,25.5,2.9,8763.8700000000008,3.1917599999999997E-2,838427,9.0305999999999997E-3]
["MKD","Macedonia, FYR",2000,25.700001,0.20000080000000001,9083.77,3.5851500000000001E-2,852481,1.6913399999999999E-2]
["MKD","Macedonia, FYR",2001,29.9,4.199999,8618.24,-5.2608500000000002E-2,863339,1.3067199999999999E-2]
["MKD","Macedonia, FYR",2002,29.299999,-0.60000039999999999,8652.64,3.9845000000000002E-3,872945,1.1561200000000001E-2]
["MKD","Macedonia, FYR",2003,27.299999,-2,8868.8799999999992,2.4683E-2,884806,1.4274800000000001E-2]
["MKD","Macedonia, FYR",2004,24.6,-2.699999,9257.6299999999992,4.2900099999999997E-2,857903,-3.2377499999999997E-2]
["MKD","Macedonia, FYR",2005,28.200001,3.6,9640.59,4.0534000000000001E-2,888825,3.7213700000000002E-2]
["MKD","Macedonia, FYR",2006,29.299999,1.099998,10107.4,4.7286000000000002E-2,914793,3.12524E-2]
["MKD","Macedonia, FYR",2007,27.700001,-1.599998,10714.5,5.8326700000000002E-2,928639,1.6662699999999999E-2]
["MKD","Macedonia, FYR",2008,28.200001,0.5,11233.3,4.72898E-2,945431,2.0209399999999999E-2]
["MKD","Macedonia, FYR",2009,28.1,-0.1000004,11120.5,-1.0097500000000001E-2,956478,1.32943E-2]
["MKD","Macedonia, FYR",2010,28.5,0.39999960000000001,11433.2,2.7733799999999999E-2,965067,1.0337000000000001E-2]
["MKD","Macedonia, FYR",2011,28.200001,-0.29999920000000002,11748.7,2.72207E-2,965911,1.0154000000000001E-3]
["MKD","Macedonia, FYR",2012,26.799999,-1.400002,11708,-3.4713999999999999E-3,964227,-2.0263999999999998E-3]
["MKD","Macedonia, FYR",2013]
["MYS","Malaysia",1991,31.9,null,10827.6,null,7300000]
["MYS","Malaysia",1992,null,null,11485.7,5.9001900000000003E-2,7500000,3.04859E-2]
["MYS","Malaysia",1993,null,null,12304.2,6.8840999999999999E-2,7700000,3.10292E-2]
["MYS","Malaysia",1994,null,null,13101.8,6.2805200000000005E-2,8000000,3.2350799999999999E-2]
["MYS","Malaysia",1995,27.4,null,14029.3,6.8403199999999997E-2,8200000,3.4205300000000001E-2]
["MYS","Malaysia",1996,27.700001,0.30000110000000002,15044.7,6.98738E-2,8500000,3.8093200000000001E-2]
["MYS","Malaysia",1997,25.5,-2.2000009999999999,15742,4.5311900000000002E-2,8800000,3.79969E-2]
["MYS","Malaysia",1998,26.6,1.1000000000000001,14225.2,-0.1013174,9100000,3.9330999999999998E-2]
["MYS","Malaysia",1999,25.299999,-1.300001,14741.6,3.5654100000000001E-2,9400000,4.0081400000000003E-2]
["MYS","Malaysia",2000,25.700001,0.40000150000000001,15688,6.2224399999999999E-2,9800000,6.1805600000000002E-2]
["MYS","Malaysia",2001,24.6,-1.1000000000000001,15436.4,-1.61695E-2,10000000,3.2386999999999999E-2]
["MYS","Malaysia",2002,23.299999,-1.300001,15943.3,3.2314299999999997E-2,10000000,3.2087999999999998E-2]
["MYS","Malaysia",2003,23.799999,0.5,16543.099999999999,3.69272E-2,11000000,3.1698499999999998E-2]
["MYS","Malaysia",2004,25.4,1.6,17334.900000000001,4.6751000000000001E-2,11000000,3.125E-2]
["MYS","Malaysia",2005,24.5,-0.89999960000000001,17921.2,3.3265099999999999E-2,11000000,3.07581E-2]
["MYS","Malaysia",2006,25.700001,1.2000010000000001,18574.5,3.5804700000000002E-2,11000000,3.0104200000000001E-2]
["MYS","Malaysia",2007,25.799999,9.9998500000000004E-2,19386,4.2761800000000003E-2,11000000,2.9400300000000001E-2]
["MYS","Malaysia",2008,25.4,-0.39999960000000001,19959.099999999999,2.9134799999999999E-2,12000000,2.8897900000000001E-2]
["MYS","Malaysia",2009,25.200001,-0.19999890000000001,19311.8,-3.29676E-2,12000000,3.1424599999999997E-2]
["MYS","Malaysia",2010,25.700001,0.5,20389.5,5.4303200000000003E-2,12000000,3.4308100000000001E-2]
["MYS","Malaysia",2011,23.4,-2.300001,21074.9,3.30639E-2,12000000,4.3193000000000002E-2]
["MYS","Malaysia",2012,25.1,1.7000010000000001,21897.3,3.8279500000000001E-2,13000000,4.3644799999999997E-2]
["MYS","Malaysia",2013]
["NLD","Netherlands",1990,12.4,null,30589.4,null,6900000]
["NLD","Netherlands",1991,11.4,-1,31089.5,1.6217200000000001E-2,7000000,1.7633599999999999E-2]
["NLD","Netherlands",1992,11.4,0,31381.8,9.3565000000000002E-3,7100000,1.47758E-2]
["NLD","Netherlands",1993,11.8,0.40000059999999998,31555.7,5.5275000000000003E-3,7200000,1.0045999999999999E-2]
["NLD","Netherlands",1994,12.4,0.59999939999999996,32294.799999999999,2.3151399999999999E-2,7300000,1.80453E-2]
["NLD","Netherlands",1995,12.7,0.30000019999999999,33137,2.5745400000000002E-2,7400000,1.16236E-2]
["NLD","Netherlands",1996,12.3,-0.39999960000000001,34108.1,2.8883900000000001E-2,7500000,1.52628E-2]
["NLD","Netherlands",1997,12.4,9.9999400000000002E-2,35384.800000000003,3.6747000000000002E-2,7700000,2.72634E-2]
["NLD","Netherlands",1998,11.6,-0.79999920000000002,36547.1,3.2318100000000002E-2,7800000,2.1408099999999999E-2]
["NLD","Netherlands",1999,11.5,-0.1000004,38005.300000000003,3.91245E-2,8000000,2.22715E-2]
["NLD","Netherlands",2000,11.2,-0.30000019999999999,39221.699999999997,3.1505600000000002E-2,8200000,2.6889199999999999E-2]
["NLD","Netherlands",2001,11.6,0.40000059999999998,39676.5,1.15271E-2,8300000,2.2008199999999999E-2]
["NLD","Netherlands",2002,11.7,9.9999400000000002E-2,39454.1,-5.62E-3,8500000,2.0945399999999999E-2]
["NLD","Netherlands",2003,11.4,-0.30000019999999999,39400.199999999997,-1.3676000000000001E-3,8500000,5.9512000000000002E-3]
["NLD","Netherlands",2004,12.1,0.70000079999999998,40141.699999999997,1.8644299999999999E-2,8600000,8.8400000000000006E-3]
["NLD","Netherlands",2005,12.4,0.29999920000000002,40867.5,1.7921400000000001E-2,8600000,4.3030999999999998E-3]
["NLD","Netherlands",2006,12.7,0.30000019999999999,42186.8,3.17717E-2,8700000,1.0015100000000001E-2]
["NLD","Netherlands",2007,13.2,0.5,43745.599999999999,3.6282500000000002E-2,8800000,2.31676E-2]
["NLD","Netherlands",2008,13.2,0,44361.7,1.39866E-2,8900000,1.8135800000000001E-2]
["NLD","Netherlands",2009,13.5,0.30000019999999999,42515.5,-4.25081E-2,9000000,1.2016499999999999E-2]
["NLD","Netherlands",2010,15,1.5,42944.2,1.00327E-2,8900000,-2.40895E-2]
["NLD","Netherlands",2011,15,0,43148.1,4.7368999999999996E-3,8900000,2.4976999999999998E-3]
["NLD","Netherlands",2012,15.3,0.30000019999999999,42452.6,-1.62506E-2,9000000,1.4951799999999999E-2]
["NLD","Netherlands",2013]
["NOR","Norway",1990,11.3,null,42810.9,null,2200000]
["NOR","Norway",1991,10.8,-0.5,43930.5,2.58169E-2,2100000,-1.12496E-2]
["NOR","Norway",1992,10.3,-0.5,45216.5,2.8853400000000001E-2,2100000,-8.6299999999999997E-5]
["NOR","Norway",1993,10.199999999999999,-0.1000004,46200.7,2.1532099999999998E-2,2100000,-5.6610000000000005E-4]
["NOR","Norway",1994,9.6999998000000005,-0.5,48259,4.3586699999999999E-2,2200000,1.0171100000000001E-2]
["NOR","Norway",1995,9.5,-0.19999980000000001,50018.9,3.58191E-2,2200000,1.4596E-2]
["NOR","Norway",1996,8.8000001999999995,-0.69999979999999995,52304,4.4671099999999998E-2,2300000,2.7643999999999998E-2]
["NOR","Norway",1997,8.3999995999999992,-0.40000059999999998,54826.400000000001,4.7100099999999999E-2,2300000,2.3432000000000001E-2]
["NOR","Norway",1998,8.5,0.1000004,55963.1,2.0520199999999999E-2,2300000,1.79068E-2]
["NOR","Norway",1999,7.6999997999999996,-0.80000020000000005,56707.1,1.3207399999999999E-2,2400000,4.6535999999999999E-3]
["NOR","Norway",2000,7.5,-0.19999980000000001,58173.3,2.5527999999999999E-2,2400000,8.1303999999999994E-3]
["NOR","Norway",2001,7.3000002000000004,-0.19999980000000001,59031.5,1.4644600000000001E-2,2400000,3.8742999999999998E-3]
["NOR","Norway",2002,7.3000002000000004,0,59596,9.5157999999999996E-3,2400000,9.8560000000000002E-3]
["NOR","Norway",2003,7.4000000999999997,9.9999900000000003E-2,59828.6,3.8958E-3,2400000,-4.1701999999999998E-3]
["NOR","Norway",2004,7.5,9.9999900000000003E-2,61832,3.2937000000000001E-2,2400000,6.404E-3]
["NOR","Norway",2005,7.4000000999999997,-9.9999900000000003E-2,63002.2,1.8749200000000001E-2,2400000,7.8025000000000004E-3]
["NOR","Norway",2006,8.5,1.1000000000000001,63933.5,1.4673200000000001E-2,2500000,1.30639E-2]
["NOR","Norway",2007,8,-0.5,64954.1,1.58377E-2,2500000,2.8381799999999999E-2]
["NOR","Norway",2008,7.8000002000000004,-0.19999980000000001,64192.9,-1.1788399999999999E-2,2600000,3.5022900000000003E-2]
["NOR","Norway",2009,8.1000004000000008,0.30000019999999999,62352.1,-2.9095599999999999E-2,2600000,1.4242E-3]
["NOR","Norway",2010,7.6999997999999996,-0.40000059999999998,61874.6,-7.6866E-3,2600000,6.0378000000000003E-3]
["NOR","Norway",2011,7,-0.69999979999999995,61896.4,3.5100000000000002E-4,2600000,1.16215E-2]
["NOR","Norway",2012,6.9000000999999997,-9.9999900000000003E-2,62858,1.54171E-2,2700000,1.8942199999999999E-2]
["NOR","Norway",2013]
["NZL","New Zealand",1990,19.700001,null,23771.200000000001,null,1600000]
["NZL","New Zealand",1991,20.5,0.79999920000000002,22392.9,-5.9729600000000001E-2,1700000,4.62213E-2]
["NZL","New Zealand",1992,21.299999,0.79999920000000002,22365.3,-1.2340999999999999E-3,1700000,5.1354E-3]
["NZL","New Zealand",1993,21.200001,-9.9998500000000004E-2,23481.9,4.8722300000000003E-2,1700000,1.0755300000000001E-2]
["NZL","New Zealand",1994,21.1,-0.1000004,24310.400000000001,3.46746E-2,1800000,2.8084999999999999E-2]
["NZL","New Zealand",1995,21,-0.1000004,24964.3,2.65408E-2,1800000,2.66932E-2]
["NZL","New Zealand",1996,20.9,-0.1000004,25394.799999999999,1.7097500000000002E-2,1900000,3.2176900000000001E-2]
["NZL","New Zealand",1997,20.100000000000001,-0.79999920000000002,25801.4,1.5882500000000001E-2,1900000,1.1938600000000001E-2]
["NZL","New Zealand",1998,20.399999999999999,0.29999920000000002,25930.7,5.0010999999999996E-3,1900000,3.7867E-3]
["NZL","New Zealand",1999,21,0.60000039999999999,27140.6,4.5601799999999998E-2,1900000,9.2052000000000002E-3]
["NZL","New Zealand",2000,20.6,-0.39999960000000001,27629.9,1.78671E-2,1900000,1.25836E-2]
["NZL","New Zealand",2001,19.700001,-0.89999960000000001,28492,3.0726400000000001E-2,2000000,2.2770800000000001E-2]
["NZL","New Zealand",2002,19.200001,-0.5,29400.7,3.1393999999999998E-2,2000000,3.8003200000000001E-2]
["NZL","New Zealand",2003,19.200001,0,29996.400000000001,2.00596E-2,2100000,2.5200199999999999E-2]
["NZL","New Zealand",2004,19,-0.20000080000000001,30636.2,2.1105800000000001E-2,2100000,3.3234199999999998E-2]
["NZL","New Zealand",2005,18.299999,-0.70000079999999998,31312.799999999999,2.1845799999999999E-2,2200000,3.5067099999999997E-2]
["NZL","New Zealand",2006,17.5,-0.79999920000000002,31443.9,4.1771000000000004E-3,2200000,3.2817800000000001E-2]
["NZL","New Zealand",2007,17.100000000000001,-0.39999960000000001,32215.1,2.4228099999999999E-2,2300000,2.2593700000000001E-2]
["NZL","New Zealand",2008,17.100000000000001,0,31346.7,-2.7323699999999999E-2,2300000,1.73081E-2]
["NZL","New Zealand",2009,16.299999,-0.80000110000000002,31471.1,3.9597E-3,2300000,1.48097E-2]
["NZL","New Zealand",2010,16.100000000000001,-0.19999890000000001,31143.599999999999,-1.0459899999999999E-2,2400000,1.59014E-2]
["NZL","New Zealand",2011,16.5,0.39999960000000001,31554.2,1.30968E-2,2400000,2.1209599999999999E-2]
["NZL","New Zealand",2012,null,null,32360.2,2.5223700000000002E-2,2400000,6.7851999999999999E-3]
["NZL","New Zealand",2013]
["PAN","Panama",1991,37.400002000000001,null,7352.98,null,966180]
["PAN","Panama",1992,34.900002000000001,-2.5,7793.44,5.8177E-2,1000000,4.7325600000000002E-2]
["PAN","Panama",1993,33.099997999999999,-1.800003,8051.51,3.2576599999999997E-2,1100000,4.5114899999999999E-2]
["PAN","Panama",1994,31.299999,-1.7999989999999999,8112.65,7.5665000000000003E-3,1100000,3.7088599999999999E-2]
["PAN","Panama",1995,32.5,1.2000010000000001,8086.55,-3.2234E-3,1100000,5.1041499999999997E-2]
["PAN","Panama",1996,32.799999,0.29999920000000002,8143.92,7.0695999999999997E-3,1200000,3.3020899999999999E-2]
["PAN","Panama",1997,33.799999,1,8492.7800000000007,4.1944500000000003E-2,1200000,3.1424599999999997E-2]
["PAN","Panama",1998,33.099997999999999,-0.70000079999999998,8930.3799999999992,5.02424E-2,1300000,5.8292900000000002E-2]
["PAN","Panama",1999,33.200001,0.1000023,9092.39,1.7979599999999998E-2,1300000,2.2267499999999999E-2]
["PAN","Panama",2000,33.299999,9.9998500000000004E-2,9152.4,6.5783999999999999E-3,1300000,3.49813E-2]
["PAN","Panama",2001,33.5,0.20000080000000001,9023.02,-1.4237400000000001E-2,1300000,3.5459499999999998E-2]
["PAN","Panama",2002,34.700001,1.2000010000000001,9044.09,2.3316999999999999E-3,1400000,3.5925699999999998E-2]
["PAN","Panama",2003,35.099997999999999,0.39999770000000001,9243.1299999999992,2.1769500000000001E-2,1400000,4.0957800000000003E-2]
["PAN","Panama",2004,34.200001,-0.89999770000000001,9750.2800000000007,5.3415299999999999E-2,1500000,4.6236600000000003E-2]
["PAN","Panama",2005,35,0.79999920000000002,10257.1,5.0673500000000003E-2,1500000,3.9738299999999997E-2]
["PAN","Panama",2006,33.799999,-1.2000010000000001,10928.6,6.3413600000000001E-2,1500000,1.54378E-2]
["PAN","Panama",2007,30.9,-2.9,12032.9,9.6262E-2,1600000,4.7554600000000002E-2]
["PAN","Panama",2008,30.6,-0.29999920000000002,13017.5,7.8647599999999998E-2,1600000,7.6790200000000003E-2]
["PAN","Panama",2009,35.299999,4.699999,13286.3,2.04382E-2,1700000,4.2225800000000001E-2]
["PAN","Panama",2010,34.099997999999999,-1.2000010000000001,14034.6,5.4798100000000002E-2,1700000,2.15868E-2]
["PAN","Panama",2011,32.400002000000001,-1.699997,15298.8,8.6242700000000005E-2,1700000,3.8064399999999998E-2]
["PAN","Panama",2012,31.9,-0.5000019,16655.2,8.4951399999999996E-2,1800000,3.86716E-2]
["PAN","Panama",2013]
["PER","Peru",1990,41,null,5485.66,null,8300000]
["PER","Peru",1991,41,0,5493.13,1.3599E-3,8300000,2.1169000000000001E-3]
["PER","Peru",1992,42.400002000000001,1.400002,5364.23,-2.3745499999999999E-2,8700000,5.2367400000000001E-2]
["PER","Peru",1993,41,-1.400002,5514.62,2.76508E-2,9200000,5.0434399999999997E-2]
["PER","Peru",1994,41.299999,0.29999920000000002,6107.99,0.1021957,9600000,5.1743999999999998E-2]
["PER","Peru",1995,41.400002000000001,0.1000023,6515.25,6.4546599999999996E-2,10000000,6.0343500000000001E-2]
["PER","Peru",1996,47.900002000000001,6.5,6562.34,7.2021000000000003E-3,11000000,6.7573999999999995E-2]
["PER","Peru",1997,50.799999,2.8999980000000001,6892.88,4.9140900000000001E-2,11000000,6.74202E-2]
["PER","Peru",1998,47.5,-3.2999990000000001,6734.26,-2.3281099999999999E-2,12000000,5.1125299999999999E-2]
["PER","Peru",1999,48.799999,1.2999989999999999,6688.44,-6.8263999999999998E-3,12000000,5.7685300000000002E-2]
["PER","Peru",2000,49.299999,0.5,6782.88,1.4019999999999999E-2,12000000,-9.9345000000000006E-3]
["PER","Peru",2001,50.799999,1.5,6701.5,-1.2069699999999999E-2,13000000,9.3277700000000005E-2]
["PER","Peru",2002,37,-13.8,6943.78,3.55158E-2,13000000,-1.65725E-2]
["PER","Peru",2003,40.200001,3.2000009999999999,7132.14,2.6764900000000001E-2,13000000,-1.6739400000000002E-2]
["PER","Peru",2004,58.400002000000001,18.2,7396.79,3.64342E-2,13000000,2.12094E-2]
["PER","Peru",2005,57.400002000000001,-1,7810.7,5.4448099999999999E-2,13000000,2.0478099999999999E-2]
["PER","Peru",2006,55.900002000000001,-1.5,8323,6.3528100000000004E-2,13000000,6.12761E-2]
["PER","Peru",2007,54.700001,-1.2000010000000001,8965.89,7.4405700000000005E-2,14000000,0.1348491]
["PER","Peru",2008,54.099997999999999,-0.60000229999999999,9738.9699999999993,8.2708400000000001E-2,15000000,4.7756600000000003E-2]
["PER","Peru",2009,53.599997999999999,-0.5,9723.9500000000007,-1.5449999999999999E-3,15000000,4.6942900000000003E-2]
["PER","Peru",2010,53.5,-9.9998500000000004E-2,10460,7.2970400000000005E-2,16000000,3.4271999999999997E-2]
["PER","Peru",2011,53.099997999999999,-0.40000150000000001,11049.3,5.4801900000000001E-2,16000000,3.6193799999999998E-2]
["PER","Peru",2012,51.799999,-1.2999989999999999,11602.6,4.8864400000000002E-2,16000000,3.5336100000000002E-2]
["PER","Peru",2013]
["PHL","Philippines",1998,50.099997999999999,null,4114.5,null,30000000]
["PHL","Philippines",1999,50.400002000000001,0.30000310000000002,4150.6400000000003,8.7471000000000007E-3,31000000,2.3293299999999999E-2]
["PHL","Philippines",2000,49.299999,-1.1000019999999999,4242.55,2.1902100000000001E-2,31000000,4.5589000000000003E-3]
["PHL","Philippines",2001,50.5,1.2000010000000001,4274.7299999999996,7.5550000000000001E-3,33000000,7.0087300000000005E-2]
["PHL","Philippines",2002,51.299999,0.79999920000000002,4339.95,1.51424E-2,33000000,8.0061000000000004E-3]
["PHL","Philippines",2003,49.900002000000001,-1.3999980000000001,4464.6099999999997,2.8318400000000001E-2,35000000,3.6172000000000003E-2]
["PHL","Philippines",2004,47.900002000000001,-2,4671.6400000000003,4.5328100000000003E-2,35000000,1.7558000000000001E-2]
["PHL","Philippines",2005,49.5,1.599998,4804.1499999999996,2.7971300000000001E-2,35000000,-4.2959000000000001E-3]
["PHL","Philippines",2006,48.900002000000001,-0.59999849999999999,4966.6000000000004,3.3255600000000003E-2,35000000,1.0593099999999999E-2]
["PHL","Philippines",2007,47.799999,-1.1000019999999999,5205.32,4.6944600000000003E-2,36000000,1.5487900000000001E-2]
["PHL","Philippines",2008,47.599997999999999,-0.20000080000000001,5331.75,2.3999199999999998E-2,37000000,3.62788E-2]
["PHL","Philippines",2009,46.700001,-0.89999770000000001,5304.05,-5.2090000000000001E-3,38000000,3.3454900000000003E-2]
["PHL","Philippines",2010,45.599997999999999,-1.1000019999999999,5613.69,5.6737900000000001E-2,39000000,4.0612200000000001E-2]
["PHL","Philippines",2011,44.799999,-0.79999920000000002,5719.47,1.8667199999999998E-2,40000000,4.0079700000000003E-2]
["PHL","Philippines",2012,43.400002000000001,-1.3999980000000001,6004.78,4.8679399999999998E-2,41000000,3.0970000000000001E-2]
["PHL","Philippines",2013]
["POL","Poland",1990,27.200001,null,9896.44,null,18000000]
["POL","Poland",1991,30,2.7999990000000001,9169.57,-7.6285400000000003E-2,18000000,-8.2360999999999997E-3]
["POL","Poland",1992,30.200001,0.20000080000000001,9371.4,2.1772400000000001E-2,18000000,-6.4555000000000003E-3]
["POL","Poland",1993,31.200001,1,9697.0300000000007,3.4156800000000001E-2,18000000,-1.4526000000000001E-3]
["POL","Poland",1994,30.9,-0.30000110000000002,10188.700000000001,4.94642E-2,18000000,-9.2952E-3]
["POL","Poland",1995,29.700001,-1.199999,10882.3,6.5851199999999999E-2,17000000,-1.11203E-2]
["POL","Poland",1996,29.5,-0.20000080000000001,11552.4,5.9760099999999997E-2,17000000,-2.9142999999999999E-3]
["POL","Poland",1997,28.700001,-0.79999920000000002,12363,6.7810099999999998E-2,17000000,-8.7469999999999996E-4]
["POL","Poland",1998,27.5,-1.2000010000000001,12974.2,4.8257799999999997E-2,17000000,2.4393000000000001E-3]
["POL","Poland",1999,26.799999,-0.70000079999999998,13562.3,4.4331599999999999E-2,17000000,-1.00266E-2]
["POL","Poland",2000,27.4,0.60000039999999999,14216,4.7071500000000002E-2,17000000,8.4639999999999993E-3]
["POL","Poland",2001,28,0.60000039999999999,14464.7,1.7344499999999999E-2,17000000,1.1842999999999999E-3]
["POL","Poland",2002,28.200001,0.20000080000000001,14680.3,1.47943E-2,17000000,-1.0168399999999999E-2]
["POL","Poland",2003,27,-1.2000010000000001,15258.3,3.8618100000000002E-2,17000000,1.0683999999999999E-3]
["POL","Poland",2004,26.5,-0.5,16083.2,5.26533E-2,17000000,3.9706000000000003E-3]
["POL","Poland",2005,25.799999,-0.70000079999999998,16672.3,3.5971599999999999E-2,17000000,8.6792999999999992E-3]
["POL","Poland",2006,24.4,-1.4,17721.8,6.1045599999999998E-2,17000000,-6.4194999999999999E-3]
["POL","Poland",2007,23.5,-0.89999960000000001,18934.5,6.6193600000000005E-2,17000000,-9.5500000000000004E-5]
["POL","Poland",2008,22.9,-0.60000039999999999,19902.5,4.9858100000000002E-2,18000000,1.4013100000000001E-2]
["POL","Poland",2009,22.700001,-0.19999890000000001,20207.2,1.5195800000000001E-2,18000000,1.56131E-2]
["POL","Poland",2010,22.799999,9.9998500000000004E-2,21012.2,3.9061499999999999E-2,18000000,1.5076900000000001E-2]
["POL","Poland",2011,22.6,-0.19999890000000001,21748.2,3.4428599999999997E-2,18000000,1.37866E-2]
["POL","Poland",2012,22.4,-0.20000080000000001,22142.6,1.7973900000000001E-2,19000000,7.5316000000000003E-3]
["POL","Poland",2013]
["PRI","Puerto Rico",1991,15.4,null,23764.400000000001,null,1200000]
["PRI","Puerto Rico",1992,14.9,-0.5,24689.200000000001,3.8177500000000003E-2,1200000,9.6202000000000006E-3]
["PRI","Puerto Rico",1993,14.8,-9.9999400000000002E-2,25620,3.7005400000000001E-2,1300000,4.7405200000000002E-2]
["PRI","Puerto Rico",1994,15.1,0.30000019999999999,26445.3,3.1705900000000002E-2,1300000,3.5633000000000001E-3]
["PRI","Puerto Rico",1995,15.1,0,27393.8,3.5237299999999999E-2,1300000,5.6822000000000001E-3]
["PRI","Puerto Rico",1996,14.8,-0.30000019999999999,27715.9,1.1691999999999999E-2,1300000,3.8406999999999997E-2]
["PRI","Puerto Rico",1997,14.7,-0.1000004,28799.9,3.8366299999999999E-2,1400000,3.71381E-2]
["PRI","Puerto Rico",1998,14,-0.69999979999999995,30176.6,4.66928E-2,1400000,1.1929499999999999E-2]
["PRI","Puerto Rico",1999,14.6,0.60000039999999999,31008.1,2.7179700000000001E-2,1400000,8.4671999999999994E-3]
["PRI","Puerto Rico",2000,14.5,-0.1000004,32875.1,5.8468800000000001E-2,1400000,-2.1451999999999999E-2]
["PRI","Puerto Rico",2001,13.9,-0.60000039999999999,33296.800000000003,1.2746800000000001E-2,1400000,1.9081999999999998E-2]
["PRI","Puerto Rico",2002,14.9,1,33975.699999999997,2.0183599999999999E-2,1400000,1.7973300000000001E-2]
["PRI","Puerto Rico",2003,14.2,-0.69999979999999995,34749.300000000003,2.2514300000000001E-2,1400000,1.7221299999999998E-2]
["PRI","Puerto Rico",2004,14.5,0.30000019999999999,35432.6,1.9471200000000001E-2,1400000,1.9770999999999999E-3]
["PRI","Puerto Rico",2005,14.6,0.1000004,34778.6,-1.8629099999999999E-2,1500000,2.7854799999999999E-2]
["PRI","Puerto Rico",2006,15,0.39999960000000001,34433.9,-9.9611000000000005E-3,1400000,-7.7127000000000003E-3]
["PRI","Puerto Rico",2007,15.4,0.39999960000000001,34233.5,-5.8355000000000004E-3,1400000,-2.9394300000000002E-2]
["PRI","Puerto Rico",2008,14.6,-0.79999920000000002,33799.9,-1.27478E-2,1400000,-2.91551E-2]
["PRI","Puerto Rico",2009,14.7,9.9999400000000002E-2,33321.199999999997,-1.42641E-2,1400000,3.8416000000000001E-3]
["PRI","Puerto Rico",2010,14.7,0,33354.699999999997,1.0061E-3,1300000,-6.8196300000000001E-2]
["PRI","Puerto Rico",2011,15.3,0.60000039999999999,33512.300000000003,4.7130999999999996E-3,1300000,-3.3144399999999997E-2]
["PRI","Puerto Rico",2012,15.6,0.30000019999999999,33933.4,1.24855E-2,1200000,-1.07987E-2]
["PRI","Puerto Rico",2013]
["PRT","Portugal",1990,28.799999,null,19281.400000000001,null,4800000]
["PRT","Portugal",1991,30.299999,1.5,20170.099999999999,4.5060200000000002E-2,4800000,1.8817199999999999E-2]
["PRT","Portugal",1992,25.6,-4.699999,20405.7,1.1612900000000001E-2,4700000,-2.87455E-2]
["PRT","Portugal",1993,25.799999,0.19999890000000001,19964.3,-2.18678E-2,4700000,2.8971000000000001E-3]
["PRT","Portugal",1994,27.299999,1.5,20102.8,6.9113000000000004E-3,4800000,1.2389300000000001E-2]
["PRT","Portugal",1995,27.700001,0.40000150000000001,20891.3,3.8474099999999997E-2,4800000,6.3000000000000003E-4]
["PRT","Portugal",1996,28.4,0.69999889999999998,21580.6,3.2461200000000003E-2,4900000,1.7759400000000002E-2]
["PRT","Portugal",1997,28.4,0,22431.200000000001,3.8661000000000001E-2,5000000,2.3418899999999999E-2]
["PRT","Portugal",1998,28.200001,-0.19999890000000001,23464.9,4.5053500000000003E-2,5100000,2.37495E-2]
["PRT","Portugal",1999,26.799999,-1.400002,24283,3.4267400000000003E-2,5200000,1.1508000000000001E-2]
["PRT","Portugal",2000,25.9,-0.89999960000000001,25057.1,3.1380699999999997E-2,5300000,2.1515300000000001E-2]
["PRT","Portugal",2001,27.799999,1.9,25372.3,1.25027E-2,5400000,2.1159500000000001E-2]
["PRT","Portugal",2002,27.4,-0.39999960000000001,25426.6,2.1381E-3,5400000,1.53283E-2]
["PRT","Portugal",2003,27.200001,-0.19999890000000001,25100.5,-1.2907E-2,5500000,5.6303000000000004E-3]
["PRT","Portugal",2004,25.9,-1.300001,25431.3,1.3091999999999999E-2,5500000,1.4650000000000001E-4]
["PRT","Portugal",2005,25.5,-0.39999960000000001,25580.9,5.8650999999999998E-3,5500000,1.06506E-2]
["PRT","Portugal",2006,24.5,-1,25904.7,1.25761E-2,5500000,8.8047999999999998E-3]
["PRT","Portugal",2007,24.5,0,26465.4,2.1414800000000001E-2,5600000,7.2042E-3]
["PRT","Portugal",2008,24,-0.5,26425,-1.5268E-3,5600000,1.0632E-3]
["PRT","Portugal",2009,23.700001,-0.29999920000000002,25632,-3.0467999999999999E-2,5500000,-8.8392000000000002E-3]
["PRT","Portugal",2010,22.799999,-0.90000150000000001,26116.400000000001,1.8719699999999999E-2,5600000,1.9562999999999998E-3]
["PRT","Portugal",2011,21.1,-1.699999,25827.8,-1.11132E-2,5500000,-1.1498100000000001E-2]
["PRT","Portugal",2012,21.700001,0.60000039999999999,25096.3,-2.8728500000000001E-2,5500000,-6.7866000000000003E-3]
["PRT","Portugal",2013]
["PRY","Paraguay",1990,31.9,null,6189.76,null,1800000]
["PRY","Paraguay",1991,32.099997999999999,0.19999890000000001,6243.5,8.6450999999999993E-3,1900000,3.2368800000000003E-2]
["PRY","Paraguay",1992,31.5,-0.59999849999999999,6192.39,-8.2216000000000008E-3,1900000,3.1866400000000003E-2]
["PRY","Paraguay",1993,31.5,0,6341.4,2.3778899999999999E-2,2000000,3.2949199999999998E-2]
["PRY","Paraguay",1994,38.099997999999999,6.5999980000000003,6521.61,2.8021799999999999E-2,2000000,3.4266600000000001E-2]
["PRY","Paraguay",1995,null,null,6806.77,4.2797099999999998E-2,2100000,3.7332299999999999E-2]
["PRY","Paraguay",1996,41.900002000000001,null,6759.25,-7.0066E-3,2100000,4.6800000000000001E-3]
["PRY","Paraguay",1997,53.599997999999999,11.7,6892.25,1.9487399999999998E-2,2100000,9.0629999999999997E-4]
["PRY","Paraguay",1998,54.200001,0.60000229999999999,6749.81,-2.0883599999999999E-2,2100000,1.7358E-3]
["PRY","Paraguay",1999,53.599997999999999,-0.60000229999999999,6518.37,-3.4891100000000001E-2,2200000,4.6916399999999997E-2]
["PRY","Paraguay",2000,null,null,6236.69,-4.4174199999999997E-2,2300000,4.2643399999999998E-2]
["PRY","Paraguay",2001,55.099997999999999,null,6059.67,-2.8794299999999998E-2,2400000,4.3485000000000003E-2]
["PRY","Paraguay",2002,57,1.900002,5937.94,-2.0293200000000001E-2,2400000,4.0468200000000003E-2]
["PRY","Paraguay",2003,55.900002000000001,-1.099998,6073.52,2.2576300000000001E-2,2500000,4.1115400000000003E-2]
["PRY","Paraguay",2004,57,1.099998,6198.88,2.04306E-2,2600000,4.1784799999999997E-2]
["PRY","Paraguay",2005,53.299999,-3.7000009999999999,6212.28,2.1591000000000002E-3,2700000,4.4558199999999999E-2]
["PRY","Paraguay",2006,53.700001,0.40000150000000001,6391.18,2.8389899999999999E-2,2700000,4.3155600000000002E-2]
["PRY","Paraguay",2007,51.900002000000001,-1.7999989999999999,6616.13,3.4592600000000001E-2,2800000,4.5931899999999998E-2]
["PRY","Paraguay",2008,49.5,-2.4000020000000002,6911.92,4.3736499999999998E-2,2900000,3.9701699999999999E-2]
["PRY","Paraguay",2009,51.700001,2.2000009999999999,6521.34,-5.8167499999999997E-2,3000000,6.5379099999999996E-2]
["PRY","Paraguay",2010,48.299999,-3.4000020000000002,7246.92,0.1054964,3000000,-7.1726999999999997E-3]
["PRY","Paraguay",2011,47.299999,-1,7431.06,2.5092099999999999E-2,3100000,4.1700800000000003E-2]
["PRY","Paraguay",2012,48.700001,1.400002,7215.48,-2.9439E-2,3200000,4.4239800000000003E-2]
["PRY","Paraguay",2013]
["RUS","Russian Federation",1992,8,null,15610,null,75000000]
["RUS","Russian Federation",1993,6.5,-1.5,14273.1,-8.9537599999999995E-2,73000000,-2.9273199999999999E-2]
["RUS","Russian Federation",1994,6.8000002000000004,0.30000019999999999,12494.5,-0.13309000000000001,70000000,-3.1738799999999998E-2]
["RUS","Russian Federation",1995,6.8000002000000004,0,11992.5,-4.1002299999999998E-2,70000000,1.3542999999999999E-3]
["RUS","Russian Federation",1996,6.3000002000000004,-0.5,11592.2,-3.3946999999999998E-2,70000000,-1.32751E-2]
["RUS","Russian Federation",1997,4.6999997999999996,-1.6,11789.2,1.6851399999999999E-2,68000000,-1.9255499999999998E-2]
["RUS","Russian Federation",1998,4.5999999000000003,-9.9999900000000003E-2,11195.2,-5.1702499999999998E-2,67000000,-9.3706999999999992E-3]
["RUS","Russian Federation",1999,10.9,6.3,11959.7,6.6060099999999997E-2,72000000,6.2455400000000001E-2]
["RUS","Russian Federation",2000,10.1,-0.79999920000000002,13156.2,9.5351199999999997E-2,73000000,8.0871999999999993E-3]
["RUS","Russian Federation",2001,8.1000004000000008,-2,13859.6,5.2081099999999998E-2,72000000,-1.50046E-2]
["RUS","Russian Federation",2002,7.8000002000000004,-0.30000019999999999,14582,5.0809899999999998E-2,73000000,1.33787E-2]
["RUS","Russian Federation",2003,7.4000000999999997,-0.40000010000000003,15721.7,7.52554E-2,74000000,1.9016000000000002E-2]
["RUS","Russian Federation",2004,7.5999999000000003,0.19999980000000001,16937.599999999999,7.44953E-2,75000000,9.5329000000000004E-3]
["RUS","Russian Federation",2005,7.8000002000000004,0.20000029999999999,18105.7,6.6689499999999999E-2,75000000,6.7131999999999999E-3]
["RUS","Russian Federation",2006,7.5999999000000003,-0.20000029999999999,19671.3,8.2931500000000005E-2,75000000,2.1020000000000001E-3]
["RUS","Russian Federation",2007,7.3000002000000004,-0.29999969999999998,21410.3,8.4714899999999996E-2,76000000,1.3541600000000001E-2]
["RUS","Russian Federation",2008,7.3000002000000004,0,22557.7,5.2205099999999997E-2,77000000,4.1305999999999999E-3]
["RUS","Russian Federation",2009,null,null,20799.400000000001,-8.1154799999999999E-2,76000000,-2.7499E-3]
["RUS","Russian Federation",2010,null,null,21663,4.0682799999999998E-2,76000000,-1.601E-3]
["RUS","Russian Federation",2011,null,null,22502.3,3.8012499999999998E-2,77000000,7.8125E-3]
["RUS","Russian Federation",2012,null,null,23184,2.9842400000000002E-2,77000000,2.0909000000000001E-3]
["RUS","Russian Federation",2013]
["SGP","Singapore",1991,14.3,null,35043,null,1600000]
["SGP","Singapore",1992,14.7,0.39999960000000001,36397,3.7911399999999998E-2,1700000,2.98421E-2]
["SGP","Singapore",1993,14.6,-9.9999400000000002E-2,39561.300000000003,8.3364499999999994E-2,1700000,1.6377200000000001E-2]
["SGP","Singapore",1994,14.7,9.9999400000000002E-2,42395.1,6.9181400000000004E-2,1700000,3.3314099999999999E-2]
["SGP","Singapore",1995,null,null,44119.3,3.9866400000000003E-2,1800000,1.77188E-2]
["SGP","Singapore",1996,15.5,null,45592.9,3.2854099999999997E-2,1900000,6.6516599999999995E-2]
["SGP","Singapore",1997,13.9,-1.6,47838.7,4.8083300000000002E-2,1900000,2.6112E-2]
["SGP","Singapore",1998,14.5,0.60000039999999999,45237,-5.5921600000000002E-2,2000000,3.6096999999999997E-2]
["SGP","Singapore",1999,15.6,1.1000000000000001,47657.9,5.21345E-2,2000000,2.5363799999999999E-2]
["SGP","Singapore",2000,null,null,51074.8,6.9242499999999998E-2,2100000,3.7015100000000002E-2]
["SGP","Singapore",2001,15.4,null,49141.9,-3.8579000000000002E-2,2100000,2.9809800000000001E-2]
["SGP","Singapore",2002,15.1,-0.29999920000000002,50740.9,3.2019600000000002E-2,2100000,1.4728E-3]
["SGP","Singapore",2003,14.9,-0.20000080000000001,53854.2,5.9548400000000001E-2,2100000,-1.11165E-2]
["SGP","Singapore",2004,15.6,0.70000079999999998,58054.5,7.5101899999999999E-2,2100000,2.4601499999999998E-2]
["SGP","Singapore",2005,null,null,60885.3,4.76093E-2,2200000,6.0775500000000003E-2]
["SGP","Singapore",2006,15.1,null,64097.8,5.1419300000000001E-2,2400000,7.58022E-2]
["SGP","Singapore",2007,15.3,0.19999980000000001,67028.3,4.4704399999999998E-2,2500000,7.6111399999999996E-2]
["SGP","Singapore",2008,15.1,-0.19999980000000001,64665.3,-3.5890600000000002E-2,2600000,0.10100530000000001]
["SGP","Singapore",2009,14.8,-0.30000019999999999,62250.2,-3.8063E-2,2700000,5.7642699999999998E-2]
["SGP","Singapore",2010,14.5,-0.30000019999999999,70197.2,0.1201477,2800000,5.1593100000000003E-2]
["SGP","Singapore",2011,15,0.5,72295.899999999994,2.9458000000000002E-2,2900000,5.4223100000000003E-2]
["SGP","Singapore",2012,15.3,0.30000019999999999,71474.899999999994,-1.1421199999999999E-2,3000000,7.1453000000000003E-2]
["SGP","Singapore",2013]
["SLV","El Salvador",1993,41.799999,null,5086.21,null,2100000]
["SLV","El Salvador",1994,44.5,2.7000009999999999,5317.54,4.4478400000000001E-2,2100000,3.4119099999999999E-2]
["SLV","El Salvador",1995,43.099997999999999,-1.400002,5588.51,4.97026E-2,2100000,3.3367000000000002E-3]
["SLV","El Salvador",1996,43.099997999999999,0,5626.34,6.7453000000000001E-3,2100000,-1.03981E-2]
["SLV","El Salvador",1997,42.599997999999999,-0.5,5816.69,3.3272700000000002E-2,2100000,8.9350000000000002E-3]
["SLV","El Salvador",1998,41.099997999999999,-1.5,5994.01,3.0029299999999998E-2,2200000,4.22149E-2]
["SLV","El Salvador",1999,39.700001,-1.3999980000000001,6165.41,2.81935E-2,2200000,1.7930000000000001E-3]
["SLV","El Salvador",2000,43.099997999999999,3.3999980000000001,6266.43,1.6253500000000001E-2,2200000,4.1629999999999998E-4]
["SLV","El Salvador",2001,43,-9.9998500000000004E-2,6345.3,1.25065E-2,2200000,9.9740000000000007E-4]
["SLV","El Salvador",2002,43.900002000000001,0.90000150000000001,6468.96,1.93014E-2,2200000,1.4273000000000001E-3]
["SLV","El Salvador",2003,41.400002000000001,-2.5,6594.64,1.9241299999999999E-2,2300000,3.8985100000000002E-2]
["SLV","El Salvador",2004,40,-1.400002,6693.44,1.4870599999999999E-2,2300000,-1.1781099999999999E-2]
["SLV","El Salvador",2005,43.200001,3.2000009999999999,6906.52,3.1338699999999997E-2,2300000,2.4647499999999999E-2]
["SLV","El Salvador",2006,39.799999,-3.4000020000000002,7148.27,3.4404799999999999E-2,2400000,2.79434E-2]
["SLV","El Salvador",2007,39.599997999999999,-0.20000080000000001,7390.91,3.33805E-2,2400000,2.3524E-2]
["SLV","El Salvador",2008,40.5,0.90000150000000001,7450.02,7.9650999999999993E-3,2500000,2.8709999999999999E-2]
["SLV","El Salvador",2009,50.200001,9.7000010000000003,7179.6,-3.6971999999999998E-2,2600000,2.5912999999999999E-2]
["SLV","El Salvador",2010,41.799999,-8.4000020000000006,7236.96,7.9574999999999993E-3,2600000,2.8901099999999999E-2]
["SLV","El Salvador",2011,41.700001,-9.9998500000000004E-2,7352.41,1.5826199999999999E-2,2700000,2.1655400000000002E-2]
["SLV","El Salvador",2012,41.799999,9.9998500000000004E-2,7445.3,1.25542E-2,2700000,2.4376700000000001E-2]
["SLV","El Salvador",2013]
["SVK","Slovak Republic",1994,6.3000002000000004,null,12359.2,null,2500000]
["SVK","Slovak Republic",1995,6.5,0.19999980000000001,13043.2,5.3865400000000001E-2,2500000,1.06193E-2]
["SVK","Slovak Republic",1996,6.4000000999999997,-9.9999900000000003E-2,13919.1,6.4993899999999993E-2,2500000,1.50641E-2]
["SVK","Slovak Republic",1997,6.3000002000000004,-9.9999900000000003E-2,14510.5,4.16107E-2,2500000,-4.7370000000000002E-4]
["SVK","Slovak Republic",1998,6.6999997999999996,0.39999960000000001,15123,4.1344600000000002E-2,2500000,7.6046999999999998E-3]
["SVK","Slovak Republic",1999,7.5999999000000003,0.90000009999999997,15113.3,-6.4280000000000001E-4,2600000,1.43777E-2]
["SVK","Slovak Republic",2000,7.9000000999999997,0.30000019999999999,15340.8,1.49441E-2,2600000,1.03077E-2]
["SVK","Slovak Republic",2001,8.5,0.59999990000000003,15904.1,3.6057499999999999E-2,2600000,1.5200699999999999E-2]
["SVK","Slovak Republic",2002,8.3000001999999995,-0.19999980000000001,16639,4.5173600000000001E-2,2600000,7.3519999999999998E-4]
["SVK","Slovak Republic",2003,9.5,1.2,17445,4.7303199999999997E-2,2700000,1.2647500000000001E-2]
["SVK","Slovak Republic",2004,12.1,2.6,18331,4.9544299999999999E-2,2700000,3.6683000000000002E-3]
["SVK","Slovak Republic",2005,12.5,0.39999960000000001,19549.099999999999,6.4333000000000001E-2,2700000,-5.8403999999999999E-3]
["SVK","Slovak Republic",2006,12.5,0,21179.599999999999,8.0108600000000002E-2,2700000,-3.1128000000000002E-3]
["SVK","Slovak Republic",2007,12.9,0.39999960000000001,23395.3,9.9498699999999995E-2,2700000,-1.2799999999999999E-5]
["SVK","Slovak Republic",2008,13.8,0.90000060000000004,24719.5,5.5054699999999998E-2,2700000,1.6341700000000001E-2]
["SVK","Slovak Republic",2009,15.7,1.9,23469.1,-5.1906599999999997E-2,2700000,-2.5887000000000002E-3]
["SVK","Slovak Republic",2010,16,0.30000019999999999,24428,4.0046699999999998E-2,2700000,5.2199000000000004E-3]
["SVK","Slovak Republic",2011,15.8,-0.19999980000000001,25128.400000000001,2.82688E-2,2700000,2.7057000000000001E-3]
["SVK","Slovak Republic",2012,15.4,-0.40000059999999998,25537.200000000001,1.6138099999999999E-2,2700000,1.1558799999999999E-2]
["SVK","Slovak Republic",2013]
["SVN","Slovenia",1993,15.4,null,16351.8,null,853182]
["SVN","Slovenia",1994,17.600000000000001,2.2000009999999999,17242.8,5.3061499999999998E-2,945333,0.1080086]
["SVN","Slovenia",1995,16.899999999999999,-0.70000079999999998,17867.099999999999,3.5562499999999997E-2,959980,1.7168200000000002E-2]
["SVN","Slovenia",1996,16.899999999999999,0,18530.400000000001,3.64523E-2,942522,-2.0462399999999999E-2]
["SVN","Slovenia",1997,18.700001,1.800001,19475.2,4.9728399999999999E-2,960003,2.0489500000000001E-2]
["SVN","Slovenia",1998,19.200001,0.5,20203.7,3.6727000000000003E-2,979778,2.3177099999999999E-2]
["SVN","Slovenia",1999,18.5,-0.70000079999999998,21264.5,5.1172299999999997E-2,965827,-1.6350900000000002E-2]
["SVN","Slovenia",2000,16.100000000000001,-2.4,22106,3.8809799999999998E-2,960314,-6.4625999999999998E-3]
["SVN","Slovenia",2001,17.100000000000001,1,22720,2.73972E-2,969987,1.1338000000000001E-2]
["SVN","Slovenia",2002,16.299999,-0.80000110000000002,23560.3,3.6315899999999998E-2,974055,4.7678E-3]
["SVN","Slovenia",2003,14,-2.2999990000000001,24236,2.82764E-2,963442,-1.24384E-2]
["SVN","Slovenia",2004,15.6,1.6,25286.6,4.2435599999999997E-2,1000000,5.4778E-2]
["SVN","Slovenia",2005,15.1,-0.5,26254.400000000001,3.7558599999999998E-2,1000000,7.1999000000000004E-3]
["SVN","Slovenia",2006,16.200001,1.1000000000000001,27701.599999999999,5.3658499999999998E-2,1000000,7.8762999999999993E-3]
["SVN","Slovenia",2007,15.9,-0.30000110000000002,29439.7,6.0852099999999999E-2,1000000,1.7951399999999999E-2]
["SVN","Slovenia",2008,14.1,-1.7999989999999999,30448.2,3.3682799999999999E-2,1000000,-3.9604000000000002E-3]
["SVN","Slovenia",2009,16.200001,2.1,27757.9,-9.2506400000000003E-2,1000000,1.06909E-2]
["SVN","Slovenia",2010,17.299999,1.099998,28018.400000000001,9.3402999999999993E-3,1000000,5.5999999999999995E-4]
["SVN","Slovenia",2011,16.799999,-0.5,28155.9,4.8989999999999997E-3,1000000,-2.3163199999999998E-2]
["SVN","Slovenia",2012,16.200001,-0.59999849999999999,27394.400000000001,-2.7418100000000001E-2,1000000,-4.7882999999999997E-3]
["SVN","Slovenia",2013]
["SWE","Sweden",1990,9.1999998000000005,null,29427.5,null,4700000]
["SWE","Sweden",1991,9.1000004000000008,-9.9999400000000002E-2,28892.6,-1.8342000000000001E-2,4700000,-1.0934E-3]
["SWE","Sweden",1992,9.8000001999999995,0.69999979999999995,28390.9,-1.7519E-2,4600000,-1.7913700000000001E-2]
["SWE","Sweden",1993,10.8,1,27643.4,-2.66809E-2,4500000,-1.9821100000000001E-2]
["SWE","Sweden",1994,11.1,0.30000019999999999,28549,3.2235100000000003E-2,4500000,-6.1250000000000002E-3]
["SWE","Sweden",1995,12.3,1.2,29518.1,3.33824E-2,4500000,8.1744999999999995E-3]
["SWE","Sweden",1996,12.2,-0.1000004,29946.3,1.4402399999999999E-2,4500000,2.65E-3]
["SWE","Sweden",1997,11.8,-0.39999960000000001,30739.8,2.6150699999999999E-2,4500000,-1.27332E-2]
["SWE","Sweden",1998,11.4,-0.40000059999999998,32014.6,4.06351E-2,4400000,-5.9080000000000001E-3]
["SWE","Sweden",1999,11.5,0.1000004,33480.300000000003,4.47655E-2,4500000,7.0391999999999998E-3]
["SWE","Sweden",2000,11.1,-0.39999960000000001,34914.800000000003,4.1953999999999998E-2,4600000,1.7361399999999999E-2]
["SWE","Sweden",2001,10.7,-0.40000059999999998,35260.800000000003,9.8591000000000008E-3,4600000,6.2716999999999998E-3]
["SWE","Sweden",2002,10.7,0,36019,2.12765E-2,4600000,5.4796999999999997E-3]
["SWE","Sweden",2003,10.4,-0.30000019999999999,36723.4,1.9367200000000001E-2,4600000,4.5577999999999999E-3]
["SWE","Sweden",2004,10.5,0.1000004,38128.300000000003,3.7543300000000002E-2,4600000,1.7914999999999999E-3]
["SWE","Sweden",2005,10.6,0.1000004,39176.5,2.7119600000000001E-2,4800000,2.42531E-2]
["SWE","Sweden",2006,10.7,9.9999400000000002E-2,40630.800000000003,3.64494E-2,4800000,1.1942400000000001E-2]
["SWE","Sweden",2007,10.6,-9.9999400000000002E-2,41667.300000000003,2.5189400000000001E-2,4900000,1.23296E-2]
["SWE","Sweden",2008,10.4,-0.20000080000000001,41090.300000000003,-1.39437E-2,4900000,1.08422E-2]
["SWE","Sweden",2009,10.7,0.30000019999999999,38693.4,-6.0104400000000002E-2,4900000,2.5500000000000002E-3]
["SWE","Sweden",2010,10.9,0.19999980000000001,40880.400000000001,5.49831E-2,5000000,9.6503000000000005E-3]
["SWE","Sweden",2011,10.4,-0.5,41762.699999999997,2.1352800000000002E-2,5000000,1.40749E-2]
["SWE","Sweden",2012,10.4,0,41839.699999999997,1.8415E-3,5100000,9.4774999999999998E-3]
["SWE","Sweden",2013]
["THA","Thailand",1990,71.599997999999999,null,6368.78,null,32000000]
["THA","Thailand",1991,69.300003000000004,-2.299995,6841.1,7.1540800000000002E-2,32000000,-2.2312E-3]
["THA","Thailand",1992,68.800003000000004,-0.5,7332.97,6.9431300000000001E-2,32000000,-7.62E-3]
["THA","Thailand",1993,65.699996999999996,-3.100006,7882.16,7.2221800000000003E-2,31000000,-1.13682E-2]
["THA","Thailand",1994,65.199996999999996,-0.5,8528.64,7.8826900000000005E-2,31000000,-1.2988899999999999E-2]
["THA","Thailand",1995,64.300003000000004,-0.89999390000000001,9238.6299999999992,7.9963699999999999E-2,32000000,2.0010099999999999E-2]
["THA","Thailand",1996,62.299999,-2.0000040000000001,9688.86,4.7583599999999997E-2,32000000,2.2522899999999998E-2]
["THA","Thailand",1997,62.299999,0,9453.64,-2.4576199999999999E-2,33000000,2.31408E-2]
["THA","Thailand",1998,63.5,1.2000010000000001,8363.3700000000008,-0.1225386,33000000,5.9347000000000002E-3]
["THA","Thailand",1999,61.700001,-1.7999989999999999,8633.27,3.1761200000000003E-2,34000000,3.6817E-3]
["THA","Thailand",2000,60.400002000000001,-1.2999989999999999,8938.8799999999992,3.4787199999999997E-2,34000000,2.8385899999999999E-2]
["THA","Thailand",2001,59.599997999999999,-0.80000309999999997,9027.5300000000007,9.8677000000000001E-3,35000000,2.4454799999999999E-2]
["THA","Thailand",2002,60,0.40000150000000001,9398.9599999999991,4.03214E-2,36000000,1.6030599999999999E-2]
["THA","Thailand",2003,59.5,-0.5,9962.23,5.8200799999999997E-2,36000000,1.34053E-2]
["THA","Thailand",2004,56.200001,-3.2999990000000001,10496.7,5.2263299999999999E-2,37000000,2.1739000000000001E-2]
["THA","Thailand",2005,56.299999,9.9998500000000004E-2,10901,3.77913E-2,37000000,1.62706E-2]
["THA","Thailand",2006,56.299999,0,11399.8,4.4737800000000001E-2,37000000,2.5463E-3]
["THA","Thailand",2007,56.400002000000001,0.1000023,11939.8,4.6287500000000002E-2,38000000,2.5581699999999999E-2]
["THA","Thailand",2008,56.799999,0.39999770000000001,12216.4,2.2899599999999999E-2,39000000,1.0289100000000001E-2]
["THA","Thailand",2009,55.299999,-1.5,11915.2,-2.4962399999999999E-2,39000000,1.3680000000000001E-3]
["THA","Thailand",2010,55.599997999999999,0.29999920000000002,12821.7,7.3320399999999994E-2,39000000,4.0398999999999999E-3]
["THA","Thailand",2011,56,0.40000150000000001,12798,-1.8462999999999999E-3,39000000,1.02072E-2]
["THA","Thailand",2012,56.299999,0.29999920000000002,13586.1,5.9754399999999999E-2,39000000,9.7543000000000005E-3]
["THA","Thailand",2013]
["TTO","Trinidad and Tobago",1990,24.9,null,13464,null,464207]
["TTO","Trinidad and Tobago",1991,23.200001,-1.699999,13735.2,1.99375E-2,453413,-2.3250900000000001E-2]
["TTO","Trinidad and Tobago",1992,24.200001,1,13426.2,-2.27528E-2,474267,4.4922700000000003E-2]
["TTO","Trinidad and Tobago",1993,25.299999,1.099998,13158,-2.01759E-2,491785,3.7738000000000001E-2]
["TTO","Trinidad and Tobago",1994,24.9,-0.39999960000000001,13562.3,3.0265799999999999E-2,508394,3.5779100000000001E-2]
["TTO","Trinidad and Tobago",1995,24.700001,-0.19999890000000001,14046.1,3.5046599999999997E-2,523164,3.18178E-2]
["TTO","Trinidad and Tobago",1996,23.5,-1.2000010000000001,14561.4,3.6030800000000002E-2,538639,3.3336900000000003E-2]
["TTO","Trinidad and Tobago",1997,23,-0.5,14927.8,2.4849900000000001E-2,549398,2.3176800000000001E-2]
["TTO","Trinidad and Tobago",1998,22,-1,16063.7,7.3341400000000001E-2,559614,2.20085E-2]
["TTO","Trinidad and Tobago",1999,22.6,0.60000039999999999,16739.099999999999,4.11797E-2,568137,1.83603E-2]
["TTO","Trinidad and Tobago",2000,22.4,-0.20000080000000001,17721,5.7005899999999998E-2,577538,2.0250199999999999E-2]
["TTO","Trinidad and Tobago",2001,22.799999,0.39999960000000001,18383.3,3.6692599999999999E-2,586858,2.00789E-2]
["TTO","Trinidad and Tobago",2002,21.799999,-1,19772.900000000001,7.2870299999999999E-2,596999,2.1845900000000001E-2]
["TTO","Trinidad and Tobago",2003,21.200001,-0.59999849999999999,22518.6,0.1300268,616681,4.23971E-2]
["TTO","Trinidad and Tobago",2004,20.299999,-0.90000150000000001,24174.9,7.0975300000000005E-2,636027,4.1676199999999997E-2]
["TTO","Trinidad and Tobago",2005,20.100000000000001,-0.19999890000000001,25439.3,5.0981499999999999E-2,655817,4.26314E-2]
["TTO","Trinidad and Tobago",2006,null,null,28790.3,0.12374309999999999,661620,1.2500900000000001E-2]
["TTO","Trinidad and Tobago",2007,null,null,30008,4.1424799999999998E-2,664413,6.0166000000000004E-3]
["TTO","Trinidad and Tobago",2008,null,null,30874.799999999999,2.8474800000000001E-2,669386,1.07143E-2]
["TTO","Trinidad and Tobago",2009,null,null,29383.4,-4.9510999999999999E-2,665173,-9.0754000000000008E-3]
["TTO","Trinidad and Tobago",2010,null,null,29321,-2.1237999999999999E-3,671730,1.41253E-2]
["TTO","Trinidad and Tobago",2011,null,null,28743.3,-1.9899400000000001E-2,675468,8.0510000000000009E-3]
["TTO","Trinidad and Tobago",2012,null,null,29085.8,1.18456E-2,678521,6.5770999999999998E-3]
["TTO","Trinidad and Tobago",2013]
["TUR","Turkey",1990,61,null,10723.6,null,20000000]
["TUR","Turkey",1991,62,1,10620.6,-9.6568999999999995E-3,20000000,1.8640899999999998E-2]
["TUR","Turkey",1992,60.299999,-1.7000010000000001,10974.7,3.28016E-2,20000000,7.6495E-3]
["TUR","Turkey",1993,57.799999,-2.5,11627.4,5.7767899999999997E-2,19000000,-4.79493E-2]
["TUR","Turkey",1994,59.099997999999999,1.2999989999999999,10911.4,-6.3557600000000006E-2,21000000,7.3312799999999997E-2]
["TUR","Turkey",1995,58.5,-0.59999849999999999,11588.2,6.0180699999999997E-2,21000000,1.4114399999999999E-2]
["TUR","Turkey",1996,57.200001,-1.2999989999999999,12250.7,5.5600200000000002E-2,21000000,1.7866099999999999E-2]
["TUR","Turkey",1997,55.400002000000001,-1.7999989999999999,12976,5.7519899999999999E-2,21000000,-1.1697999999999999E-3]
["TUR","Turkey",1998,54.799999,-0.60000229999999999,13072.9,7.4377000000000002E-3,22000000,2.7622799999999999E-2]
["TUR","Turkey",1999,55.700001,0.90000150000000001,12443.1,-4.9377400000000002E-2,22000000,2.3254799999999999E-2]
["TUR","Turkey",2000,51.400002000000001,-4.2999989999999997,13090.3,5.0706899999999999E-2,21000000,-3.9787099999999999E-2]
["TUR","Turkey",2001,52.799999,1.3999980000000001,12166.2,-7.3210700000000004E-2,22000000,1.899E-2]
["TUR","Turkey",2002,50.200001,-2.5999979999999998,12732.9,4.5532200000000002E-2,22000000,1.6248100000000001E-2]
["TUR","Turkey",2003,49.400002000000001,-0.79999920000000002,13217.2,3.7324900000000001E-2,22000000,-8.1227999999999995E-3]
["TUR","Turkey",2004,49.200001,-0.20000080000000001,14258.5,7.5833300000000006E-2,22000000,-2.3094000000000001E-3]
["TUR","Turkey",2005,45.799999,-3.4000020000000002,15251.7,6.7336999999999994E-2,22000000,2.3762800000000001E-2]
["TUR","Turkey",2006,41.099997999999999,-4.7000010000000003,16093.2,5.3708100000000002E-2,23000000,1.5961400000000001E-2]
["TUR","Turkey",2007,39.5,-1.599998,16633.599999999999,3.3028599999999998E-2,23000000,2.06251E-2]
["TUR","Turkey",2008,39,-0.5,16536.900000000001,-5.8317000000000004E-3,24000000,3.6243400000000002E-2]
["TUR","Turkey",2009,40,1,15545,-6.1856300000000003E-2,25000000,5.0337199999999999E-2]
["TUR","Turkey",2010,39.099997999999999,-0.90000150000000001,16757.5,7.5111399999999995E-2,26000000,4.6417100000000003E-2]
["TUR","Turkey",2011,38.299999,-0.79999920000000002,17997.8,7.1402499999999994E-2,27000000,5.0626299999999999E-2]
["TUR","Turkey",2012,37.099997999999999,-1.2000010000000001,18167.5,9.3813000000000004E-3,27000000,2.12649E-2]
["TUR","Turkey",2013]
["UKR","Ukraine",1995,10.4,null,5080.74,null,25000000]
["UKR","Ukraine",1996,11,0.60000039999999999,4613.43,-9.6486100000000005E-2,25000000,-9.7265000000000008E-3]
["UKR","Ukraine",1997,16.299999,5.2999989999999997,4515.9799999999996,-2.1347999999999999E-2,24000000,-1.2367299999999999E-2]
["UKR","Ukraine",1998,17.700001,1.400002,4469.95,-1.0245300000000001E-2,24000000,-9.8960999999999997E-3]
["UKR","Ukraine",1999,8.8000001999999995,-8.9000009999999996,4503.2700000000004,7.4272000000000001E-3,24000000,-1.1645600000000001E-2]
["UKR","Ukraine",2000,10.1,1.3,4817.21,6.7390400000000003E-2,24000000,-1.21472E-2]
["UKR","Ukraine",2001,10.9,0.79999920000000002,5313.56,9.8066299999999995E-2,23000000,-1.2110299999999999E-2]
["UKR","Ukraine",2002,12.2,1.3,5645.68,6.0629799999999998E-2,23000000,-7.224E-4]
["UKR","Ukraine",2003,12.5,0.30000019999999999,6226.7,9.7954799999999995E-2,23000000,-4.2731999999999996E-3]
["UKR","Ukraine",2004,16.399999999999999,3.9,7033.29,0.1218071,23000000,3.6069999999999999E-4]
["UKR","Ukraine",2005,18.200001,1.800001,7276.31,3.3969899999999997E-2,23000000,7.6990000000000001E-3]
["UKR","Ukraine",2006,19,0.79999920000000002,7860.44,7.7219999999999997E-2,23000000,-9.4140000000000001E-4]
["UKR","Ukraine",2007,19.299999,0.29999920000000002,8532.19,8.2002599999999995E-2,23000000,-1.2959E-3]
["UKR","Ukraine",2008,18,-1.2999989999999999,8775.82,2.8153399999999999E-2,23000000,-1.8468E-3]
["UKR","Ukraine",2009,18.5,0.5,7510.26,-0.15572929999999999,23000000,-1.9147000000000001E-3]
["UKR","Ukraine",2010,null,null,7856.85,4.5115500000000003E-2,23000000,-7.7740000000000003E-4]
["UKR","Ukraine",2011,19.299999,null,8295.17,5.42879E-2,23000000,2.8370000000000001E-4]
["UKR","Ukraine",2012,18.799999,-0.5,8332.32,4.4688999999999996E-3,23000000,-1.0801999999999999E-3]
["UKR","Ukraine",2013]
["USA","United States",1990,8.8000001999999995,null,36981.699999999997,null,130000000]
["USA","United States",1991,9,0.19999980000000001,36464.300000000003,-1.4089600000000001E-2,130000000,5.0220000000000004E-3]
["USA","United States",1992,8.6999998000000005,-0.30000019999999999,37240.6,2.1066700000000001E-2,130000000,1.7996399999999999E-2]
["USA","United States",1993,8.8000001999999995,0.1000004,37761.699999999997,1.38931E-2,130000000,1.1366599999999999E-2]
["USA","United States",1994,8.8000001999999995,0,38807.1,2.7308499999999999E-2,130000000,1.8867499999999999E-2]
["USA","United States",1995,8.5,-0.30000019999999999,39390.199999999997,1.49155E-2,140000000,1.43702E-2]
["USA","United States",1996,8.3999995999999992,-0.1000004,40412.5,2.5621399999999999E-2,140000000,1.6421700000000001E-2]
["USA","United States",1997,8.1999998000000005,-0.19999980000000001,41720.699999999997,3.1857499999999997E-2,140000000,1.9253699999999999E-2]
["USA","United States",1998,7.9000000999999997,-0.29999969999999998,43072.1,3.1879400000000002E-2,140000000,1.6172300000000001E-2]
["USA","United States",1999,7.6999997999999996,-0.20000029999999999,44644,3.5843800000000002E-2,150000000,1.47882E-2]
["USA","United States",2000,7.4000000999999997,-0.29999969999999998,45956,2.8964E-2,150000000,1.4770999999999999E-2]
["USA","United States",2001,7.4000000999999997,0,45935.1,-4.549E-4,150000000,8.4559000000000006E-3]
["USA","United States",2002,7.1999997999999996,-0.20000029999999999,46319.199999999997,8.3274999999999998E-3,150000000,6.1735000000000002E-3]
["USA","United States",2003,7.5999999000000003,0.40000010000000003,47204.5,1.8932299999999999E-2,150000000,5.4494000000000001E-3]
["USA","United States",2004,7.5999999000000003,0,48546,2.8021799999999999E-2,150000000,7.9958000000000008E-3]
["USA","United States",2005,7.5,-9.9999900000000003E-2,49712.5,2.37465E-2,150000000,1.5207200000000001E-2]
["USA","United States",2006,7.4000000999999997,-9.9999900000000003E-2,50548.4,1.66731E-2,150000000,1.5760099999999999E-2]
["USA","United States",2007,7.1999997999999996,-0.20000029999999999,50966.1,8.2302E-3,160000000,1.0011900000000001E-2]
["USA","United States",2008,7,-0.19999980000000001,50339.7,-1.23663E-2,160000000,1.3652600000000001E-2]
["USA","United States",2009,7.0999999000000003,9.9999900000000003E-2,48501.9,-3.7190399999999998E-2,160000000,1.2897E-3]
["USA","United States",2010,7,-9.9999900000000003E-2,49307.4,1.6469999999999999E-2,160000000,-3.4072E-3]
["USA","United States",2011,6.8000002000000004,-0.19999980000000001,49853.7,1.10188E-2,160000000,8.9240000000000001E-4]
["USA","United States",2012,null,null,50859.4,1.9972799999999999E-2,160000000,8.7351000000000008E-3]
["USA","United States",2013]
["VEN","Venezuela, RB",1994,38.299999,null,15124.1,null,8100000]
["VEN","Venezuela, RB",1995,37.900002000000001,-0.39999770000000001,15390.4,1.7458000000000001E-2,8700000,7.0349599999999998E-2]
["VEN","Venezuela, RB",1996,38.700001,0.79999920000000002,15043.6,-2.27966E-2,9200000,5.8669399999999997E-2]
["VEN","Venezuela, RB",1997,36.099997999999999,-2.6000019999999999,15679.9,4.1429500000000001E-2,9600000,5.5053199999999997E-2]
["VEN","Venezuela, RB",1998,39.599997999999999,3.5,15416.3,-1.6956300000000001E-2,10000000,5.1097499999999997E-2]
["VEN","Venezuela, RB",1999,40.799999,1.2000010000000001,14216,-8.1057500000000005E-2,10000000,4.4907700000000002E-2]
["VEN","Venezuela, RB",2000,42,1.2000010000000001,14460.8,1.7073600000000001E-2,11000000,2.42759E-2]
["VEN","Venezuela, RB",2001,41,-1,14673.3,1.45912E-2,11000000,7.5419399999999998E-2]
["VEN","Venezuela, RB",2002,39.900002000000001,-1.099998,13129.4,-0.1111784,12000000,6.7611000000000004E-2]
["VEN","Venezuela, RB",2003,40.400002000000001,0.5,11893.5,-9.8858799999999997E-2,12000000,1.7968399999999999E-2]
["VEN","Venezuela, RB",2004,37.900002000000001,-2.5,13819.8,0.1501093,12000000,1.91915E-2]
["VEN","Venezuela, RB",2005,36.099997999999999,-1.800003,14980.7,8.0660800000000005E-2,12000000,1.5832700000000002E-2]
["VEN","Venezuela, RB",2006,34.900002000000001,-1.199997,16178.2,7.6898599999999998E-2,12000000,1.4543800000000001E-2]
["VEN","Venezuela, RB",2007,34,-0.90000150000000001,17298.5,6.6955600000000004E-2,12000000,2.0377599999999999E-2]
["VEN","Venezuela, RB",2008,34.599997999999999,0.59999849999999999,17910.7,3.4780499999999999E-2,13000000,4.1201500000000002E-2]
["VEN","Venezuela, RB",2009,41.599997999999999,7,17056.5,-4.8868200000000001E-2,13000000,3.1437800000000002E-2]
["VEN","Venezuela, RB",2010,43,1.400002,16536.3,-3.0973400000000002E-2,13000000,2.6139599999999999E-2]
["VEN","Venezuela, RB",2011,42.799999,-0.20000080000000001,16959.8,2.5291399999999999E-2,14000000,3.3358699999999998E-2]
["VEN","Venezuela, RB",2012,41.599997999999999,-1.2000010000000001,17642.400000000001,3.9456400000000003E-2,14000000,3.5776299999999997E-2]
["VEN","Venezuela, RB",2013]

{"sheet":"Data Figure 6","index":17,"n_rows":97,"n_cols":31,"rows_kept":97,"cut":false,"hidden":false,"merged":[]}
[null,"selfemp","employee","employer","fsize_sml","fsize_med","fsize_lrg","fsize_num","frml_registr","frml_account","frml_pension","inc","inc_emplr","inc_empee","inc_selfemp",null,null,null,null,null,null,null,null,null,null,"inc","inc_emplr",null,"inc_empee","inc_selfemp","gdppc_const05usd"]
["year","Self-employed","Employees","Employers","Small firms [1-99 employees]","Medium firms [100-499 employees]","Large firms [500+ employees]","Average firm size","Working population in formally registered firms or self-employment","Working population in firms or self-employment with formal accounting","Working population affiliated with pension system","Total annual income","Total annual income, employers","Total annual income, employees","Total annual income, self-employed","GDP per capita, PPP (constant 2005 international $)","Foreign direct investment, net inflows (% of GDP)","Agriculture, value added (% of GDP)","Industry, value added (% of GDP)","Services, etc., value added (% of GDP)","Total natural resources rents (% of GDP)","Manufacturing, value added (% of GDP)","GDP in current PEN","GDP in constant 2005 USD","exchange: 2005 USD / current LCU","Total annual income","Total annual income, employers","year","Total annual income, employees","Total annual income, self-employed","GDP per capita"]
[1998,0.51161116361617998,0.348208338022232,0.140180483460426,0.92764067649841297,3.8682661950588199E-2,3.3676650375127799E-2,103.065422058105,null,null,null,7012.146484375,12962.0732421875,7058.20654296875,5047.99853515625,5474.0514088542895,2.8967409100089801E-2,8.9775548503084793E-2,0.29693374211756901,0.61329070937934604,1.1017867322059999E-2,0.15732286275593999,166300000000,62230000000,0.37425330000000001,{"$f":"L3*$Y3","v":2624.3189618607421},4851.0986857303715,1998,{"$f":"N3*$Y3","v":2641.5570907876468},{"$f":"O3*$Y3","v":1889.2301101773926},2468.8462]
[1999,0.5264533162117,0.37342333793640098,0.100123360753059,0.944835186004639,0,5.5164810270071002E-2,37.159801483154297,null,null,4.75113019347191E-2,6194.6396484375,6891.1005859375,7308.91650390625,5172.9033203125,5436.80999192939,3.76631151007236E-2,8.7562360537043513E-2,0.295551817415523,0.61688582204743303,1.543815398957E-2,0.15347338264708699,174400000000,62800000000,0.36005090000000001,2230.3855805956055,2481.1469679573243,{"$f":"AB3+1","v":1999},2631.5819652562991,1862.508496091504,2452.0500000000002]
[2000,0.58932882547378496,0.30874675512313798,0.101924434304237,0.94821178913116499,0,5.1788203418254901E-2,183.86972045898401,null,null,9.8368376493453993E-2,6747.1435546875,11555.4052734375,8427.0673828125,4769.30517578125,5513.5717792593196,1.5194048217715901E-2,8.4991609467767001E-2,0.29894080529686201,0.61606758523537097,2.5756331029100001E-2,0.15809599691771301,186100000000,64650000000,0.3473367,2343.530576711426,4013.6163348383789,{"$f":"AB4+1","v":2000},2927.0297754237304,1656.5547210487794,2486.6702]
[2001,0.55274134874343905,0.30267238616943398,0.14458630979061099,0.91281992197036699,5.4315850138664197E-2,3.28641980886459E-2,62.0310249328613,null,null,0.110260061919689,6868.74755859375,10701.35546875,7268.666015625,5474.05712890625,5447.4221100246295,2.1215237888527597E-2,8.2492495560306606E-2,0.29578790030674101,0.62171960413295202,1.8392422492600001E-2,0.16003356046658901,189200000000,64790000000,0.34243240000000003,2352.0817114833985,3664.4908364171879,2001,2489.0267485289064,1874.4945203884768,2456.8361]
[2002,0.66610270738601696,0.24326378107070901,9.0633504092693301E-2,0.89206534624099698,5.6154724210500703E-2,5.1779959350824398E-2,118.827827453613,0.12910278141498599,0.15352807939052601,6.2238916754722602E-2,6365.39599609375,9440.6767578125,7726.85888671875,5286.66845703125,5644.36750617488,3.7973366250448302E-2,7.8456582761417093E-2,0.30386130211900403,0.61768211511957904,1.686260719675E-2,0.16088658789673602,199600000000,68050000000,0.34082299999999999,2169.4733595766602,3217.5997746279295,2002,2633.4912263481442,1801.8182035307616,2545.6603]
[2003,0.689991354942322,0.22520622611045801,8.4802418947219904E-2,0.88533878326416005,5.43828755617142E-2,6.0278315097093603E-2,168.894119262695,0.115454256534576,0.14893595874309501,7.8140415251254994E-2,6338.16357421875,10401.9580078125,8508.91015625,4937.326171875,5797.4783423377403,2.1761668114142697E-2,7.6319265188632399E-2,0.30831133903273,0.61536939577863703,2.2403933265099998E-2,0.15694416525827401,213400000000,70790000000,0.33168130000000001,2102.2503339095215,3450.1349545766602,2003,2822.2463822082032,1637.6187632115234,2614.7145999999998]
[2004,0.66115480661392201,0.24366652965545699,9.5178678631782504E-2,0.87997871637344405,7.7257230877876296E-2,4.2764067649841302E-2,114.21623992919901,0.119281843304634,0.15568228065967599,0.117937974631786,6283.64697265625,10598.482421875,8343.623046875,4688.21875,6012.6014792264104,2.2933498177649198E-2,7.2885554221825397E-2,0.32979023982972999,0.59732420594844493,4.2532042771656203E-2,0.16334636913419298,237900000000,74310000000,0.31236439999999999,1962.7876164255858,3310.5886026195312,2004,2606.250806863281,1464.4326369124999,2711.7370999999998]
[2005,0.68547338247299205,0.22193233668804199,9.2594280838966397E-2,0.87528181076049805,6.8885773420333904E-2,5.5832438170909902E-2,152.70205688476599,0.11157751083374,0.15270595252513899,0.14532449841499301,5944.94482421875,9642.05859375,8506.5791015625,4478.66552734375,6349.0545937955803,3.2483680543836796E-2,7.2067788814674405E-2,0.34324497851133401,0.58468723267399103,6.7085578306059809E-2,0.16395727361388399,261700000000,79390000000,0.3033981,1803.6849642728027,2925.3822574324217,2005,2580.8799369137696,1358.8186115315918,2863.4805000000001]
[2006,0.66005712747573897,0.23601931333541901,0.10392352938652,0.87393409013748202,7.7573493123054504E-2,4.8492442816495902E-2,147.830154418945,0.115075215697289,0.15332740545272799,0.15475577116012601,6902.328125,10417.5185546875,10224.83203125,4944.7431640625,6765.4840710184699,3.7555666089806004E-2,6.9522718037869607E-2,0.37016763574397499,0.56030964621815504,0.13456464041765201,0.160121690167357,302300000000,85530000000,0.28297240000000001,1953.16835511875,2947.8702274644534,2006,2893.3452594796877,1399.2258405183595,3051.2939000000001]
[2007,0.60880607366561901,0.30976262688636802,8.1431284546852098E-2,0.86581110954284701,5.5682875216007198E-2,7.8505992889404297E-2,208.27619934082,0.175177812576294,0.22448292374610901,0.200610086321831,8901.5732421875,28198.791015625,9731.1865234375,5466.64404296875,7290.5351863092201,5.1205892562580596E-2,7.0082297416425895E-2,0.37069586688388706,0.55922183569968598,0.13860437962097899,0.15965208855270402,335500000000,93150000000,0.27761200000000003,2471.1835509101566,7828.3227714296881,2007,2701.4941531445315,1517.6059860566409,3288.0965999999999]
[2008,0.605266273021698,0.30696165561675998,8.7772056460380596E-2,0.83949226140975997,9.1143861413002E-2,6.9363884627819103E-2,300.87408447265602,0.18460138142108901,0.24490751326084101,0.207660362124443,9940.9658203125,24482.33984375,11705.138671875,6412.77099609375,7922.1596337014998,5.4593137688453398E-2,7.2352282408022897E-2,0.36243396760156399,0.56521374999041396,0.12361127507278401,0.15944564957306601,371100000000,102300000000,0.2756287,2740.0154857971679,6748.0355040910154,2008,3226.2721554486329,1767.5437330510254,3572.9648999999999]
[2009,0.60545247793197599,0.30392366647720298,9.0623855590820299E-2,0.85501432418823198,7.6098054647445706E-2,6.8887636065483093E-2,201.86996459960901,0.187287762761116,0.238295793533325,0.235848888754845,10794.580078125,28552.177734375,12348.87890625,6860.89208984375,7905.1856195640203,5.0665733187030895E-2,7.3213022191240706E-2,0.341231545679198,0.58555543212956007,9.1560896542031991E-2,0.14034948332952499,382300000000,103200000000,0.26982709999999999,2912.6702381982423,7704.1513167509765,2009,3332.0621835246093,1851.2546160154784,3565.3094999999998]
[2010,0.59443932771682695,0.31353807449340798,9.2022605240345001E-2,0.85910779237747203,5.73091395199299E-2,8.3583056926727295E-2,268.60552978515602,0.183683156967163,0.23964102566242201,0.245283022522926,11131.78515625,23704.935546875,13911.009765625,7128.5068359375,8501.2843359194703,5.5036790698388696E-2,6.77784805379823E-2,0.35937794386129901,0.57284357560071697,0.118942395163475,0.14449396832257,434500000000,112200000000,0.25820480000000001,2874.2803599125,6120.72814189375,2010,3591.8894943312503,1840.6146818718751,3834.1552999999999]
[]
[]
[]
[]
[]
[]
[]
[]
[]
[]
[]
[]
[]
[]
[]
[]
[]
[]
[]
[]
[]
[]
[]
[]
[]
[]
[]
[]
[]
[]
[]
[]
[]
[]
[]
[]
[]
[]
[]
[]
[]
[]
[]
[]
[]
[]
[]
[]
[]
[]
[]
[]
[]
[]
[]
[]
[]
[]
[]
[]
[]
[]
[]
[]
[]
[]
[]
[]
[]
[]
[]
[]
[]
[]
[]
[]
[]
[]
[]
[]
[]
[null,"E:\\Documents\\Dropbox\\InformalEconomy\\Informality_2013\\Peru\\Peru_informality_timeseries9810_formatted_11182013.xls"]